{"id":1098,"date":"2023-12-05T13:24:55","date_gmt":"2023-12-05T12:24:55","guid":{"rendered":"https:\/\/bicycool.pl\/?post_type=product&#038;p=1098"},"modified":"2025-12-08T12:22:40","modified_gmt":"2025-12-08T11:22:40","slug":"przerzutka-tyl-shimano-positron-6s-krotki-wozek","status":"publish","type":"product","link":"https:\/\/bicycool.pl\/?product=przerzutka-tyl-shimano-positron-6s-krotki-wozek","title":{"rendered":"Przerzutka ty\u0142 SHIMANO POSITRON 6s Kr\u00f3tki w\u00f3zek + Manetka"},"content":{"rendered":"<h3>Przerzutka ty\u0142 SHIMANO POSITRON<\/h3>\n<p>&nbsp;<\/p>\n<ul>\n<li><strong>Liczba bieg\u00f3w <\/strong>&#8211; 6s<\/li>\n<li><strong>Kr\u00f3tki w\u00f3zek<\/strong><\/li>\n<li><strong>U\u017cywana, pancerz nie pop\u0119kany<\/strong><\/li>\n<\/ul>\n<p>&nbsp;<\/p>\n<p>&nbsp;<\/p>\n","protected":false},"excerpt":{"rendered":"<p>Przerzutka ty\u0142 SHIMANO POSITRON &nbsp; Liczba bieg\u00f3w &#8211; 6s Kr\u00f3tki w\u00f3zek U\u017cywana, pancerz nie pop\u0119kany &nbsp; &nbsp;<\/p>\n","protected":false},"featured_media":0,"comment_status":"open","ping_status":"closed","template":"","meta":[],"product_brand":[],"product_cat":[28],"product_tag":[],"class_list":{"0":"post-1098","1":"product","2":"type-product","3":"status-publish","5":"product_cat-czesci-i-akcesoria-uzywane","6":"product_shipping_class-mala-paczka","8":"first","9":"instock","10":"shipping-taxable","11":"purchasable","12":"product-type-simple"},"_links":{"self":[{"href":"https:\/\/bicycool.pl\/index.php?rest_route=\/wp\/v2\/product\/1098","targetHints":{"allow":["GET"]}}],"collection":[{"href":"https:\/\/bicycool.pl\/index.php?rest_route=\/wp\/v2\/product"}],"about":[{"href":"https:\/\/bicycool.pl\/index.php?rest_route=\/wp\/v2\/types\/product"}],"replies":[{"embeddable":true,"href":"https:\/\/bicycool.pl\/index.php?rest_route=%2Fwp%2Fv2%2Fcomments&post=1098"}],"wp:attachment":[{"href":"https:\/\/bicycool.pl\/index.php?rest_route=%2Fwp%2Fv2%2Fmedia&parent=1098"}],"wp:term":[{"taxonomy":"product_brand","embeddable":true,"href":"https:\/\/bicycool.pl\/index.php?rest_route=%2Fwp%2Fv2%2Fproduct_brand&post=1098"},{"taxonomy":"product_cat","embeddable":true,"href":"https:\/\/bicycool.pl\/index.php?rest_route=%2Fwp%2Fv2%2Fproduct_cat&post=1098"},{"taxonomy":"product_tag","embeddable":true,"href":"https:\/\/bicycool.pl\/index.php?rest_route=%2Fwp%2Fv2%2Fproduct_tag&post=1098"}],"curies":[{"name":"wp","href":"https:\/\/api.w.org\/{rel}","templated":true}]}}