{"id":1173,"date":"2023-12-06T13:41:23","date_gmt":"2023-12-06T12:41:23","guid":{"rendered":"https:\/\/bicycool.pl\/?post_type=product&#038;p=1173"},"modified":"2023-12-06T13:48:24","modified_gmt":"2023-12-06T12:48:24","slug":"mechanizm-korbowy-szosowy-sunrace-fluid-drive-39-52t-170mm","status":"publish","type":"product","link":"https:\/\/bicycool.pl\/?product=mechanizm-korbowy-szosowy-sunrace-fluid-drive-39-52t-170mm","title":{"rendered":"Mechanizm korbowy szosowy SUNRACE Fluid drive 39\/52T 170mm"},"content":{"rendered":"<h3 class=\"Product_product-title__BALAQ\">Mechanizm korbowy SUNRACE Fluid drive<\/h3>\n<ul>\n<li><strong>D\u0142ugo\u015b\u0107 ramienia<\/strong>\u00a0 170mm<\/li>\n<li><strong>Stopniowanie<\/strong> 52\/39<\/li>\n<li><strong>Nap\u0119d<\/strong> 3&#215;7\/8s<\/li>\n<li><strong>Suport<\/strong> kwadrat\u00a0 (zalecana d\u0142ugo\u015b\u0107 osi:\u00a0107mm )<\/li>\n<li><strong>Rodzaj<\/strong> Szosa<\/li>\n<li><b>Fluid Drive <\/b>liczne przet\u0142oczenia i piny u\u0142atwiaj\u0105ce przenoszenie \u0142a\u0144cucha pomi\u0119dzy tarczami<\/li>\n<li><strong>Kompatybilna z przerzutkami i \u0142a\u0144cuchami<\/strong> Shimano oraz Sunrace<\/li>\n<li><strong>Stan<\/strong> U\u017cywany<\/li>\n<\/ul>\n","protected":false},"excerpt":{"rendered":"<p>Mechanizm korbowy SUNRACE Fluid drive D\u0142ugo\u015b\u0107 ramienia\u00a0 170mm Stopniowanie 52\/39 Nap\u0119d 3&#215;7\/8s Suport kwadrat\u00a0 (zalecana d\u0142ugo\u015b\u0107 osi:\u00a0107mm ) Rodzaj Szosa Fluid Drive liczne przet\u0142oczenia i piny u\u0142atwiaj\u0105ce przenoszenie \u0142a\u0144cucha pomi\u0119dzy tarczami Kompatybilna z przerzutkami i \u0142a\u0144cuchami Shimano oraz Sunrace Stan U\u017cywany<\/p>\n","protected":false},"featured_media":1175,"comment_status":"open","ping_status":"closed","template":"","meta":[],"product_brand":[],"product_cat":[28],"product_tag":[],"class_list":{"0":"post-1173","1":"product","2":"type-product","3":"status-publish","4":"has-post-thumbnail","6":"product_cat-czesci-i-akcesoria-uzywane","7":"product_shipping_class-mala-paczka","9":"first","10":"instock","11":"shipping-taxable","12":"purchasable","13":"product-type-simple"},"_links":{"self":[{"href":"https:\/\/bicycool.pl\/index.php?rest_route=\/wp\/v2\/product\/1173","targetHints":{"allow":["GET"]}}],"collection":[{"href":"https:\/\/bicycool.pl\/index.php?rest_route=\/wp\/v2\/product"}],"about":[{"href":"https:\/\/bicycool.pl\/index.php?rest_route=\/wp\/v2\/types\/product"}],"replies":[{"embeddable":true,"href":"https:\/\/bicycool.pl\/index.php?rest_route=%2Fwp%2Fv2%2Fcomments&post=1173"}],"wp:featuredmedia":[{"embeddable":true,"href":"https:\/\/bicycool.pl\/index.php?rest_route=\/wp\/v2\/media\/1175"}],"wp:attachment":[{"href":"https:\/\/bicycool.pl\/index.php?rest_route=%2Fwp%2Fv2%2Fmedia&parent=1173"}],"wp:term":[{"taxonomy":"product_brand","embeddable":true,"href":"https:\/\/bicycool.pl\/index.php?rest_route=%2Fwp%2Fv2%2Fproduct_brand&post=1173"},{"taxonomy":"product_cat","embeddable":true,"href":"https:\/\/bicycool.pl\/index.php?rest_route=%2Fwp%2Fv2%2Fproduct_cat&post=1173"},{"taxonomy":"product_tag","embeddable":true,"href":"https:\/\/bicycool.pl\/index.php?rest_route=%2Fwp%2Fv2%2Fproduct_tag&post=1173"}],"curies":[{"name":"wp","href":"https:\/\/api.w.org\/{rel}","templated":true}]}}