{"id":1379,"date":"2023-12-08T12:50:07","date_gmt":"2023-12-08T11:50:07","guid":{"rendered":"https:\/\/bicycool.pl\/?post_type=product&#038;p=1379"},"modified":"2023-12-08T12:52:37","modified_gmt":"2023-12-08T11:52:37","slug":"siodelko-selle-italia-xo-retro-mtb-2","status":"publish","type":"product","link":"https:\/\/bicycool.pl\/?product=siodelko-selle-italia-xo-retro-mtb-2","title":{"rendered":"Siode\u0142ko SELLE ITALIA XO Retro MTB"},"content":{"rendered":"<h3>Siod\u0142o SELLE ITALIA XO<\/h3>\n<ul>\n<li><strong>Kolor <\/strong>czarny<\/li>\n<li><strong>Przeznaczenie<\/strong> MTB<\/li>\n<li><strong>Wymiary <\/strong>szeroko\u015b\u0107 135mm,\u00a0 d\u0142ugo\u015b\u0107 270mm<\/li>\n<\/ul>\n<p>&nbsp;<\/p>\n<p>&nbsp;<\/p>\n","protected":false},"excerpt":{"rendered":"<p>Siod\u0142o SELLE ITALIA XO Kolor czarny Przeznaczenie MTB Wymiary szeroko\u015b\u0107 135mm,\u00a0 d\u0142ugo\u015b\u0107 270mm &nbsp; &nbsp;<\/p>\n","protected":false},"featured_media":1369,"comment_status":"open","ping_status":"closed","template":"","meta":[],"product_brand":[],"product_cat":[28],"product_tag":[],"class_list":{"0":"post-1379","1":"product","2":"type-product","3":"status-publish","4":"has-post-thumbnail","6":"product_cat-czesci-i-akcesoria-uzywane","7":"product_shipping_class-mala-paczka","9":"first","10":"instock","11":"shipping-taxable","12":"purchasable","13":"product-type-simple"},"_links":{"self":[{"href":"https:\/\/bicycool.pl\/index.php?rest_route=\/wp\/v2\/product\/1379","targetHints":{"allow":["GET"]}}],"collection":[{"href":"https:\/\/bicycool.pl\/index.php?rest_route=\/wp\/v2\/product"}],"about":[{"href":"https:\/\/bicycool.pl\/index.php?rest_route=\/wp\/v2\/types\/product"}],"replies":[{"embeddable":true,"href":"https:\/\/bicycool.pl\/index.php?rest_route=%2Fwp%2Fv2%2Fcomments&post=1379"}],"wp:featuredmedia":[{"embeddable":true,"href":"https:\/\/bicycool.pl\/index.php?rest_route=\/wp\/v2\/media\/1369"}],"wp:attachment":[{"href":"https:\/\/bicycool.pl\/index.php?rest_route=%2Fwp%2Fv2%2Fmedia&parent=1379"}],"wp:term":[{"taxonomy":"product_brand","embeddable":true,"href":"https:\/\/bicycool.pl\/index.php?rest_route=%2Fwp%2Fv2%2Fproduct_brand&post=1379"},{"taxonomy":"product_cat","embeddable":true,"href":"https:\/\/bicycool.pl\/index.php?rest_route=%2Fwp%2Fv2%2Fproduct_cat&post=1379"},{"taxonomy":"product_tag","embeddable":true,"href":"https:\/\/bicycool.pl\/index.php?rest_route=%2Fwp%2Fv2%2Fproduct_tag&post=1379"}],"curies":[{"name":"wp","href":"https:\/\/api.w.org\/{rel}","templated":true}]}}