{"id":1480,"date":"2023-12-11T13:32:44","date_gmt":"2023-12-11T12:32:44","guid":{"rendered":"https:\/\/bicycool.pl\/?post_type=product&#038;p=1480"},"modified":"2023-12-11T13:36:40","modified_gmt":"2023-12-11T12:36:40","slug":"sakwa-torba-na-kierownice-force","status":"publish","type":"product","link":"https:\/\/bicycool.pl\/?product=sakwa-torba-na-kierownice-force","title":{"rendered":"Sakwa, torba na kierownice FORCE"},"content":{"rendered":"<h3>Torba na kierownice FORCE<\/h3>\n<p>Praktyczna torba na kierownic\u0119 z \u0142atwym zapinaniem na rzep to idealne rozwi\u0105zanie na podr\u00f3\u017cne niezb\u0119dniki. Wewn\u0119trzny karabinek na klucze zapewni porz\u0105dek, a odblaskowe detale zwi\u0119ksz\u0105 bezpiecze\u0144stwo. Wymiary 13 x 13 x 5 cm sprawiaj\u0105, \u017ce mie\u015bci si\u0119 doskonale, oferuj\u0105c miejsce na klucze, telefon czy inne drobiazgi. Wygodna i stylowa, gotowa na ka\u017cd\u0105 rowerow\u0105 przygod\u0119<\/p>\n<ul>\n<li><strong>Monta\u017c <\/strong>na kierownicy<\/li>\n<li><strong>Wymiar<\/strong> <strong>sakwy<\/strong> ok. 13x13x5 cm<\/li>\n<li><strong>Kolor<\/strong> &#8211; Czarny \/ odblaskowe dodatki<\/li>\n<\/ul>\n<p>&nbsp;<\/p>\n","protected":false},"excerpt":{"rendered":"<p>Torba na kierownice FORCE Praktyczna torba na kierownic\u0119 z \u0142atwym zapinaniem na rzep to idealne rozwi\u0105zanie na podr\u00f3\u017cne niezb\u0119dniki. Wewn\u0119trzny karabinek na klucze zapewni porz\u0105dek, a odblaskowe detale zwi\u0119ksz\u0105 bezpiecze\u0144stwo. Wymiary 13 x 13 x 5 cm sprawiaj\u0105, \u017ce mie\u015bci si\u0119 doskonale, oferuj\u0105c miejsce na klucze, telefon czy inne drobiazgi. Wygodna i stylowa, gotowa na&hellip;<\/p>\n","protected":false},"featured_media":1482,"comment_status":"open","ping_status":"closed","template":"","meta":[],"product_brand":[],"product_cat":[29,177],"product_tag":[],"class_list":{"0":"post-1480","1":"product","2":"type-product","3":"status-publish","4":"has-post-thumbnail","6":"product_cat-akcesoria","7":"product_cat-sakwy","8":"product_shipping_class-mala-paczka","10":"first","11":"instock","12":"shipping-taxable","13":"purchasable","14":"product-type-simple"},"_links":{"self":[{"href":"https:\/\/bicycool.pl\/index.php?rest_route=\/wp\/v2\/product\/1480","targetHints":{"allow":["GET"]}}],"collection":[{"href":"https:\/\/bicycool.pl\/index.php?rest_route=\/wp\/v2\/product"}],"about":[{"href":"https:\/\/bicycool.pl\/index.php?rest_route=\/wp\/v2\/types\/product"}],"replies":[{"embeddable":true,"href":"https:\/\/bicycool.pl\/index.php?rest_route=%2Fwp%2Fv2%2Fcomments&post=1480"}],"wp:featuredmedia":[{"embeddable":true,"href":"https:\/\/bicycool.pl\/index.php?rest_route=\/wp\/v2\/media\/1482"}],"wp:attachment":[{"href":"https:\/\/bicycool.pl\/index.php?rest_route=%2Fwp%2Fv2%2Fmedia&parent=1480"}],"wp:term":[{"taxonomy":"product_brand","embeddable":true,"href":"https:\/\/bicycool.pl\/index.php?rest_route=%2Fwp%2Fv2%2Fproduct_brand&post=1480"},{"taxonomy":"product_cat","embeddable":true,"href":"https:\/\/bicycool.pl\/index.php?rest_route=%2Fwp%2Fv2%2Fproduct_cat&post=1480"},{"taxonomy":"product_tag","embeddable":true,"href":"https:\/\/bicycool.pl\/index.php?rest_route=%2Fwp%2Fv2%2Fproduct_tag&post=1480"}],"curies":[{"name":"wp","href":"https:\/\/api.w.org\/{rel}","templated":true}]}}