{"id":1584,"date":"2023-12-12T14:00:30","date_gmt":"2023-12-12T13:00:30","guid":{"rendered":"https:\/\/bicycool.pl\/?post_type=product&#038;p=1584"},"modified":"2023-12-12T14:10:09","modified_gmt":"2023-12-12T13:10:09","slug":"widelec-szosowy-true-temper-gs-10-carbon","status":"publish","type":"product","link":"https:\/\/bicycool.pl\/?product=widelec-szosowy-true-temper-gs-10-carbon","title":{"rendered":"Widelec szosowy True Temper GS-10 Carbon"},"content":{"rendered":"<h3 class=\"Product_product-title__BALAQ\">Widelec szosowy True Temper GS-10<\/h3>\n<ul>\n<li><strong>System hamulcowy<\/strong> Caliper<\/li>\n<li><strong> Materia\u0142<\/strong> karbon<\/li>\n<li><strong> Rozmiar ko\u0142a<\/strong> 28&#8243; \/ 700c<\/li>\n<li><strong> \u015arednica rury wide\u0142kowej<\/strong> 1 1\/8 &#8222;<\/li>\n<li><strong> \u015arednica korony wide\u0142ek<\/strong> 39 mm<\/li>\n<li><strong>Monta\u017c osi<\/strong> 9&#215;100 mm<\/li>\n<li><strong> D\u0142ugo\u015b\u0107 rury sterowej<\/strong> 185 mm<\/li>\n<li><strong>Stan <\/strong>U\u017cywany<\/li>\n<\/ul>\n","protected":false},"excerpt":{"rendered":"<p>Widelec szosowy True Temper GS-10 System hamulcowy Caliper Materia\u0142 karbon Rozmiar ko\u0142a 28&#8243; \/ 700c \u015arednica rury wide\u0142kowej 1 1\/8 &#8222; \u015arednica korony wide\u0142ek 39 mm Monta\u017c osi 9&#215;100 mm D\u0142ugo\u015b\u0107 rury sterowej 185 mm Stan U\u017cywany<\/p>\n","protected":false},"featured_media":1587,"comment_status":"open","ping_status":"closed","template":"","meta":[],"product_brand":[],"product_cat":[28],"product_tag":[],"class_list":{"0":"post-1584","1":"product","2":"type-product","3":"status-publish","4":"has-post-thumbnail","6":"product_cat-czesci-i-akcesoria-uzywane","7":"product_shipping_class-mala-paczka","9":"first","10":"instock","11":"shipping-taxable","12":"purchasable","13":"product-type-simple"},"_links":{"self":[{"href":"https:\/\/bicycool.pl\/index.php?rest_route=\/wp\/v2\/product\/1584","targetHints":{"allow":["GET"]}}],"collection":[{"href":"https:\/\/bicycool.pl\/index.php?rest_route=\/wp\/v2\/product"}],"about":[{"href":"https:\/\/bicycool.pl\/index.php?rest_route=\/wp\/v2\/types\/product"}],"replies":[{"embeddable":true,"href":"https:\/\/bicycool.pl\/index.php?rest_route=%2Fwp%2Fv2%2Fcomments&post=1584"}],"wp:featuredmedia":[{"embeddable":true,"href":"https:\/\/bicycool.pl\/index.php?rest_route=\/wp\/v2\/media\/1587"}],"wp:attachment":[{"href":"https:\/\/bicycool.pl\/index.php?rest_route=%2Fwp%2Fv2%2Fmedia&parent=1584"}],"wp:term":[{"taxonomy":"product_brand","embeddable":true,"href":"https:\/\/bicycool.pl\/index.php?rest_route=%2Fwp%2Fv2%2Fproduct_brand&post=1584"},{"taxonomy":"product_cat","embeddable":true,"href":"https:\/\/bicycool.pl\/index.php?rest_route=%2Fwp%2Fv2%2Fproduct_cat&post=1584"},{"taxonomy":"product_tag","embeddable":true,"href":"https:\/\/bicycool.pl\/index.php?rest_route=%2Fwp%2Fv2%2Fproduct_tag&post=1584"}],"curies":[{"name":"wp","href":"https:\/\/api.w.org\/{rel}","templated":true}]}}