{"id":1618,"date":"2023-12-13T13:16:26","date_gmt":"2023-12-13T12:16:26","guid":{"rendered":"https:\/\/bicycool.pl\/?post_type=product&#038;p=1618"},"modified":"2023-12-13T13:18:31","modified_gmt":"2023-12-13T12:18:31","slug":"klamka-hamulca-shimano-bl-e700-nexus-prawa-2","status":"publish","type":"product","link":"https:\/\/bicycool.pl\/?product=klamka-hamulca-shimano-bl-e700-nexus-prawa-2","title":{"rendered":"Klamka hamulca Shimano BL-E700 NEXUS PRAWA"},"content":{"rendered":"<h3 class=\"Product_product-title__BALAQ\">D\u017awignia Shimano BL-E700<\/h3>\n<ul>\n<li><strong>Kolor<\/strong> bia\u0142y \/ szary<\/li>\n<li><strong>PRAWA<\/strong><\/li>\n<li><strong>NOS, Nieu\u017cywane, bia\u0142a guma lekko przy\u017c\u00f3\u0142k\u0142a\u00a0<\/strong><\/li>\n<\/ul>\n","protected":false},"excerpt":{"rendered":"<p>D\u017awignia Shimano BL-E700 Kolor bia\u0142y \/ szary PRAWA NOS, Nieu\u017cywane, bia\u0142a guma lekko przy\u017c\u00f3\u0142k\u0142a\u00a0<\/p>\n","protected":false},"featured_media":1619,"comment_status":"open","ping_status":"closed","template":"","meta":[],"product_brand":[],"product_cat":[27,136,85],"product_tag":[],"class_list":{"0":"post-1618","1":"product","2":"type-product","3":"status-publish","4":"has-post-thumbnail","6":"product_cat-czesci-nowe","7":"product_cat-hamulce","8":"product_cat-outlet","9":"product_shipping_class-mala-paczka","11":"first","12":"instock","13":"shipping-taxable","14":"purchasable","15":"product-type-simple"},"_links":{"self":[{"href":"https:\/\/bicycool.pl\/index.php?rest_route=\/wp\/v2\/product\/1618","targetHints":{"allow":["GET"]}}],"collection":[{"href":"https:\/\/bicycool.pl\/index.php?rest_route=\/wp\/v2\/product"}],"about":[{"href":"https:\/\/bicycool.pl\/index.php?rest_route=\/wp\/v2\/types\/product"}],"replies":[{"embeddable":true,"href":"https:\/\/bicycool.pl\/index.php?rest_route=%2Fwp%2Fv2%2Fcomments&post=1618"}],"wp:featuredmedia":[{"embeddable":true,"href":"https:\/\/bicycool.pl\/index.php?rest_route=\/wp\/v2\/media\/1619"}],"wp:attachment":[{"href":"https:\/\/bicycool.pl\/index.php?rest_route=%2Fwp%2Fv2%2Fmedia&parent=1618"}],"wp:term":[{"taxonomy":"product_brand","embeddable":true,"href":"https:\/\/bicycool.pl\/index.php?rest_route=%2Fwp%2Fv2%2Fproduct_brand&post=1618"},{"taxonomy":"product_cat","embeddable":true,"href":"https:\/\/bicycool.pl\/index.php?rest_route=%2Fwp%2Fv2%2Fproduct_cat&post=1618"},{"taxonomy":"product_tag","embeddable":true,"href":"https:\/\/bicycool.pl\/index.php?rest_route=%2Fwp%2Fv2%2Fproduct_tag&post=1618"}],"curies":[{"name":"wp","href":"https:\/\/api.w.org\/{rel}","templated":true}]}}