{"id":1628,"date":"2023-12-13T13:41:22","date_gmt":"2023-12-13T12:41:22","guid":{"rendered":"https:\/\/bicycool.pl\/?post_type=product&#038;p=1628"},"modified":"2025-12-22T17:15:05","modified_gmt":"2025-12-22T16:15:05","slug":"pedaly-sakae-sp-583-japan-biale-retro-mtb-nos","status":"publish","type":"product","link":"https:\/\/bicycool.pl\/?product=pedaly-sakae-sp-583-japan-biale-retro-mtb-nos","title":{"rendered":"Peda\u0142y SAKAE SP-583 Japan BIA\u0141E Retro MTB NOS"},"content":{"rendered":"<h3>Peda\u0142y SAKAE SP-583<\/h3>\n<ul>\n<li><strong>Rodzaj<\/strong> MTB \/ ATB<\/li>\n<li><strong>Kolor<\/strong> Bia\u0142e<\/li>\n<li><strong>Made in Japan<\/strong><\/li>\n<li><strong>Stan<\/strong> NOS, nieu\u017cywane<\/li>\n<\/ul>\n<p>&nbsp;<\/p>\n","protected":false},"excerpt":{"rendered":"<p>Peda\u0142y SAKAE SP-583 Rodzaj MTB \/ ATB Kolor Bia\u0142e Made in Japan Stan NOS, nieu\u017cywane &nbsp;<\/p>\n","protected":false},"featured_media":1629,"comment_status":"open","ping_status":"closed","template":"","meta":[],"product_brand":[],"product_cat":[27,85,127],"product_tag":[],"class_list":{"0":"post-1628","1":"product","2":"type-product","3":"status-publish","4":"has-post-thumbnail","6":"product_cat-czesci-nowe","7":"product_cat-outlet","8":"product_cat-pedaly","9":"product_shipping_class-mala-paczka","11":"first","12":"instock","13":"shipping-taxable","14":"purchasable","15":"product-type-simple"},"_links":{"self":[{"href":"https:\/\/bicycool.pl\/index.php?rest_route=\/wp\/v2\/product\/1628","targetHints":{"allow":["GET"]}}],"collection":[{"href":"https:\/\/bicycool.pl\/index.php?rest_route=\/wp\/v2\/product"}],"about":[{"href":"https:\/\/bicycool.pl\/index.php?rest_route=\/wp\/v2\/types\/product"}],"replies":[{"embeddable":true,"href":"https:\/\/bicycool.pl\/index.php?rest_route=%2Fwp%2Fv2%2Fcomments&post=1628"}],"wp:featuredmedia":[{"embeddable":true,"href":"https:\/\/bicycool.pl\/index.php?rest_route=\/wp\/v2\/media\/1629"}],"wp:attachment":[{"href":"https:\/\/bicycool.pl\/index.php?rest_route=%2Fwp%2Fv2%2Fmedia&parent=1628"}],"wp:term":[{"taxonomy":"product_brand","embeddable":true,"href":"https:\/\/bicycool.pl\/index.php?rest_route=%2Fwp%2Fv2%2Fproduct_brand&post=1628"},{"taxonomy":"product_cat","embeddable":true,"href":"https:\/\/bicycool.pl\/index.php?rest_route=%2Fwp%2Fv2%2Fproduct_cat&post=1628"},{"taxonomy":"product_tag","embeddable":true,"href":"https:\/\/bicycool.pl\/index.php?rest_route=%2Fwp%2Fv2%2Fproduct_tag&post=1628"}],"curies":[{"name":"wp","href":"https:\/\/api.w.org\/{rel}","templated":true}]}}