{"id":1751,"date":"2023-12-18T17:25:55","date_gmt":"2023-12-18T16:25:55","guid":{"rendered":"https:\/\/bicycool.pl\/?post_type=product&#038;p=1751"},"modified":"2023-12-18T17:30:51","modified_gmt":"2023-12-18T16:30:51","slug":"widelec-28-stalowy-1-eurobike-215cm","status":"publish","type":"product","link":"https:\/\/bicycool.pl\/?product=widelec-28-stalowy-1-eurobike-215cm","title":{"rendered":"Widelec 28&#8243; Stalowy 1&#8243; EUROBIKE 21,5cm"},"content":{"rendered":"<h1 class=\"Product_product-title__BALAQ\">Widelec 28&#8243;<\/h1>\n<ul>\n<li>\n<h2><strong>System hamulcowy &#8211; v-brake\u00a0<\/strong><\/h2>\n<\/li>\n<li>\n<h2><strong> Materia\u0142 &#8211;<\/strong> Stal<\/h2>\n<\/li>\n<li>\n<h2><strong> Rozmiar ko\u0142a<\/strong> &#8211; 28&#8243;<\/h2>\n<\/li>\n<li>\n<h2><strong> \u015arednica rury wide\u0142kowej\u00a0 &#8211; <\/strong>1&#8243; (25,4mm)<\/h2>\n<\/li>\n<li>\n<h2><strong>\u015arednica mocowania bie\u017cni &#8211; <\/strong>27mm<\/h2>\n<\/li>\n<li>\n<h2><strong>Monta\u017c osi &#8211;<\/strong> 9&#215;100 mm<\/h2>\n<\/li>\n<li>\n<h2><strong> D\u0142ugo\u015b\u0107 rury sterowej &#8211;<\/strong> 21,5cm<\/h2>\n<\/li>\n<li>\n<h2>Stan &#8211; nowy, powystawowy. Mo\u017ce posiada\u0107 delikatne ryski<\/h2>\n<\/li>\n<\/ul>\n","protected":false},"excerpt":{"rendered":"<p>Widelec 28&#8243; System hamulcowy &#8211; v-brake\u00a0 Materia\u0142 &#8211; Stal Rozmiar ko\u0142a &#8211; 28&#8243; \u015arednica rury wide\u0142kowej\u00a0 &#8211; 1&#8243; (25,4mm) \u015arednica mocowania bie\u017cni &#8211; 27mm Monta\u017c osi &#8211; 9&#215;100 mm D\u0142ugo\u015b\u0107 rury sterowej &#8211; 21,5cm Stan &#8211; nowy, powystawowy. Mo\u017ce posiada\u0107 delikatne ryski<\/p>\n","protected":false},"featured_media":1752,"comment_status":"open","ping_status":"closed","template":"","meta":[],"product_brand":[],"product_cat":[27,85,187],"product_tag":[],"class_list":{"0":"post-1751","1":"product","2":"type-product","3":"status-publish","4":"has-post-thumbnail","6":"product_cat-czesci-nowe","7":"product_cat-outlet","8":"product_cat-widelce","9":"product_shipping_class-mala-paczka","11":"first","12":"instock","13":"shipping-taxable","14":"purchasable","15":"product-type-simple"},"_links":{"self":[{"href":"https:\/\/bicycool.pl\/index.php?rest_route=\/wp\/v2\/product\/1751","targetHints":{"allow":["GET"]}}],"collection":[{"href":"https:\/\/bicycool.pl\/index.php?rest_route=\/wp\/v2\/product"}],"about":[{"href":"https:\/\/bicycool.pl\/index.php?rest_route=\/wp\/v2\/types\/product"}],"replies":[{"embeddable":true,"href":"https:\/\/bicycool.pl\/index.php?rest_route=%2Fwp%2Fv2%2Fcomments&post=1751"}],"wp:featuredmedia":[{"embeddable":true,"href":"https:\/\/bicycool.pl\/index.php?rest_route=\/wp\/v2\/media\/1752"}],"wp:attachment":[{"href":"https:\/\/bicycool.pl\/index.php?rest_route=%2Fwp%2Fv2%2Fmedia&parent=1751"}],"wp:term":[{"taxonomy":"product_brand","embeddable":true,"href":"https:\/\/bicycool.pl\/index.php?rest_route=%2Fwp%2Fv2%2Fproduct_brand&post=1751"},{"taxonomy":"product_cat","embeddable":true,"href":"https:\/\/bicycool.pl\/index.php?rest_route=%2Fwp%2Fv2%2Fproduct_cat&post=1751"},{"taxonomy":"product_tag","embeddable":true,"href":"https:\/\/bicycool.pl\/index.php?rest_route=%2Fwp%2Fv2%2Fproduct_tag&post=1751"}],"curies":[{"name":"wp","href":"https:\/\/api.w.org\/{rel}","templated":true}]}}