{"id":1891,"date":"2023-12-21T11:37:50","date_gmt":"2023-12-21T10:37:50","guid":{"rendered":"https:\/\/bicycool.pl\/?post_type=product&#038;p=1891"},"modified":"2023-12-21T11:48:53","modified_gmt":"2023-12-21T10:48:53","slug":"frameset-szosa-rama-57x56cm","status":"publish","type":"product","link":"https:\/\/bicycool.pl\/?product=frameset-szosa-rama-57x56cm","title":{"rendered":"Frameset szosa, Rama 57x56cm"},"content":{"rendered":"<h1 class=\"Product_product-title__BALAQ\">Frameset szosowy<\/h1>\n<p>&nbsp;<\/p>\n<ul>\n<li>\n<h2>W zestawie &#8211; rama, widelec<\/h2>\n<\/li>\n<li>\n<h2>Rozmiar ko\u0142a &#8211; 28&#8243;<\/h2>\n<\/li>\n<li>\n<h2>Mocowanie hamulca &#8211; u-brake<\/h2>\n<\/li>\n<li>\n<h2>Rozmiar &#8211; CT 57cm \/ TT 56cm<\/h2>\n<\/li>\n<li>\n<h2><strong>Sztyca &#8211;<\/strong> 26,2mm<\/h2>\n<\/li>\n<li>\n<h2><strong>Stery &#8211;<\/strong> 1&#8243; klasyczne<\/h2>\n<\/li>\n<li>\n<h2><strong>Przerzutka przednia &#8211; 28,6<\/strong>mm<\/h2>\n<\/li>\n<li>\n<h2><strong>Szeroko\u015b\u0107 mufy suportu &#8211; <\/strong>68mm<\/h2>\n<\/li>\n<li>\n<h2><strong>Typ mufy suportu &#8211;<\/strong>\u00a0BSA<\/h2>\n<\/li>\n<li>\n<h2><strong>O\u015b <\/strong>tylna &#8211; 120mm<\/h2>\n<\/li>\n<li>\n<h2><strong>Waga &#8211;<\/strong> 2900 gr (rama, widelec)<\/h2>\n<\/li>\n<li>\n<h2>Stan &#8211; U\u017cywana<\/h2>\n<\/li>\n<\/ul>\n<p>&nbsp;<\/p>\n<p>Niestety nie uda\u0142o nam si\u0119 ustali\u0107 jakiej firmy jest rama. Przemalowana na z\u0142oty z czerwonymi elementami. Lakier jest s\u0142abej jako\u015bci wi\u0119c nie powinno by\u0107 problemu z jego usuni\u0119ciem. Pod spodem rama jest chromowana na mufach oraz tylnym tr\u00f3jk\u0105cie. Bardzo dobra waga zestawu &#8211; 2900gr rama z widelcem. Haki ramy i widelca &#8211; Campagnolo.<\/p>\n<div class=\"w-full pt-2 md:pt-0 dark:border-white\/20 md:border-transparent md:dark:border-transparent md:w-[calc(100%-.5rem)]\">\n<form class=\"stretch mx-2 flex flex-row gap-3 last:mb-2 md:mx-4 md:last:mb-6 lg:mx-auto lg:max-w-2xl xl:max-w-3xl\">\n<div class=\"relative flex h-full flex-1 items-stretch md:flex-col\">\n<div class=\"flex w-full items-center\"><\/div>\n<\/div>\n<\/form>\n<\/div>\n","protected":false},"excerpt":{"rendered":"<p>Frameset szosowy &nbsp; W zestawie &#8211; rama, widelec Rozmiar ko\u0142a &#8211; 28&#8243; Mocowanie hamulca &#8211; u-brake Rozmiar &#8211; CT 57cm \/ TT 56cm Sztyca &#8211; 26,2mm Stery &#8211; 1&#8243; klasyczne Przerzutka przednia &#8211; 28,6mm Szeroko\u015b\u0107 mufy suportu &#8211; 68mm Typ mufy suportu &#8211;\u00a0BSA O\u015b tylna &#8211; 120mm Waga &#8211; 2900 gr (rama, widelec) Stan &#8211;&hellip;<\/p>\n","protected":false},"featured_media":1892,"comment_status":"open","ping_status":"closed","template":"","meta":[],"product_brand":[],"product_cat":[28],"product_tag":[],"class_list":{"0":"post-1891","1":"product","2":"type-product","3":"status-publish","4":"has-post-thumbnail","6":"product_cat-czesci-i-akcesoria-uzywane","7":"product_shipping_class-mala-paczka","9":"first","10":"instock","11":"shipping-taxable","12":"purchasable","13":"product-type-simple"},"_links":{"self":[{"href":"https:\/\/bicycool.pl\/index.php?rest_route=\/wp\/v2\/product\/1891","targetHints":{"allow":["GET"]}}],"collection":[{"href":"https:\/\/bicycool.pl\/index.php?rest_route=\/wp\/v2\/product"}],"about":[{"href":"https:\/\/bicycool.pl\/index.php?rest_route=\/wp\/v2\/types\/product"}],"replies":[{"embeddable":true,"href":"https:\/\/bicycool.pl\/index.php?rest_route=%2Fwp%2Fv2%2Fcomments&post=1891"}],"wp:featuredmedia":[{"embeddable":true,"href":"https:\/\/bicycool.pl\/index.php?rest_route=\/wp\/v2\/media\/1892"}],"wp:attachment":[{"href":"https:\/\/bicycool.pl\/index.php?rest_route=%2Fwp%2Fv2%2Fmedia&parent=1891"}],"wp:term":[{"taxonomy":"product_brand","embeddable":true,"href":"https:\/\/bicycool.pl\/index.php?rest_route=%2Fwp%2Fv2%2Fproduct_brand&post=1891"},{"taxonomy":"product_cat","embeddable":true,"href":"https:\/\/bicycool.pl\/index.php?rest_route=%2Fwp%2Fv2%2Fproduct_cat&post=1891"},{"taxonomy":"product_tag","embeddable":true,"href":"https:\/\/bicycool.pl\/index.php?rest_route=%2Fwp%2Fv2%2Fproduct_tag&post=1891"}],"curies":[{"name":"wp","href":"https:\/\/api.w.org\/{rel}","templated":true}]}}