{"id":1942,"date":"2023-12-22T11:53:03","date_gmt":"2023-12-22T10:53:03","guid":{"rendered":"https:\/\/bicycool.pl\/?post_type=product&#038;p=1942"},"modified":"2024-10-02T21:25:55","modified_gmt":"2024-10-02T19:25:55","slug":"kola-komplet-miche-swr-full-carbon-szosa-triathlon-tt","status":"publish","type":"product","link":"https:\/\/bicycool.pl\/?product=kola-komplet-miche-swr-full-carbon-szosa-triathlon-tt","title":{"rendered":"Ko\u0142a KOMPLET MICHE SWR FULL CARBON, Szosa, Triathlon, TT"},"content":{"rendered":"<h1 class=\"Product_product-title__BALAQ\">Komplet k\u00f3\u0142 Szosowych MICHE SWR FULL CARBON<\/h1>\n<p>&nbsp;<\/p>\n<ul>\n<li>\n<h2>W zestawie szytki Challenge Elite Pro series<\/h2>\n<\/li>\n<li>\n<h2>Rozmiar ko\u0142a &#8211; 28&#8243; \/ 700c<\/h2>\n<\/li>\n<li>\n<h2>Obr\u0119cze &#8211; Miche<\/h2>\n<\/li>\n<li>\n<h2>Piasty &#8211; Miche<\/h2>\n<\/li>\n<li>\n<h2>Szprychy &#8211; Pull, P\u0142askie<\/h2>\n<\/li>\n<li>\n<h2>Liczba szprych &#8211;\u00a0 18 \/ 24<\/h2>\n<\/li>\n<li>\n<h2>Rodzaj hamulca &#8211; Obr\u0119czowe<\/h2>\n<\/li>\n<li>\n<h2>Waga prz\u00f3d \/ ty\u0142 &#8211; 955gr \/ 1180gr (WA\u017bONE Z SZYTK\u0104)<\/h2>\n<\/li>\n<li>\n<h2>B\u0119benek HG 10s<\/h2>\n<\/li>\n<li>\n<h2>Stan &#8211; U\u017cywane, tocz\u0105 si\u0119 bdb, brak luzu, powierzchnia hamowania jak nowa<\/h2>\n<\/li>\n<\/ul>\n<div class=\"flex-1 overflow-hidden\">\n<div class=\"react-scroll-to-bottom--css-xnpal-79elbk h-full\">\n<div class=\"react-scroll-to-bottom--css-xnpal-1n7m0yu\">\n<div class=\"flex flex-col pb-9 text-sm\">\n<div class=\"w-full text-token-text-primary\" data-testid=\"conversation-turn-3\">\n<div class=\"px-4 py-2 justify-center text-base md:gap-6 m-auto\">\n<div class=\"flex flex-1 text-base mx-auto gap-3 md:px-5 lg:px-1 xl:px-5 md:max-w-3xl lg:max-w-[40rem] xl:max-w-[48rem] group final-completion\">\n<div class=\"relative flex w-full flex-col lg:w-[calc(100%-115px)] agent-turn\">\n<div class=\"flex-col gap-1 md:gap-3\">\n<div class=\"mt-1 flex justify-start gap-3 empty:hidden\">\n<div class=\"text-gray-400 flex self-end lg:self-center justify-center lg:justify-start mt-0 gap-1 visible\">\n<p>&nbsp;<\/p>\n<\/div>\n<\/div>\n<\/div>\n<\/div>\n<\/div>\n<\/div>\n<\/div>\n<\/div>\n<\/div>\n<\/div>\n<\/div>\n","protected":false},"excerpt":{"rendered":"<p>Komplet k\u00f3\u0142 Szosowych MICHE SWR FULL CARBON &nbsp; W zestawie szytki Challenge Elite Pro series Rozmiar ko\u0142a &#8211; 28&#8243; \/ 700c Obr\u0119cze &#8211; Miche Piasty &#8211; Miche Szprychy &#8211; Pull, P\u0142askie Liczba szprych &#8211;\u00a0 18 \/ 24 Rodzaj hamulca &#8211; Obr\u0119czowe Waga prz\u00f3d \/ ty\u0142 &#8211; 955gr \/ 1180gr (WA\u017bONE Z SZYTK\u0104) B\u0119benek HG 10s&hellip;<\/p>\n","protected":false},"featured_media":1947,"comment_status":"open","ping_status":"closed","template":"","meta":[],"product_brand":[],"product_cat":[28,163],"product_tag":[],"class_list":{"0":"post-1942","1":"product","2":"type-product","3":"status-publish","4":"has-post-thumbnail","6":"product_cat-czesci-i-akcesoria-uzywane","7":"product_cat-triathlon","8":"product_shipping_class-mala-paczka","10":"first","11":"instock","12":"shipping-taxable","13":"purchasable","14":"product-type-simple"},"_links":{"self":[{"href":"https:\/\/bicycool.pl\/index.php?rest_route=\/wp\/v2\/product\/1942","targetHints":{"allow":["GET"]}}],"collection":[{"href":"https:\/\/bicycool.pl\/index.php?rest_route=\/wp\/v2\/product"}],"about":[{"href":"https:\/\/bicycool.pl\/index.php?rest_route=\/wp\/v2\/types\/product"}],"replies":[{"embeddable":true,"href":"https:\/\/bicycool.pl\/index.php?rest_route=%2Fwp%2Fv2%2Fcomments&post=1942"}],"wp:featuredmedia":[{"embeddable":true,"href":"https:\/\/bicycool.pl\/index.php?rest_route=\/wp\/v2\/media\/1947"}],"wp:attachment":[{"href":"https:\/\/bicycool.pl\/index.php?rest_route=%2Fwp%2Fv2%2Fmedia&parent=1942"}],"wp:term":[{"taxonomy":"product_brand","embeddable":true,"href":"https:\/\/bicycool.pl\/index.php?rest_route=%2Fwp%2Fv2%2Fproduct_brand&post=1942"},{"taxonomy":"product_cat","embeddable":true,"href":"https:\/\/bicycool.pl\/index.php?rest_route=%2Fwp%2Fv2%2Fproduct_cat&post=1942"},{"taxonomy":"product_tag","embeddable":true,"href":"https:\/\/bicycool.pl\/index.php?rest_route=%2Fwp%2Fv2%2Fproduct_tag&post=1942"}],"curies":[{"name":"wp","href":"https:\/\/api.w.org\/{rel}","templated":true}]}}