{"id":222,"date":"2023-11-17T13:27:26","date_gmt":"2023-11-17T12:27:26","guid":{"rendered":"https:\/\/bicycool.pl\/?post_type=product&#038;p=222"},"modified":"2024-12-05T15:01:46","modified_gmt":"2024-12-05T14:01:46","slug":"romet-gazela-e-gazela","status":"publish","type":"product","link":"https:\/\/bicycool.pl\/?product=romet-gazela-e-gazela","title":{"rendered":"Rower elektryczny Maxim Locus Trip"},"content":{"rendered":"<h1 class=\"product__data__name second-font bold\" data-qa-product_name=\"Rower elektryczny ROMET GAZELA RM 2023\">Maxim Locus Trip<\/h1>\n<h2>Specyfikacja:<\/h2>\n<p><strong>Akcesoria E-Bike<\/strong><\/p>\n<ul>\n<li><strong>Akumulator E-Bike<\/strong>: WAMTECHNIK ICR18650-26H 10S4P 36V <strong>10,4Ah<\/strong><\/li>\n<li><strong>\u0141adowarka do akumulatora E-Bike<\/strong>: WAMTECHNIK<\/li>\n<li><strong>Motorkontroler<\/strong>: INVITECH<\/li>\n<li><strong>Panel z wy\u015bwietlaczem<\/strong>: WH527 750mm<\/li>\n<\/ul>\n<p><strong>Ko\u0142a i Opony<\/strong><\/p>\n<ul>\n<li><strong>D\u0119tka<\/strong>: 27,5 x 1.95\/2.125 AV 48mm<\/li>\n<li><strong>Opona<\/strong>: 27,5 x 1,95 C-1878 FAST SEVEN (wz\u00f3r)<\/li>\n<li><strong>Obr\u0119cz<\/strong>: 27,5 584X19 DRAGON L-719 36H BA bez CNC<\/li>\n<li><strong>Piasta prz\u00f3d<\/strong>: ALU joy tech 753 DSE<\/li>\n<\/ul>\n<p><strong>Hamulce<\/strong><\/p>\n<ul>\n<li><strong>Hamulec tarczowy prz\u00f3d<\/strong>: S-H AMT201KLF1RX090 czarny 900mm (adapter 180mm)<\/li>\n<li><strong>Hamulec tarczowy ty\u0142<\/strong>: S-H AMT201KRRURX160 czarny 1600mm (adapter 160mm)<\/li>\n<li><strong>Tarcza hamulca prz\u00f3d<\/strong>: S-H ASMRT30 160mm centerlock<\/li>\n<li><strong>Tarcza hamulca ty\u0142<\/strong>: S-H ASMRT30M 180mm centerlock<\/li>\n<\/ul>\n<p><strong>Rama i Wsporniki<\/strong><\/p>\n<ul>\n<li><strong>Rama<\/strong>: MEDANO LOCUS Ys-727 czarny<\/li>\n<li><strong>Kierownica<\/strong>: 640mm<\/li>\n<li><strong>Wspornik kierownicy<\/strong>: Regulowany a-head<\/li>\n<li><strong>Wspornik siod\u0142a<\/strong>: 30,6 x 300 SP-C207 czarny S.B.B.<\/li>\n<li><strong>Wspornik b\u0142otnika<\/strong>: L-320 ESA-VARIO wewn\u0119trzny z elementami plastykowymi<\/li>\n<\/ul>\n<p><strong>Nap\u0119d i Przerzutki<\/strong><\/p>\n<ul>\n<li><strong>Manetka przerzutki prz\u00f3d<\/strong>: S-H ASLM2010LB (ASLM315LB) 3-S ALTUS<\/li>\n<li><strong>Manetka przerzutki ty\u0142<\/strong>: S-H SLM310R8A (ASLM3158RA) 8-S ALTUS<\/li>\n<li><strong>Przerzutka prz\u00f3d<\/strong>: S-H AFDTX51M6 (AFDTY510TSM6)<\/li>\n<li><strong>Przerzutka ty\u0142<\/strong>: S-H ARDT4000SGSL 9S ALIVIO<\/li>\n<li><strong>Kaseta<\/strong>: 8-rz\u0119dowa S-H.KAS. CSHG418132<\/li>\n<li><strong>\u0141a\u0144cuch<\/strong>: Z-72 100ogn. br\u0105z (Z8.1)<\/li>\n<\/ul>\n<p><strong>Inne<\/strong><\/p>\n<ul>\n<li><strong>Baga\u017cnik<\/strong>: 26 SI BR URW3 SD 26.177H.20 czarny<\/li>\n<li><strong>B\u0142otnik<\/strong>: Locus Zefal Trail<\/li>\n<li><strong>Dzwonek<\/strong>: BLACK MINI<\/li>\n<li><strong>Lampa prz\u00f3d<\/strong>: BUCHEL UNILED E-BIKE (bez w\u0142\u0105cznika)<\/li>\n<li><strong>Lampa ty\u0142<\/strong>: HGOGGLE (H-TRACK) DYNAMO z podtrzymaniem 4024-0002<\/li>\n<li><strong>O\u015bwietlenie odb\u0142askowe na ko\u0142o<\/strong>: ER-8P YELLOW 3004-0006<\/li>\n<li><strong>Piasta prz\u00f3d<\/strong>: ALU joy tech 753 DSE<\/li>\n<li><strong>Siode\u0142ko<\/strong>: SELLE ROYAL NEVEA PLUS Monte G. 8494DC czarne (damskie)<\/li>\n<li><strong>Tarcza hamulca<\/strong>: S-H ASMRT30 160mm centerlock<\/li>\n<li><strong>Tarcza hamulca ty\u0142<\/strong>: S-H ASMRT30M 180mm centerlock<\/li>\n<li><strong>Silnik z piast\u0105 ty\u0142<\/strong>: BAFANG 36V250W28700C 28&#8243; czarna (LOCUS)<\/li>\n<li><strong>Wk\u0142ad Bafang<\/strong>: SR PA151.32.S; UART; speed sensor 36V; Cable length &#8211; 150mm<\/li>\n<li><strong>Wolnobieg<\/strong>: 8-rz\u0119dowy S-H.KAS. CSHG418132<\/li>\n<li><strong>Peda\u0142y<\/strong>: FP-920 Alu Antypo\u015blizgowy imbus<\/li>\n<li><strong>\u0141o\u017cysko kierownicy<\/strong>: 1,1\/8&#8243; H125, H:10mm czarne<\/li>\n<\/ul>\n","protected":false},"excerpt":{"rendered":"<p class=\"product__data__name second-font bold\" data-qa-product_name=\"Rower elektryczny ROMET GAZELA RM 2023\">Maxim Locus Trip<\/p>\n<p data-qa-product_name=\"Rower elektryczny ROMET GAZELA RM 2023\">Rozmiar ramy 18&#8243;<\/p>\n<p>Bateria &#8211; 36V <strong>10,4Ah<\/strong><\/p>\n<p>Ko\u0142a 27,5&#8243;<\/p>\n","protected":false},"featured_media":2166,"comment_status":"open","ping_status":"closed","template":"","meta":[],"product_brand":[],"product_cat":[45,26,23],"product_tag":[],"class_list":{"0":"post-222","1":"product","2":"type-product","3":"status-publish","4":"has-post-thumbnail","6":"product_cat-elektryczne","7":"product_cat-rowery-2","8":"product_cat-rowery","9":"product_shipping_class-rower","11":"first","12":"instock","13":"shipping-taxable","14":"purchasable","15":"product-type-simple"},"_links":{"self":[{"href":"https:\/\/bicycool.pl\/index.php?rest_route=\/wp\/v2\/product\/222","targetHints":{"allow":["GET"]}}],"collection":[{"href":"https:\/\/bicycool.pl\/index.php?rest_route=\/wp\/v2\/product"}],"about":[{"href":"https:\/\/bicycool.pl\/index.php?rest_route=\/wp\/v2\/types\/product"}],"replies":[{"embeddable":true,"href":"https:\/\/bicycool.pl\/index.php?rest_route=%2Fwp%2Fv2%2Fcomments&post=222"}],"wp:featuredmedia":[{"embeddable":true,"href":"https:\/\/bicycool.pl\/index.php?rest_route=\/wp\/v2\/media\/2166"}],"wp:attachment":[{"href":"https:\/\/bicycool.pl\/index.php?rest_route=%2Fwp%2Fv2%2Fmedia&parent=222"}],"wp:term":[{"taxonomy":"product_brand","embeddable":true,"href":"https:\/\/bicycool.pl\/index.php?rest_route=%2Fwp%2Fv2%2Fproduct_brand&post=222"},{"taxonomy":"product_cat","embeddable":true,"href":"https:\/\/bicycool.pl\/index.php?rest_route=%2Fwp%2Fv2%2Fproduct_cat&post=222"},{"taxonomy":"product_tag","embeddable":true,"href":"https:\/\/bicycool.pl\/index.php?rest_route=%2Fwp%2Fv2%2Fproduct_tag&post=222"}],"curies":[{"name":"wp","href":"https:\/\/api.w.org\/{rel}","templated":true}]}}