{"id":2270,"date":"2024-12-06T15:54:41","date_gmt":"2024-12-06T14:54:41","guid":{"rendered":"https:\/\/bicycool.pl\/?post_type=product&#038;p=2270"},"modified":"2024-12-06T15:57:37","modified_gmt":"2024-12-06T14:57:37","slug":"piasta-tyl-shimano-fh-tx800-32h","status":"publish","type":"product","link":"https:\/\/bicycool.pl\/?product=piasta-tyl-shimano-fh-tx800-32h","title":{"rendered":"Piasta Ty\u0142 Shimano FH-TX800 32H"},"content":{"rendered":"<h1 class=\"Product_product-title__BALAQ\">Piasta Shimano FH-TX800<\/h1>\n<ul>\n<li>\n<h3><strong>Ty\u0142<\/strong><\/h3>\n<\/li>\n<li>\n<h3><strong>Rodzaj hamulca:<\/strong> Obr\u0119czowy<\/h3>\n<\/li>\n<li>\n<h3><strong>Liczba otwor\u00f3w:<\/strong> 32<\/h3>\n<\/li>\n<li>\n<h3><strong>Kolor:<\/strong> Srebrny<\/h3>\n<\/li>\n<li>\n<h3><strong>Rozstaw:<\/strong> 135 mm<\/h3>\n<\/li>\n<\/ul>\n","protected":false},"excerpt":{"rendered":"<p>Piasta Shimano FH-TX800 Ty\u0142 Rodzaj hamulca: Obr\u0119czowy Liczba otwor\u00f3w: 32 Kolor: Srebrny Rozstaw: 135 mm<\/p>\n","protected":false},"featured_media":2272,"comment_status":"open","ping_status":"closed","template":"","meta":[],"product_brand":[],"product_cat":[27,85,168],"product_tag":[],"class_list":{"0":"post-2270","1":"product","2":"type-product","3":"status-publish","4":"has-post-thumbnail","6":"product_cat-czesci-nowe","7":"product_cat-outlet","8":"product_cat-piasty","9":"product_shipping_class-mala-paczka","11":"first","12":"instock","13":"shipping-taxable","14":"purchasable","15":"product-type-simple"},"_links":{"self":[{"href":"https:\/\/bicycool.pl\/index.php?rest_route=\/wp\/v2\/product\/2270","targetHints":{"allow":["GET"]}}],"collection":[{"href":"https:\/\/bicycool.pl\/index.php?rest_route=\/wp\/v2\/product"}],"about":[{"href":"https:\/\/bicycool.pl\/index.php?rest_route=\/wp\/v2\/types\/product"}],"replies":[{"embeddable":true,"href":"https:\/\/bicycool.pl\/index.php?rest_route=%2Fwp%2Fv2%2Fcomments&post=2270"}],"wp:featuredmedia":[{"embeddable":true,"href":"https:\/\/bicycool.pl\/index.php?rest_route=\/wp\/v2\/media\/2272"}],"wp:attachment":[{"href":"https:\/\/bicycool.pl\/index.php?rest_route=%2Fwp%2Fv2%2Fmedia&parent=2270"}],"wp:term":[{"taxonomy":"product_brand","embeddable":true,"href":"https:\/\/bicycool.pl\/index.php?rest_route=%2Fwp%2Fv2%2Fproduct_brand&post=2270"},{"taxonomy":"product_cat","embeddable":true,"href":"https:\/\/bicycool.pl\/index.php?rest_route=%2Fwp%2Fv2%2Fproduct_cat&post=2270"},{"taxonomy":"product_tag","embeddable":true,"href":"https:\/\/bicycool.pl\/index.php?rest_route=%2Fwp%2Fv2%2Fproduct_tag&post=2270"}],"curies":[{"name":"wp","href":"https:\/\/api.w.org\/{rel}","templated":true}]}}