{"id":2289,"date":"2024-12-06T16:42:12","date_gmt":"2024-12-06T15:42:12","guid":{"rendered":"https:\/\/bicycool.pl\/?post_type=product&#038;p=2289"},"modified":"2024-12-06T17:11:38","modified_gmt":"2024-12-06T16:11:38","slug":"pedaly-wpinane-corratec-easy-click","status":"publish","type":"product","link":"https:\/\/bicycool.pl\/?product=pedaly-wpinane-corratec-easy-click","title":{"rendered":"Peda\u0142y wpinane CORRATEC Easy Click"},"content":{"rendered":"<h3>Peda\u0142y CORRATEC Easy Click<\/h3>\n<ul>\n<li><strong>Rodzaj<\/strong> Wpinane<\/li>\n<li><strong>Stan<\/strong> NOS, Nie u\u017cywane, Posiadaj\u0105 ryski<\/li>\n<\/ul>\n<p>Retro MTB<\/p>\n","protected":false},"excerpt":{"rendered":"<p>Peda\u0142y CORRATEC Easy Click Rodzaj Wpinane Stan NOS, Nie u\u017cywane, Posiadaj\u0105 ryski Retro MTB<\/p>\n","protected":false},"featured_media":2290,"comment_status":"open","ping_status":"closed","template":"","meta":[],"product_brand":[],"product_cat":[28],"product_tag":[210,130,88,129,134],"class_list":{"0":"post-2289","1":"product","2":"type-product","3":"status-publish","4":"has-post-thumbnail","6":"product_cat-czesci-i-akcesoria-uzywane","7":"product_tag-corratec","8":"product_tag-pedaly","9":"product_tag-retro-mtb","10":"product_tag-spd","11":"product_tag-ultralight","12":"product_shipping_class-mala-paczka","14":"first","15":"instock","16":"shipping-taxable","17":"purchasable","18":"product-type-simple"},"_links":{"self":[{"href":"https:\/\/bicycool.pl\/index.php?rest_route=\/wp\/v2\/product\/2289","targetHints":{"allow":["GET"]}}],"collection":[{"href":"https:\/\/bicycool.pl\/index.php?rest_route=\/wp\/v2\/product"}],"about":[{"href":"https:\/\/bicycool.pl\/index.php?rest_route=\/wp\/v2\/types\/product"}],"replies":[{"embeddable":true,"href":"https:\/\/bicycool.pl\/index.php?rest_route=%2Fwp%2Fv2%2Fcomments&post=2289"}],"wp:featuredmedia":[{"embeddable":true,"href":"https:\/\/bicycool.pl\/index.php?rest_route=\/wp\/v2\/media\/2290"}],"wp:attachment":[{"href":"https:\/\/bicycool.pl\/index.php?rest_route=%2Fwp%2Fv2%2Fmedia&parent=2289"}],"wp:term":[{"taxonomy":"product_brand","embeddable":true,"href":"https:\/\/bicycool.pl\/index.php?rest_route=%2Fwp%2Fv2%2Fproduct_brand&post=2289"},{"taxonomy":"product_cat","embeddable":true,"href":"https:\/\/bicycool.pl\/index.php?rest_route=%2Fwp%2Fv2%2Fproduct_cat&post=2289"},{"taxonomy":"product_tag","embeddable":true,"href":"https:\/\/bicycool.pl\/index.php?rest_route=%2Fwp%2Fv2%2Fproduct_tag&post=2289"}],"curies":[{"name":"wp","href":"https:\/\/api.w.org\/{rel}","templated":true}]}}