{"id":2465,"date":"2024-12-11T15:31:51","date_gmt":"2024-12-11T14:31:51","guid":{"rendered":"https:\/\/bicycool.pl\/?post_type=product&#038;p=2465"},"modified":"2024-12-11T17:21:15","modified_gmt":"2024-12-11T16:21:15","slug":"woom-off-4","status":"publish","type":"product","link":"https:\/\/bicycool.pl\/?product=woom-off-4","title":{"rendered":"Woom OFF 4"},"content":{"rendered":"<h1 class=\"product_title entry-title font-size-50 mb-2\">Woom OFF 4<\/h1>\n<h2><strong>Rower:<\/strong> 20\u2033<\/h2>\n<h2><strong>Waga:<\/strong> 8,1 kg<\/h2>\n<h2><strong>Wiek:<\/strong> 6 &#8211; 8 lat<\/h2>\n<h2><strong>Wzrost:<\/strong>\u00a0 118 &#8211; 130 cm<\/h2>\n<p>&nbsp;<\/p>\n<h3>Woom OFF 4<br \/>\nLekkie rowerowe przygody na ka\u017cdym szlaku!<br \/>\nWoom OFF 4 to ultralekki, wytrzyma\u0142y rower g\u00f3rski, idealny dla dzieci od sz\u00f3stego roku \u017cycia. Zosta\u0142 zaprojektowany, by by\u0107 doskona\u0142ym wprowadzeniem do kolarstwa g\u00f3rskiego, jednocze\u015bnie umo\u017cliwiaj\u0105c dzieciom rozwijanie swoich umiej\u0119tno\u015bci na wy\u017cszym poziomie. Ergonomiczna konstrukcja, przyjazna geometria i wysokiej jako\u015bci komponenty zapewniaj\u0105 komfort, bezpiecze\u0144stwo i pe\u0142n\u0105 kontrol\u0119 na ka\u017cdej trasie.<\/h3>\n<h2><\/h2>\n","protected":false},"excerpt":{"rendered":"<p>Woom OFF 4 Rower: 20\u2033 Waga: 8,1 kg Wiek: 6 &#8211; 8 lat Wzrost:\u00a0 118 &#8211; 130 cm &nbsp; Woom OFF 4 Lekkie rowerowe przygody na ka\u017cdym szlaku! Woom OFF 4 to ultralekki, wytrzyma\u0142y rower g\u00f3rski, idealny dla dzieci od sz\u00f3stego roku \u017cycia. Zosta\u0142 zaprojektowany, by by\u0107 doskona\u0142ym wprowadzeniem do kolarstwa g\u00f3rskiego, jednocze\u015bnie umo\u017cliwiaj\u0105c dzieciom&hellip;<\/p>\n","protected":false},"featured_media":2470,"comment_status":"open","ping_status":"closed","template":"","meta":[],"product_brand":[],"product_cat":[26,42,23],"product_tag":[],"class_list":{"0":"post-2465","1":"product","2":"type-product","3":"status-publish","4":"has-post-thumbnail","6":"product_cat-rowery-2","7":"product_cat-kids","8":"product_cat-rowery","9":"product_shipping_class-rower","11":"first","12":"outofstock","13":"shipping-taxable","14":"purchasable","15":"product-type-variable"},"_links":{"self":[{"href":"https:\/\/bicycool.pl\/index.php?rest_route=\/wp\/v2\/product\/2465","targetHints":{"allow":["GET"]}}],"collection":[{"href":"https:\/\/bicycool.pl\/index.php?rest_route=\/wp\/v2\/product"}],"about":[{"href":"https:\/\/bicycool.pl\/index.php?rest_route=\/wp\/v2\/types\/product"}],"replies":[{"embeddable":true,"href":"https:\/\/bicycool.pl\/index.php?rest_route=%2Fwp%2Fv2%2Fcomments&post=2465"}],"wp:featuredmedia":[{"embeddable":true,"href":"https:\/\/bicycool.pl\/index.php?rest_route=\/wp\/v2\/media\/2470"}],"wp:attachment":[{"href":"https:\/\/bicycool.pl\/index.php?rest_route=%2Fwp%2Fv2%2Fmedia&parent=2465"}],"wp:term":[{"taxonomy":"product_brand","embeddable":true,"href":"https:\/\/bicycool.pl\/index.php?rest_route=%2Fwp%2Fv2%2Fproduct_brand&post=2465"},{"taxonomy":"product_cat","embeddable":true,"href":"https:\/\/bicycool.pl\/index.php?rest_route=%2Fwp%2Fv2%2Fproduct_cat&post=2465"},{"taxonomy":"product_tag","embeddable":true,"href":"https:\/\/bicycool.pl\/index.php?rest_route=%2Fwp%2Fv2%2Fproduct_tag&post=2465"}],"curies":[{"name":"wp","href":"https:\/\/api.w.org\/{rel}","templated":true}]}}