{"id":2490,"date":"2024-12-11T16:16:39","date_gmt":"2024-12-11T15:16:39","guid":{"rendered":"https:\/\/bicycool.pl\/?post_type=product&#038;p=2490"},"modified":"2024-12-11T17:14:26","modified_gmt":"2024-12-11T16:14:26","slug":"woom-off-5-air","status":"publish","type":"product","link":"https:\/\/bicycool.pl\/?product=woom-off-5-air","title":{"rendered":"Woom OFF 5 AIR"},"content":{"rendered":"<h1 class=\"product_title entry-title font-size-50 mb-2\">Woom OFF 5 AIR<\/h1>\n<h2><strong>Rower:<\/strong> 24\u2033<\/h2>\n<h2><strong>Waga:<\/strong> 10,3 kg<\/h2>\n<h2><strong>Wiek:<\/strong> 7 &#8211; 11 lat<\/h2>\n<h2><strong>Wzrost:<\/strong>\u00a0 128 &#8211; 145 cm<\/h2>\n<p>&nbsp;<\/p>\n<h3>Woom OFF AIR 5<br \/>\nPe\u0142na kontrola na ka\u017cdym zakr\u0119cie!<br \/>\nNowy Woom OFF AIR 5 to ultralekki, amortyzowany rower g\u00f3rski stworzony dla dzieci od si\u00f3dmego roku \u017cycia. Dzi\u0119ki ergonomicznemu projektowi \u015bwietnie sprawdza si\u0119 na wymagaj\u0105cych trasach i stromych zjazdach. Amortyzowany widelec i niezawodne hamulce tarczowe gwarantuj\u0105 bezpiecze\u0144stwo, precyzj\u0119 oraz ogromn\u0105 frajd\u0119 podczas ka\u017cdej przygody na dw\u00f3ch k\u00f3\u0142kach!<\/h3>\n<p>&nbsp;<\/p>\n","protected":false},"excerpt":{"rendered":"<p>Woom OFF 5 AIR Rower: 24\u2033 Waga: 10,3 kg Wiek: 7 &#8211; 11 lat Wzrost:\u00a0 128 &#8211; 145 cm &nbsp; Woom OFF AIR 5 Pe\u0142na kontrola na ka\u017cdym zakr\u0119cie! Nowy Woom OFF AIR 5 to ultralekki, amortyzowany rower g\u00f3rski stworzony dla dzieci od si\u00f3dmego roku \u017cycia. Dzi\u0119ki ergonomicznemu projektowi \u015bwietnie sprawdza si\u0119 na wymagaj\u0105cych trasach&hellip;<\/p>\n","protected":false},"featured_media":2493,"comment_status":"open","ping_status":"closed","template":"","meta":[],"product_brand":[],"product_cat":[26,42,23],"product_tag":[],"class_list":{"0":"post-2490","1":"product","2":"type-product","3":"status-publish","4":"has-post-thumbnail","6":"product_cat-rowery-2","7":"product_cat-kids","8":"product_cat-rowery","9":"product_shipping_class-rower","11":"first","12":"outofstock","13":"shipping-taxable","14":"purchasable","15":"product-type-variable"},"_links":{"self":[{"href":"https:\/\/bicycool.pl\/index.php?rest_route=\/wp\/v2\/product\/2490","targetHints":{"allow":["GET"]}}],"collection":[{"href":"https:\/\/bicycool.pl\/index.php?rest_route=\/wp\/v2\/product"}],"about":[{"href":"https:\/\/bicycool.pl\/index.php?rest_route=\/wp\/v2\/types\/product"}],"replies":[{"embeddable":true,"href":"https:\/\/bicycool.pl\/index.php?rest_route=%2Fwp%2Fv2%2Fcomments&post=2490"}],"wp:featuredmedia":[{"embeddable":true,"href":"https:\/\/bicycool.pl\/index.php?rest_route=\/wp\/v2\/media\/2493"}],"wp:attachment":[{"href":"https:\/\/bicycool.pl\/index.php?rest_route=%2Fwp%2Fv2%2Fmedia&parent=2490"}],"wp:term":[{"taxonomy":"product_brand","embeddable":true,"href":"https:\/\/bicycool.pl\/index.php?rest_route=%2Fwp%2Fv2%2Fproduct_brand&post=2490"},{"taxonomy":"product_cat","embeddable":true,"href":"https:\/\/bicycool.pl\/index.php?rest_route=%2Fwp%2Fv2%2Fproduct_cat&post=2490"},{"taxonomy":"product_tag","embeddable":true,"href":"https:\/\/bicycool.pl\/index.php?rest_route=%2Fwp%2Fv2%2Fproduct_tag&post=2490"}],"curies":[{"name":"wp","href":"https:\/\/api.w.org\/{rel}","templated":true}]}}