{"id":2500,"date":"2024-12-11T16:30:13","date_gmt":"2024-12-11T15:30:13","guid":{"rendered":"https:\/\/bicycool.pl\/?post_type=product&#038;p=2500"},"modified":"2024-12-11T17:10:20","modified_gmt":"2024-12-11T16:10:20","slug":"woom-now-6","status":"publish","type":"product","link":"https:\/\/bicycool.pl\/?product=woom-now-6","title":{"rendered":"Woom NOW 6"},"content":{"rendered":"<h1 class=\"product_title entry-title font-size-50 mb-2\">Woom NOW 6<\/h1>\n<h2><strong>Rower:<\/strong> Rozmiar: 20\u2033 prz\u00f3d, 26\u2033 ty\u0142<\/h2>\n<h2><strong>Waga:<\/strong> 12,6kg<\/h2>\n<h2><strong>Wiek:<\/strong> 10 &#8211; 14 lat<\/h2>\n<h2><strong>Wzrost:<\/strong>\u00a0 142 &#8211; 167 cm<\/h2>\n<p>&nbsp;<\/p>\n<h3>Woom NOW 6 \u2013 rower dla tych, kt\u00f3rzy chc\u0105 wyr\u00f3\u017cni\u0107 si\u0119 na miejskich ulicach! Stworzony z my\u015bl\u0105 o rowerzystach od dziesi\u0105tego roku \u017cycia, ten w pe\u0142ni wyposa\u017cony model \u0142\u0105czy funkcjonalno\u015b\u0107 z wyj\u0105tkowym stylem. Przedni baga\u017cnik i innowacyjna geometria ramy (przednie ko\u0142o 20 cali, tylne 26 cali) zapewniaj\u0105 komfort i stabilno\u015b\u0107, czyni\u0105c ka\u017cd\u0105 przeja\u017cd\u017ck\u0119 po mie\u015bcie prawdziw\u0105 przygod\u0105. Wybierz woom NOW 6 i jed\u017a swoj\u0105 drog\u0105!<\/h3>\n<p>&nbsp;<\/p>\n","protected":false},"excerpt":{"rendered":"<p>Woom NOW 6 Rower: Rozmiar: 20\u2033 prz\u00f3d, 26\u2033 ty\u0142 Waga: 12,6kg Wiek: 10 &#8211; 14 lat Wzrost:\u00a0 142 &#8211; 167 cm &nbsp; Woom NOW 6 \u2013 rower dla tych, kt\u00f3rzy chc\u0105 wyr\u00f3\u017cni\u0107 si\u0119 na miejskich ulicach! Stworzony z my\u015bl\u0105 o rowerzystach od dziesi\u0105tego roku \u017cycia, ten w pe\u0142ni wyposa\u017cony model \u0142\u0105czy funkcjonalno\u015b\u0107 z wyj\u0105tkowym stylem.&hellip;<\/p>\n","protected":false},"featured_media":2503,"comment_status":"open","ping_status":"closed","template":"","meta":[],"product_brand":[],"product_cat":[26,42,23],"product_tag":[],"class_list":{"0":"post-2500","1":"product","2":"type-product","3":"status-publish","4":"has-post-thumbnail","6":"product_cat-rowery-2","7":"product_cat-kids","8":"product_cat-rowery","9":"product_shipping_class-rower","11":"first","12":"onbackorder","13":"shipping-taxable","14":"purchasable","15":"product-type-variable"},"_links":{"self":[{"href":"https:\/\/bicycool.pl\/index.php?rest_route=\/wp\/v2\/product\/2500","targetHints":{"allow":["GET"]}}],"collection":[{"href":"https:\/\/bicycool.pl\/index.php?rest_route=\/wp\/v2\/product"}],"about":[{"href":"https:\/\/bicycool.pl\/index.php?rest_route=\/wp\/v2\/types\/product"}],"replies":[{"embeddable":true,"href":"https:\/\/bicycool.pl\/index.php?rest_route=%2Fwp%2Fv2%2Fcomments&post=2500"}],"wp:featuredmedia":[{"embeddable":true,"href":"https:\/\/bicycool.pl\/index.php?rest_route=\/wp\/v2\/media\/2503"}],"wp:attachment":[{"href":"https:\/\/bicycool.pl\/index.php?rest_route=%2Fwp%2Fv2%2Fmedia&parent=2500"}],"wp:term":[{"taxonomy":"product_brand","embeddable":true,"href":"https:\/\/bicycool.pl\/index.php?rest_route=%2Fwp%2Fv2%2Fproduct_brand&post=2500"},{"taxonomy":"product_cat","embeddable":true,"href":"https:\/\/bicycool.pl\/index.php?rest_route=%2Fwp%2Fv2%2Fproduct_cat&post=2500"},{"taxonomy":"product_tag","embeddable":true,"href":"https:\/\/bicycool.pl\/index.php?rest_route=%2Fwp%2Fv2%2Fproduct_tag&post=2500"}],"curies":[{"name":"wp","href":"https:\/\/api.w.org\/{rel}","templated":true}]}}