{"id":269,"date":"2023-11-17T15:56:22","date_gmt":"2023-11-17T14:56:22","guid":{"rendered":"https:\/\/bicycool.pl\/?post_type=product&#038;p=269"},"modified":"2024-12-05T13:26:24","modified_gmt":"2024-12-05T12:26:24","slug":"halcyon-275-db-ac","status":"publish","type":"product","link":"https:\/\/bicycool.pl\/?product=halcyon-275-db-ac","title":{"rendered":"HALCYON DB AC 29&#8243;"},"content":{"rendered":"<h1>HALCYON DB AC<\/h1>\n<h3>Solidny rower MTB, idealny dla os\u00f3b rozpoczynaj\u0105cych swoj\u0105 przygod\u0119 z kolarstwem g\u00f3rskim. Wyposa\u017cony w lekk\u0105, hydroformowan\u0105 aluminiow\u0105 ram\u0119 o sportowej geometrii z systemem Cable Inside Frame, zapewnia wygod\u0119 i wytrzyma\u0142o\u015b\u0107. Z hydraulicznymi hamulcami tarczowymi Gemma, rower gwarantuje pewno\u015b\u0107 i skuteczno\u015b\u0107 hamowania w ka\u017cdych warunkach. Ko\u0142a oparte na piastach Shimano TX505, wzmocnionych obr\u0119czach i szprychach Sapim, poradz\u0105 sobie z trudnymi nawierzchniami. Dzi\u0119ki 24-biegowemu nap\u0119dowi Shimano Acera\/Tourney, pokonywanie wzniesie\u0144 staje si\u0119 \u0142atwiejsze. Amortyzator Suntour XCE DS 100mm z regulacj\u0105 zapewni optymaln\u0105 kontrol\u0119 i komfort podczas jazdy po nier\u00f3wno\u015bciach.<\/h3>\n<h4><strong>Specyfikacja:<\/strong><\/h4>\n<p><strong>Rozmiar ko\u0142a:<\/strong> 29&#8243;<br \/>\n<strong>Ilo\u015b\u0107 bieg\u00f3w:<\/strong> 24<\/p>\n<p><strong>Rama:<\/strong> Alu 6061 Hydroformowana<br \/>\n<strong>Widelec:<\/strong> SR Suntour XCE-DS-29 100mm<br \/>\n<strong>Przerzutka tylna:<\/strong> Shimano Acera RD-M3020 SGS<br \/>\n<strong>Przerzutka przednia:<\/strong> Shimano FD-TY700-3 speed<br \/>\n<strong>Manetki:<\/strong> Shimano SLM 315<br \/>\n<strong>Korba:<\/strong> Shimano 42x34x24T 175mm<br \/>\n<strong>Hamulce:<\/strong> GEMMA GA-900, hydrauliczne<br \/>\n<strong>\u0141a\u0144cuch:<\/strong> KMC Z-8<br \/>\n<strong>Kaseta:<\/strong> Shimano HG-31 &#8211; 8rz (11-32)<br \/>\n<strong>Piasty:<\/strong> Shimano RM TX-505 F-R 32H QR<br \/>\n<strong>Obr\u0119cze:<\/strong> Northtec wzmacniane 622&#215;22<br \/>\n<strong>Szprychy:<\/strong> Sapim Zink<br \/>\n<strong>Opony:<\/strong> Kenda 29&#215;2.10<br \/>\n<strong>Siod\u0142o:<\/strong> Northtec MTB<br \/>\n<strong>Kierownica:<\/strong> UNO 31,8 700mm<br \/>\n<strong>Mostek:<\/strong> UNO 90\/110mm<br \/>\n<strong>Sztyca:<\/strong> UNO 27,2 400mm<\/p>\n<p><strong>Waga:<\/strong> 14,4 kg<\/p>\n","protected":false},"excerpt":{"rendered":"<p>HALCYON DB AC<\/p>\n<p><strong>Rozmiary ramy:<\/strong><\/p>\n<ul>\n<li><strong>13,5&#8243;<\/strong> \u2013 148 cm \u2013 156 cm<\/li>\n<li><strong>15&#8243;<\/strong> \u2013 157 cm \u2013 165 cm<\/li>\n<li><strong>17&#8243;<\/strong> \u2013 165 cm \u2013 178 cm<\/li>\n<li><strong>19&#8243;<\/strong> \u2013 176 cm \u2013 188 cm<\/li>\n<li><strong>21&#8243;<\/strong> \u2013 185 cm \u2013 195 cm<\/li>\n<\/ul>\n","protected":false},"featured_media":2145,"comment_status":"open","ping_status":"closed","template":"","meta":[],"product_brand":[],"product_cat":[48,26,23],"product_tag":[49,55,52],"class_list":{"0":"post-269","1":"product","2":"type-product","3":"status-publish","4":"has-post-thumbnail","6":"product_cat-mtb","7":"product_cat-rowery-2","8":"product_cat-rowery","9":"product_tag-mtb","10":"product_tag-northtec","11":"product_tag-suntour","12":"product_shipping_class-rower","14":"first","15":"instock","16":"shipping-taxable","17":"purchasable","18":"product-type-variable"},"_links":{"self":[{"href":"https:\/\/bicycool.pl\/index.php?rest_route=\/wp\/v2\/product\/269","targetHints":{"allow":["GET"]}}],"collection":[{"href":"https:\/\/bicycool.pl\/index.php?rest_route=\/wp\/v2\/product"}],"about":[{"href":"https:\/\/bicycool.pl\/index.php?rest_route=\/wp\/v2\/types\/product"}],"replies":[{"embeddable":true,"href":"https:\/\/bicycool.pl\/index.php?rest_route=%2Fwp%2Fv2%2Fcomments&post=269"}],"wp:featuredmedia":[{"embeddable":true,"href":"https:\/\/bicycool.pl\/index.php?rest_route=\/wp\/v2\/media\/2145"}],"wp:attachment":[{"href":"https:\/\/bicycool.pl\/index.php?rest_route=%2Fwp%2Fv2%2Fmedia&parent=269"}],"wp:term":[{"taxonomy":"product_brand","embeddable":true,"href":"https:\/\/bicycool.pl\/index.php?rest_route=%2Fwp%2Fv2%2Fproduct_brand&post=269"},{"taxonomy":"product_cat","embeddable":true,"href":"https:\/\/bicycool.pl\/index.php?rest_route=%2Fwp%2Fv2%2Fproduct_cat&post=269"},{"taxonomy":"product_tag","embeddable":true,"href":"https:\/\/bicycool.pl\/index.php?rest_route=%2Fwp%2Fv2%2Fproduct_tag&post=269"}],"curies":[{"name":"wp","href":"https:\/\/api.w.org\/{rel}","templated":true}]}}