{"id":372,"date":"2023-11-20T10:33:26","date_gmt":"2023-11-20T09:33:26","guid":{"rendered":"https:\/\/bicycool.pl\/?post_type=product&#038;p=372"},"modified":"2024-03-28T13:30:28","modified_gmt":"2024-03-28T12:30:28","slug":"maxim-mj-4-2-3s","status":"publish","type":"product","link":"https:\/\/bicycool.pl\/?product=maxim-mj-4-2-3s","title":{"rendered":"Maxim MJ 4.2 3s"},"content":{"rendered":"<h3>Maxim MJ 4.2 3s<\/h3>\n<p><strong>Specyfikacja:<\/strong><\/p>\n<ul>\n<li><strong>Rama:<\/strong> Stal<\/li>\n<li><strong>Widelec:<\/strong> Zoom CH-327<\/li>\n<li><strong>Przerzutka Ty\u0142:<\/strong> Shimano Nexus 3-s<\/li>\n<li><strong>Manetki:<\/strong> Shimano Nexus 3-s<\/li>\n<li><strong>Korby:<\/strong> Deta steel 33T<\/li>\n<li><strong>Peda\u0142y:<\/strong> Feimin FP-627<\/li>\n<li><strong>Hamulec Prz\u00f3d:<\/strong> Promax alloy TX-117<\/li>\n<li><strong>Hamulec Ty\u0142:<\/strong> Nexus 3-s<\/li>\n<li><strong>Piasta Prz\u00f3d:<\/strong> Asses steel AE-241F<\/li>\n<li><strong>Piasta Ty\u0142:<\/strong> Shimano Nexus 3-s<\/li>\n<li><strong>Obr\u0119cze:<\/strong> RMX alloy<\/li>\n<li><strong>Opony:<\/strong> 20 x 1,75 CST<\/li>\n<li><strong>Rozmiar Ko\u0142a:<\/strong> 20&#8243;<\/li>\n<li><strong>Kierownica:<\/strong> Zoom MTB-153<\/li>\n<li><strong>Wspornik Kierownicy:<\/strong> Zoom HA-C40<\/li>\n<li><strong>Chwyty:<\/strong> Herrmans 82<\/li>\n<li><strong>Siod\u0142o:<\/strong> Abi SO-1302<\/li>\n<li><strong>Wspornik Siod\u0142a:<\/strong> Zoom SP-200<\/li>\n<li><strong>B\u0142otniki:<\/strong> Plastikowe<\/li>\n<li><strong>Podp\u00f3rka:<\/strong> stal<\/li>\n<li><strong>Rozmiar\u00a0Ramy:<\/strong> 11&#8243;<\/li>\n<li><strong>Ilo\u015b\u0107 Bieg\u00f3w:<\/strong> 3<\/li>\n<li><strong>Waga:<\/strong> 13,1 kg<\/li>\n<\/ul>\n","protected":false},"excerpt":{"rendered":"<div>Ko\u0142a 20&#8243;<\/div>\n<div>Rama 11&#8243;<\/div>\n<div>3-biegowy<\/div>\n","protected":false},"featured_media":373,"comment_status":"open","ping_status":"closed","template":"","meta":[],"product_brand":[],"product_cat":[26,42,23],"product_tag":[77,78,74,79],"class_list":{"0":"post-372","1":"product","2":"type-product","3":"status-publish","4":"has-post-thumbnail","6":"product_cat-rowery-2","7":"product_cat-kids","8":"product_cat-rowery","9":"product_tag-77","10":"product_tag-konin","11":"product_tag-maxim","12":"product_tag-mj-4-2","13":"product_shipping_class-rower","15":"first","16":"instock","17":"shipping-taxable","18":"purchasable","19":"product-type-simple"},"_links":{"self":[{"href":"https:\/\/bicycool.pl\/index.php?rest_route=\/wp\/v2\/product\/372","targetHints":{"allow":["GET"]}}],"collection":[{"href":"https:\/\/bicycool.pl\/index.php?rest_route=\/wp\/v2\/product"}],"about":[{"href":"https:\/\/bicycool.pl\/index.php?rest_route=\/wp\/v2\/types\/product"}],"replies":[{"embeddable":true,"href":"https:\/\/bicycool.pl\/index.php?rest_route=%2Fwp%2Fv2%2Fcomments&post=372"}],"wp:featuredmedia":[{"embeddable":true,"href":"https:\/\/bicycool.pl\/index.php?rest_route=\/wp\/v2\/media\/373"}],"wp:attachment":[{"href":"https:\/\/bicycool.pl\/index.php?rest_route=%2Fwp%2Fv2%2Fmedia&parent=372"}],"wp:term":[{"taxonomy":"product_brand","embeddable":true,"href":"https:\/\/bicycool.pl\/index.php?rest_route=%2Fwp%2Fv2%2Fproduct_brand&post=372"},{"taxonomy":"product_cat","embeddable":true,"href":"https:\/\/bicycool.pl\/index.php?rest_route=%2Fwp%2Fv2%2Fproduct_cat&post=372"},{"taxonomy":"product_tag","embeddable":true,"href":"https:\/\/bicycool.pl\/index.php?rest_route=%2Fwp%2Fv2%2Fproduct_tag&post=372"}],"curies":[{"name":"wp","href":"https:\/\/api.w.org\/{rel}","templated":true}]}}