{"id":404,"date":"2023-11-20T13:15:48","date_gmt":"2023-11-20T12:15:48","guid":{"rendered":"https:\/\/bicycool.pl\/?post_type=product&#038;p=404"},"modified":"2023-11-20T13:21:17","modified_gmt":"2023-11-20T12:21:17","slug":"fotelik-hamax-caress-observer","status":"publish","type":"product","link":"https:\/\/bicycool.pl\/?product=fotelik-hamax-caress-observer","title":{"rendered":"Fotelik Hamax CARESS OBSERVER"},"content":{"rendered":"<h3>Fotelik Hamax CARESS OBSERVER<\/h3>\n<div class=\"label-above\">OPIS<\/div>\n<p class=\"rtejustify\">Nowy fotelik w ofercie firmy HAMAX. Do mocowania z\u00a0 przodu roweru. Posiada regulowane podp\u00f3rki na stopy, os\u0142aniaj\u0105ce z\u00a0 boku pod\u0142okietniki i\u00a0 wyprofilowane oparcie. Zatrzaskowe zapi\u0119cie i szelki mog\u0105 by\u0107 obs\u0142ugiwane jedn\u0105 r\u0119k\u0105, dzi\u0119ki czemu zak\u0142adanie jest \u0142atwiejsze i\u00a0 bezpieczniejsze. Waga przewo\u017conego dziecka nie mo\u017ce przekracza\u0107 15 kg.<\/p>\n<p><a href=\"https:\/\/www.youtube.com\/watch?v=hLhf0H2ZdP4\"><strong>Prezentacja Video fotelika<\/strong><\/a><\/p>\n","protected":false},"excerpt":{"rendered":"<p>Fotelik PRZEDNI Hamax CARESS OBSERVER<\/p>\n","protected":false},"featured_media":405,"comment_status":"open","ping_status":"closed","template":"","meta":[],"product_brand":[],"product_cat":[29,104],"product_tag":[105,106,107],"class_list":{"0":"post-404","1":"product","2":"type-product","3":"status-publish","4":"has-post-thumbnail","6":"product_cat-akcesoria","7":"product_cat-foteliki","8":"product_tag-fotelik","9":"product_tag-hamax","10":"product_tag-observer","11":"product_shipping_class-mala-paczka","13":"first","14":"instock","15":"shipping-taxable","16":"purchasable","17":"product-type-simple"},"_links":{"self":[{"href":"https:\/\/bicycool.pl\/index.php?rest_route=\/wp\/v2\/product\/404","targetHints":{"allow":["GET"]}}],"collection":[{"href":"https:\/\/bicycool.pl\/index.php?rest_route=\/wp\/v2\/product"}],"about":[{"href":"https:\/\/bicycool.pl\/index.php?rest_route=\/wp\/v2\/types\/product"}],"replies":[{"embeddable":true,"href":"https:\/\/bicycool.pl\/index.php?rest_route=%2Fwp%2Fv2%2Fcomments&post=404"}],"wp:featuredmedia":[{"embeddable":true,"href":"https:\/\/bicycool.pl\/index.php?rest_route=\/wp\/v2\/media\/405"}],"wp:attachment":[{"href":"https:\/\/bicycool.pl\/index.php?rest_route=%2Fwp%2Fv2%2Fmedia&parent=404"}],"wp:term":[{"taxonomy":"product_brand","embeddable":true,"href":"https:\/\/bicycool.pl\/index.php?rest_route=%2Fwp%2Fv2%2Fproduct_brand&post=404"},{"taxonomy":"product_cat","embeddable":true,"href":"https:\/\/bicycool.pl\/index.php?rest_route=%2Fwp%2Fv2%2Fproduct_cat&post=404"},{"taxonomy":"product_tag","embeddable":true,"href":"https:\/\/bicycool.pl\/index.php?rest_route=%2Fwp%2Fv2%2Fproduct_tag&post=404"}],"curies":[{"name":"wp","href":"https:\/\/api.w.org\/{rel}","templated":true}]}}