{"id":439,"date":"2023-11-20T15:51:28","date_gmt":"2023-11-20T14:51:28","guid":{"rendered":"https:\/\/bicycool.pl\/?post_type=product&#038;p=439"},"modified":"2023-11-20T15:54:57","modified_gmt":"2023-11-20T14:54:57","slug":"chwyty-kierownicy-kellys-advancer-black","status":"publish","type":"product","link":"https:\/\/bicycool.pl\/?product=chwyty-kierownicy-kellys-advancer-black","title":{"rendered":"Chwyty kierownicy Kellys ADVANCER Black"},"content":{"rendered":"<h3>Kellys ADVANCER Black<\/h3>\n<p>Chwyty kierownicy KLS ADVANCER o nowo zaprojektowanej fakturze s\u0105 przeznaczone dla rowerzyst\u00f3w, kt\u00f3rym zale\u017cy na wygodnym i pewnym trzymaniu roweru. Jednokomponentowy uchwyt wykonany zosta\u0142 z mi\u0119kkiego w dotyku KRATONU. Zosta\u0142 zaprojektowany, aby zmniejszy\u0107 wstrz\u0105sy i wibracje, zapewniaj\u0105c wygodniejsz\u0105 jazd\u0119. Jest dost\u0119pny w popularnych ju\u017c kolorach, a tak\u017ce w kolorach pasuj\u0105cych do naszych rower\u00f3w. Chwyt jest zamkni\u0119ty z jednej strony, aby zapobiec przedostawaniu si\u0119 brudu do kierownicy.<\/p>\n<p><strong>DETALE<br \/>\n<\/strong>Rozmiary: 130 x 31mm<\/p>\n<p><strong>OPCJE<br \/>\n<\/strong>Kolor:<em>\u00a0<\/em>czarny<\/p>\n<p><strong>KOMPATYBILNO\u015a\u0106<br \/>\n<\/strong>Pasuje do wszystkich popularnych kierownic<\/p>\n","protected":false},"excerpt":{"rendered":"<p>Kellys ADVANCER Black Chwyty kierownicy KLS ADVANCER o nowo zaprojektowanej fakturze s\u0105 przeznaczone dla rowerzyst\u00f3w, kt\u00f3rym zale\u017cy na wygodnym i pewnym trzymaniu roweru. Jednokomponentowy uchwyt wykonany zosta\u0142 z mi\u0119kkiego w dotyku KRATONU. Zosta\u0142 zaprojektowany, aby zmniejszy\u0107 wstrz\u0105sy i wibracje, zapewniaj\u0105c wygodniejsz\u0105 jazd\u0119. Jest dost\u0119pny w popularnych ju\u017c kolorach, a tak\u017ce w kolorach pasuj\u0105cych do naszych&hellip;<\/p>\n","protected":false},"featured_media":440,"comment_status":"open","ping_status":"closed","template":"","meta":[],"product_brand":[],"product_cat":[124,27],"product_tag":[63],"class_list":{"0":"post-439","1":"product","2":"type-product","3":"status-publish","4":"has-post-thumbnail","6":"product_cat-gripy-owijki","7":"product_cat-czesci-nowe","8":"product_tag-kellys","9":"product_shipping_class-mala-paczka","11":"first","12":"instock","13":"shipping-taxable","14":"purchasable","15":"product-type-simple"},"_links":{"self":[{"href":"https:\/\/bicycool.pl\/index.php?rest_route=\/wp\/v2\/product\/439","targetHints":{"allow":["GET"]}}],"collection":[{"href":"https:\/\/bicycool.pl\/index.php?rest_route=\/wp\/v2\/product"}],"about":[{"href":"https:\/\/bicycool.pl\/index.php?rest_route=\/wp\/v2\/types\/product"}],"replies":[{"embeddable":true,"href":"https:\/\/bicycool.pl\/index.php?rest_route=%2Fwp%2Fv2%2Fcomments&post=439"}],"wp:featuredmedia":[{"embeddable":true,"href":"https:\/\/bicycool.pl\/index.php?rest_route=\/wp\/v2\/media\/440"}],"wp:attachment":[{"href":"https:\/\/bicycool.pl\/index.php?rest_route=%2Fwp%2Fv2%2Fmedia&parent=439"}],"wp:term":[{"taxonomy":"product_brand","embeddable":true,"href":"https:\/\/bicycool.pl\/index.php?rest_route=%2Fwp%2Fv2%2Fproduct_brand&post=439"},{"taxonomy":"product_cat","embeddable":true,"href":"https:\/\/bicycool.pl\/index.php?rest_route=%2Fwp%2Fv2%2Fproduct_cat&post=439"},{"taxonomy":"product_tag","embeddable":true,"href":"https:\/\/bicycool.pl\/index.php?rest_route=%2Fwp%2Fv2%2Fproduct_tag&post=439"}],"curies":[{"name":"wp","href":"https:\/\/api.w.org\/{rel}","templated":true}]}}