{"id":471,"date":"2023-11-20T17:05:10","date_gmt":"2023-11-20T16:05:10","guid":{"rendered":"https:\/\/bicycool.pl\/?post_type=product&#038;p=471"},"modified":"2023-11-20T17:07:45","modified_gmt":"2023-11-20T16:07:45","slug":"lusterko-force-na-kierownice","status":"publish","type":"product","link":"https:\/\/bicycool.pl\/?product=lusterko-force-na-kierownice","title":{"rendered":"Lusterko FORCE na kierownic\u0119"},"content":{"rendered":"<h3>Lusterko FORCE na kierownic\u0119<\/h3>\n<ul>\n<li>Dwustronne lusterko wsteczne,<\/li>\n<li>Obracane o 360\u00b0<\/li>\n<li>\u015arednica: 65mm,<\/li>\n<li>Regulowany k\u0105t z mo\u017cliwo\u015bci\u0105 blokady<\/li>\n<li>Uniwersalny silikonowy uchwyt dla kierownic MTB i szosowych<\/li>\n<li>Materia\u0142 lustra: bezpieczny plastik ABS (niezniszczalny)<\/li>\n<li>Waga: 29 g<\/li>\n<\/ul>\n","protected":false},"excerpt":{"rendered":"<p>Lusterko FORCE na kierownic\u0119 Dwustronne lusterko wsteczne, Obracane o 360\u00b0 \u015arednica: 65mm, Regulowany k\u0105t z mo\u017cliwo\u015bci\u0105 blokady Uniwersalny silikonowy uchwyt dla kierownic MTB i szosowych Materia\u0142 lustra: bezpieczny plastik ABS (niezniszczalny) Waga: 29 g<\/p>\n","protected":false},"featured_media":472,"comment_status":"open","ping_status":"closed","template":"","meta":[],"product_brand":[],"product_cat":[29,143],"product_tag":[128,144],"class_list":{"0":"post-471","1":"product","2":"type-product","3":"status-publish","4":"has-post-thumbnail","6":"product_cat-akcesoria","7":"product_cat-lusterka","8":"product_tag-force","9":"product_tag-lusterko","10":"product_shipping_class-mala-paczka","12":"first","13":"instock","14":"shipping-taxable","15":"purchasable","16":"product-type-simple"},"_links":{"self":[{"href":"https:\/\/bicycool.pl\/index.php?rest_route=\/wp\/v2\/product\/471","targetHints":{"allow":["GET"]}}],"collection":[{"href":"https:\/\/bicycool.pl\/index.php?rest_route=\/wp\/v2\/product"}],"about":[{"href":"https:\/\/bicycool.pl\/index.php?rest_route=\/wp\/v2\/types\/product"}],"replies":[{"embeddable":true,"href":"https:\/\/bicycool.pl\/index.php?rest_route=%2Fwp%2Fv2%2Fcomments&post=471"}],"wp:featuredmedia":[{"embeddable":true,"href":"https:\/\/bicycool.pl\/index.php?rest_route=\/wp\/v2\/media\/472"}],"wp:attachment":[{"href":"https:\/\/bicycool.pl\/index.php?rest_route=%2Fwp%2Fv2%2Fmedia&parent=471"}],"wp:term":[{"taxonomy":"product_brand","embeddable":true,"href":"https:\/\/bicycool.pl\/index.php?rest_route=%2Fwp%2Fv2%2Fproduct_brand&post=471"},{"taxonomy":"product_cat","embeddable":true,"href":"https:\/\/bicycool.pl\/index.php?rest_route=%2Fwp%2Fv2%2Fproduct_cat&post=471"},{"taxonomy":"product_tag","embeddable":true,"href":"https:\/\/bicycool.pl\/index.php?rest_route=%2Fwp%2Fv2%2Fproduct_tag&post=471"}],"curies":[{"name":"wp","href":"https:\/\/api.w.org\/{rel}","templated":true}]}}