{"id":558,"date":"2023-11-21T15:11:16","date_gmt":"2023-11-21T14:11:16","guid":{"rendered":"https:\/\/bicycool.pl\/?post_type=product&#038;p=558"},"modified":"2025-12-22T17:37:04","modified_gmt":"2025-12-22T16:37:04","slug":"zebatka-tarcza-korby-stronglight-52t-2x9s-2x10s","status":"publish","type":"product","link":"https:\/\/bicycool.pl\/?product=zebatka-tarcza-korby-stronglight-52t-2x9s-2x10s","title":{"rendered":"Z\u0119batka Tarcza korby STRONGLIGHT 52T 2x9s 2x10s"},"content":{"rendered":"<h3>Tarcza korby STRONGLIGHT<\/h3>\n<ul>\n<li>Ramiona: 5-ramienny<\/li>\n<li>Prze\u0142o\u017cenia: 2&#215;10 2&#215;9<\/li>\n<li>Kolor: czarny<\/li>\n<li>Z\u0119by: 52T<\/li>\n<li>BCD 110mm<\/li>\n<\/ul>\n","protected":false},"excerpt":{"rendered":"<p>Tarcza korby STRONGLIGHT Ramiona: 5-ramienny Prze\u0142o\u017cenia: 2&#215;10 2&#215;9 Kolor: czarny Z\u0119by: 52T BCD 110mm<\/p>\n","protected":false},"featured_media":559,"comment_status":"open","ping_status":"closed","template":"","meta":[],"product_brand":[],"product_cat":[15,27,145],"product_tag":[],"class_list":{"0":"post-558","1":"product","2":"type-product","3":"status-publish","4":"has-post-thumbnail","6":"product_cat-czesci","7":"product_cat-czesci-nowe","8":"product_cat-tarcze-mechanizmu-korbowego","9":"product_shipping_class-mala-paczka","11":"first","12":"instock","13":"shipping-taxable","14":"purchasable","15":"product-type-simple"},"_links":{"self":[{"href":"https:\/\/bicycool.pl\/index.php?rest_route=\/wp\/v2\/product\/558","targetHints":{"allow":["GET"]}}],"collection":[{"href":"https:\/\/bicycool.pl\/index.php?rest_route=\/wp\/v2\/product"}],"about":[{"href":"https:\/\/bicycool.pl\/index.php?rest_route=\/wp\/v2\/types\/product"}],"replies":[{"embeddable":true,"href":"https:\/\/bicycool.pl\/index.php?rest_route=%2Fwp%2Fv2%2Fcomments&post=558"}],"wp:featuredmedia":[{"embeddable":true,"href":"https:\/\/bicycool.pl\/index.php?rest_route=\/wp\/v2\/media\/559"}],"wp:attachment":[{"href":"https:\/\/bicycool.pl\/index.php?rest_route=%2Fwp%2Fv2%2Fmedia&parent=558"}],"wp:term":[{"taxonomy":"product_brand","embeddable":true,"href":"https:\/\/bicycool.pl\/index.php?rest_route=%2Fwp%2Fv2%2Fproduct_brand&post=558"},{"taxonomy":"product_cat","embeddable":true,"href":"https:\/\/bicycool.pl\/index.php?rest_route=%2Fwp%2Fv2%2Fproduct_cat&post=558"},{"taxonomy":"product_tag","embeddable":true,"href":"https:\/\/bicycool.pl\/index.php?rest_route=%2Fwp%2Fv2%2Fproduct_tag&post=558"}],"curies":[{"name":"wp","href":"https:\/\/api.w.org\/{rel}","templated":true}]}}