{"id":590,"date":"2023-11-23T14:19:26","date_gmt":"2023-11-23T13:19:26","guid":{"rendered":"https:\/\/bicycool.pl\/?post_type=product&#038;p=590"},"modified":"2023-11-23T14:38:21","modified_gmt":"2023-11-23T13:38:21","slug":"lancuch-shimano-steps-cn-e6070-9-9s","status":"publish","type":"product","link":"https:\/\/bicycool.pl\/?product=lancuch-shimano-steps-cn-e6070-9-9s","title":{"rendered":"\u0141a\u0144cuch Shimano STEPS CN-E6070-9 9s"},"content":{"rendered":"<h3>\u0141a\u0144cuch Shimano STEPS CN-E6070-9<\/h3>\n<p>Model CN-E6070 liczy 138 ogniw, a jego warstwa zewn\u0119trzna pokryta zosta\u0142a cz\u0105steczkami fluoru. Zabieg ten wp\u0142ywa nie tylko na lepsze osi\u0105gi, ale r\u00f3wnie\u017c na wytrzyma\u0142o\u015b\u0107 produktu i p\u0142ynne dzia\u0142anie.<\/p>\n<p>Zastosowanie: rower elektryczny<\/p>\n","protected":false},"excerpt":{"rendered":"<p>\u0141a\u0144cuch Shimano STEPS CN-E6070-9 Model CN-E6070 liczy 138 ogniw, a jego warstwa zewn\u0119trzna pokryta zosta\u0142a cz\u0105steczkami fluoru. Zabieg ten wp\u0142ywa nie tylko na lepsze osi\u0105gi, ale r\u00f3wnie\u017c na wytrzyma\u0142o\u015b\u0107 produktu i p\u0142ynne dzia\u0142anie. Zastosowanie: rower elektryczny<\/p>\n","protected":false},"featured_media":591,"comment_status":"open","ping_status":"closed","template":"","meta":[],"product_brand":[],"product_cat":[15,27,159],"product_tag":[],"class_list":{"0":"post-590","1":"product","2":"type-product","3":"status-publish","4":"has-post-thumbnail","6":"product_cat-czesci","7":"product_cat-czesci-nowe","8":"product_cat-lancuchy","9":"product_shipping_class-mala-paczka","11":"first","12":"instock","13":"sale","14":"shipping-taxable","15":"purchasable","16":"product-type-simple"},"_links":{"self":[{"href":"https:\/\/bicycool.pl\/index.php?rest_route=\/wp\/v2\/product\/590","targetHints":{"allow":["GET"]}}],"collection":[{"href":"https:\/\/bicycool.pl\/index.php?rest_route=\/wp\/v2\/product"}],"about":[{"href":"https:\/\/bicycool.pl\/index.php?rest_route=\/wp\/v2\/types\/product"}],"replies":[{"embeddable":true,"href":"https:\/\/bicycool.pl\/index.php?rest_route=%2Fwp%2Fv2%2Fcomments&post=590"}],"wp:featuredmedia":[{"embeddable":true,"href":"https:\/\/bicycool.pl\/index.php?rest_route=\/wp\/v2\/media\/591"}],"wp:attachment":[{"href":"https:\/\/bicycool.pl\/index.php?rest_route=%2Fwp%2Fv2%2Fmedia&parent=590"}],"wp:term":[{"taxonomy":"product_brand","embeddable":true,"href":"https:\/\/bicycool.pl\/index.php?rest_route=%2Fwp%2Fv2%2Fproduct_brand&post=590"},{"taxonomy":"product_cat","embeddable":true,"href":"https:\/\/bicycool.pl\/index.php?rest_route=%2Fwp%2Fv2%2Fproduct_cat&post=590"},{"taxonomy":"product_tag","embeddable":true,"href":"https:\/\/bicycool.pl\/index.php?rest_route=%2Fwp%2Fv2%2Fproduct_tag&post=590"}],"curies":[{"name":"wp","href":"https:\/\/api.w.org\/{rel}","templated":true}]}}