{"id":615,"date":"2023-11-28T11:05:50","date_gmt":"2023-11-28T10:05:50","guid":{"rendered":"https:\/\/bicycool.pl\/?post_type=product&#038;p=615"},"modified":"2023-11-28T11:10:49","modified_gmt":"2023-11-28T10:10:49","slug":"koszyki-na-butelke-topeak-modula-cage-xl","status":"publish","type":"product","link":"https:\/\/bicycool.pl\/?product=koszyki-na-butelke-topeak-modula-cage-xl","title":{"rendered":"Koszyki na butelk\u0119 TOPEAK Modula Cage XL"},"content":{"rendered":"<h3>Koszyk na butelk\u0119 TOPEAK<\/h3>\n<ul>\n<li>Monta\u017c w miejsce standardowego koszyka na bidon<\/li>\n<li>Gumowa zapinka na szyjk\u0119 butelki<\/li>\n<li>Prosz\u0119 wzi\u0105\u0107 pod uwag\u0119\u00a0 \u017ce koszyk zajmuje miejsce poni\u017cej otwor\u00f3w o ok. 7cm<\/li>\n<\/ul>\n","protected":false},"excerpt":{"rendered":"<p>Koszyk na butelk\u0119 TOPEAK Monta\u017c w miejsce standardowego koszyka na bidon Gumowa zapinka na szyjk\u0119 butelki Prosz\u0119 wzi\u0105\u0107 pod uwag\u0119\u00a0 \u017ce koszyk zajmuje miejsce poni\u017cej otwor\u00f3w o ok. 7cm<\/p>\n","protected":false},"featured_media":617,"comment_status":"open","ping_status":"closed","template":"","meta":[],"product_brand":[],"product_cat":[29,160,85],"product_tag":[],"class_list":{"0":"post-615","1":"product","2":"type-product","3":"status-publish","4":"has-post-thumbnail","6":"product_cat-akcesoria","7":"product_cat-bidony","8":"product_cat-outlet","9":"product_shipping_class-mala-paczka","11":"first","12":"instock","13":"sale","14":"shipping-taxable","15":"purchasable","16":"product-type-simple"},"_links":{"self":[{"href":"https:\/\/bicycool.pl\/index.php?rest_route=\/wp\/v2\/product\/615","targetHints":{"allow":["GET"]}}],"collection":[{"href":"https:\/\/bicycool.pl\/index.php?rest_route=\/wp\/v2\/product"}],"about":[{"href":"https:\/\/bicycool.pl\/index.php?rest_route=\/wp\/v2\/types\/product"}],"replies":[{"embeddable":true,"href":"https:\/\/bicycool.pl\/index.php?rest_route=%2Fwp%2Fv2%2Fcomments&post=615"}],"wp:featuredmedia":[{"embeddable":true,"href":"https:\/\/bicycool.pl\/index.php?rest_route=\/wp\/v2\/media\/617"}],"wp:attachment":[{"href":"https:\/\/bicycool.pl\/index.php?rest_route=%2Fwp%2Fv2%2Fmedia&parent=615"}],"wp:term":[{"taxonomy":"product_brand","embeddable":true,"href":"https:\/\/bicycool.pl\/index.php?rest_route=%2Fwp%2Fv2%2Fproduct_brand&post=615"},{"taxonomy":"product_cat","embeddable":true,"href":"https:\/\/bicycool.pl\/index.php?rest_route=%2Fwp%2Fv2%2Fproduct_cat&post=615"},{"taxonomy":"product_tag","embeddable":true,"href":"https:\/\/bicycool.pl\/index.php?rest_route=%2Fwp%2Fv2%2Fproduct_tag&post=615"}],"curies":[{"name":"wp","href":"https:\/\/api.w.org\/{rel}","templated":true}]}}