{"id":649,"date":"2023-11-28T12:33:09","date_gmt":"2023-11-28T11:33:09","guid":{"rendered":"https:\/\/bicycool.pl\/?post_type=product&#038;p=649"},"modified":"2023-11-28T12:47:50","modified_gmt":"2023-11-28T11:47:50","slug":"przedluzki-zaworow-kcnc-presta-100mm-2szt-zielone","status":"publish","type":"product","link":"https:\/\/bicycool.pl\/?product=przedluzki-zaworow-kcnc-presta-100mm-2szt-zielone","title":{"rendered":"Przed\u0142u\u017cki zawor\u00f3w KCNC Presta 100mm 2szt Zielone"},"content":{"rendered":"<h3 class=\"Product_product-title__BALAQ\">Przed\u0142u\u017cki zawor\u00f3w KCNC<\/h3>\n<ul>\n<li>Materia\u0142 &#8211; Aluminium<\/li>\n<li>Rozmiar &#8211; <strong>100mm<\/strong><\/li>\n<li>2szt w zestawie<\/li>\n<li>Kolor &#8211; Zielony<\/li>\n<\/ul>\n","protected":false},"excerpt":{"rendered":"<p>Przed\u0142u\u017cki zawor\u00f3w KCNC Materia\u0142 &#8211; Aluminium Rozmiar &#8211; 100mm 2szt w zestawie Kolor &#8211; Zielony<\/p>\n","protected":false},"featured_media":650,"comment_status":"open","ping_status":"closed","template":"","meta":[],"product_brand":[],"product_cat":[162,27,163],"product_tag":[],"class_list":{"0":"post-649","1":"product","2":"type-product","3":"status-publish","4":"has-post-thumbnail","6":"product_cat-adaptey-wentyli-i-tubeless","7":"product_cat-czesci-nowe","8":"product_cat-triathlon","9":"product_shipping_class-mala-paczka","11":"first","12":"instock","13":"shipping-taxable","14":"purchasable","15":"product-type-simple"},"_links":{"self":[{"href":"https:\/\/bicycool.pl\/index.php?rest_route=\/wp\/v2\/product\/649","targetHints":{"allow":["GET"]}}],"collection":[{"href":"https:\/\/bicycool.pl\/index.php?rest_route=\/wp\/v2\/product"}],"about":[{"href":"https:\/\/bicycool.pl\/index.php?rest_route=\/wp\/v2\/types\/product"}],"replies":[{"embeddable":true,"href":"https:\/\/bicycool.pl\/index.php?rest_route=%2Fwp%2Fv2%2Fcomments&post=649"}],"wp:featuredmedia":[{"embeddable":true,"href":"https:\/\/bicycool.pl\/index.php?rest_route=\/wp\/v2\/media\/650"}],"wp:attachment":[{"href":"https:\/\/bicycool.pl\/index.php?rest_route=%2Fwp%2Fv2%2Fmedia&parent=649"}],"wp:term":[{"taxonomy":"product_brand","embeddable":true,"href":"https:\/\/bicycool.pl\/index.php?rest_route=%2Fwp%2Fv2%2Fproduct_brand&post=649"},{"taxonomy":"product_cat","embeddable":true,"href":"https:\/\/bicycool.pl\/index.php?rest_route=%2Fwp%2Fv2%2Fproduct_cat&post=649"},{"taxonomy":"product_tag","embeddable":true,"href":"https:\/\/bicycool.pl\/index.php?rest_route=%2Fwp%2Fv2%2Fproduct_tag&post=649"}],"curies":[{"name":"wp","href":"https:\/\/api.w.org\/{rel}","templated":true}]}}