{"id":702,"date":"2023-11-28T14:40:06","date_gmt":"2023-11-28T13:40:06","guid":{"rendered":"https:\/\/bicycool.pl\/?post_type=product&#038;p=702"},"modified":"2025-12-22T17:33:42","modified_gmt":"2025-12-22T16:33:42","slug":"sztyca-z-line-titanium-300mm-400mm-tytanowa","status":"publish","type":"product","link":"https:\/\/bicycool.pl\/?product=sztyca-z-line-titanium-300mm-400mm-tytanowa","title":{"rendered":"Sztyca Z LINE Titanium 30,0mm 400mm TYTANOWA"},"content":{"rendered":"<h3>Sztyca Z LINE<\/h3>\n<p>Idealny produkt dla fana RETRO MTB!<\/p>\n<ul>\n<li><strong>Materia\u0142<\/strong> &#8211; TYTAN \/ aluminium<\/li>\n<li><strong>Rozmiar<\/strong> &#8211; 30,0mm<\/li>\n<li><strong>D\u0142ugo\u015b\u0107<\/strong> &#8211; 400mm<\/li>\n<li><strong>Kolor<\/strong> &#8211; tytan (aluminiowe jarzemko)<\/li>\n<li><strong>Produkt powystawowy &#8211; posiada delikatne ryski oraz \u015blady przymierzania do roweru<\/strong><\/li>\n<\/ul>\n","protected":false},"excerpt":{"rendered":"<p>Sztyca Z LINE Idealny produkt dla fana RETRO MTB! Materia\u0142 &#8211; TYTAN \/ aluminium Rozmiar &#8211; 30,0mm D\u0142ugo\u015b\u0107 &#8211; 400mm Kolor &#8211; tytan (aluminiowe jarzemko) Produkt powystawowy &#8211; posiada delikatne ryski oraz \u015blady przymierzania do roweru<\/p>\n","protected":false},"featured_media":705,"comment_status":"open","ping_status":"closed","template":"","meta":[],"product_brand":[],"product_cat":[27,85,123],"product_tag":[],"class_list":{"0":"post-702","1":"product","2":"type-product","3":"status-publish","4":"has-post-thumbnail","6":"product_cat-czesci-nowe","7":"product_cat-outlet","8":"product_cat-sztyce-podsiodlowe","9":"product_shipping_class-mala-paczka","11":"first","12":"instock","13":"shipping-taxable","14":"purchasable","15":"product-type-simple"},"_links":{"self":[{"href":"https:\/\/bicycool.pl\/index.php?rest_route=\/wp\/v2\/product\/702","targetHints":{"allow":["GET"]}}],"collection":[{"href":"https:\/\/bicycool.pl\/index.php?rest_route=\/wp\/v2\/product"}],"about":[{"href":"https:\/\/bicycool.pl\/index.php?rest_route=\/wp\/v2\/types\/product"}],"replies":[{"embeddable":true,"href":"https:\/\/bicycool.pl\/index.php?rest_route=%2Fwp%2Fv2%2Fcomments&post=702"}],"wp:featuredmedia":[{"embeddable":true,"href":"https:\/\/bicycool.pl\/index.php?rest_route=\/wp\/v2\/media\/705"}],"wp:attachment":[{"href":"https:\/\/bicycool.pl\/index.php?rest_route=%2Fwp%2Fv2%2Fmedia&parent=702"}],"wp:term":[{"taxonomy":"product_brand","embeddable":true,"href":"https:\/\/bicycool.pl\/index.php?rest_route=%2Fwp%2Fv2%2Fproduct_brand&post=702"},{"taxonomy":"product_cat","embeddable":true,"href":"https:\/\/bicycool.pl\/index.php?rest_route=%2Fwp%2Fv2%2Fproduct_cat&post=702"},{"taxonomy":"product_tag","embeddable":true,"href":"https:\/\/bicycool.pl\/index.php?rest_route=%2Fwp%2Fv2%2Fproduct_tag&post=702"}],"curies":[{"name":"wp","href":"https:\/\/api.w.org\/{rel}","templated":true}]}}