{"id":7030,"date":"2025-01-30T10:30:44","date_gmt":"2025-01-30T09:30:44","guid":{"rendered":"https:\/\/bicycool.pl\/?post_type=product&#038;p=7030"},"modified":"2025-01-30T10:36:38","modified_gmt":"2025-01-30T09:36:38","slug":"kaseta-miche-primato-9s-16-24-nos-campagnolo","status":"publish","type":"product","link":"https:\/\/bicycool.pl\/?product=kaseta-miche-primato-9s-16-24-nos-campagnolo","title":{"rendered":"Kaseta MICHE Primato 9s 16-24 NOS Campagnolo"},"content":{"rendered":"<h3>Kaseta MICHE Primato<\/h3>\n<ul>\n<li><strong>Liczba bieg\u00f3w:<\/strong> 9s<\/li>\n<li><strong>Stopniowanie:<\/strong> 16-24<\/li>\n<li><strong>B\u0119benek: campagnolo<\/strong><\/li>\n<li><strong>Stan:<\/strong> Nieu\u017cywana, NOS<\/li>\n<\/ul>\n","protected":false},"excerpt":{"rendered":"<p>Kaseta MICHE Primato Liczba bieg\u00f3w: 9s Stopniowanie: 16-24 B\u0119benek: campagnolo Stan: Nieu\u017cywana, NOS<\/p>\n","protected":false},"featured_media":7001,"comment_status":"open","ping_status":"closed","template":"","meta":[],"product_brand":[],"product_cat":[27,165,85],"product_tag":[215],"class_list":{"0":"post-7030","1":"product","2":"type-product","3":"status-publish","4":"has-post-thumbnail","6":"product_cat-czesci-nowe","7":"product_cat-kasety-wolnobiegi","8":"product_cat-outlet","9":"product_tag-miche-primato","10":"product_shipping_class-mala-paczka","12":"first","13":"instock","14":"shipping-taxable","15":"purchasable","16":"product-type-simple"},"_links":{"self":[{"href":"https:\/\/bicycool.pl\/index.php?rest_route=\/wp\/v2\/product\/7030","targetHints":{"allow":["GET"]}}],"collection":[{"href":"https:\/\/bicycool.pl\/index.php?rest_route=\/wp\/v2\/product"}],"about":[{"href":"https:\/\/bicycool.pl\/index.php?rest_route=\/wp\/v2\/types\/product"}],"replies":[{"embeddable":true,"href":"https:\/\/bicycool.pl\/index.php?rest_route=%2Fwp%2Fv2%2Fcomments&post=7030"}],"wp:featuredmedia":[{"embeddable":true,"href":"https:\/\/bicycool.pl\/index.php?rest_route=\/wp\/v2\/media\/7001"}],"wp:attachment":[{"href":"https:\/\/bicycool.pl\/index.php?rest_route=%2Fwp%2Fv2%2Fmedia&parent=7030"}],"wp:term":[{"taxonomy":"product_brand","embeddable":true,"href":"https:\/\/bicycool.pl\/index.php?rest_route=%2Fwp%2Fv2%2Fproduct_brand&post=7030"},{"taxonomy":"product_cat","embeddable":true,"href":"https:\/\/bicycool.pl\/index.php?rest_route=%2Fwp%2Fv2%2Fproduct_cat&post=7030"},{"taxonomy":"product_tag","embeddable":true,"href":"https:\/\/bicycool.pl\/index.php?rest_route=%2Fwp%2Fv2%2Fproduct_tag&post=7030"}],"curies":[{"name":"wp","href":"https:\/\/api.w.org\/{rel}","templated":true}]}}