{"id":7057,"date":"2025-01-30T11:52:01","date_gmt":"2025-01-30T10:52:01","guid":{"rendered":"https:\/\/bicycool.pl\/?post_type=product&#038;p=7057"},"modified":"2025-12-22T16:38:04","modified_gmt":"2025-12-22T15:38:04","slug":"sztyca-zzyzx-usa-306mm-36cm","status":"publish","type":"product","link":"https:\/\/bicycool.pl\/?product=sztyca-zzyzx-usa-306mm-36cm","title":{"rendered":"Sztyca ZZYZX USA 30,6mm 36cm"},"content":{"rendered":"<h3>Sztyca podsiod\u0142owa ZZYZX<\/h3>\n<p>&nbsp;<\/p>\n<ul>\n<li><strong>Materia\u0142<\/strong> &#8211; Aluminium<\/li>\n<li><strong>Rozmiar<\/strong> &#8211; 30,6mm<\/li>\n<li><strong>D\u0142ugo\u015b\u0107 ca\u0142kowita<\/strong> &#8211; 360mm<\/li>\n<li><strong>Kolor<\/strong> &#8211; Czarny \/ Srebrne jarzemko<\/li>\n<li><strong>Stan:\u00a0<\/strong>U\u017cywana<\/li>\n<\/ul>\n<p>Retro Mtb<\/p>\n","protected":false},"excerpt":{"rendered":"<p>Sztyca podsiod\u0142owa ZZYZX &nbsp; Materia\u0142 &#8211; Aluminium Rozmiar &#8211; 30,6mm D\u0142ugo\u015b\u0107 ca\u0142kowita &#8211; 360mm Kolor &#8211; Czarny \/ Srebrne jarzemko Stan:\u00a0U\u017cywana Retro Mtb<\/p>\n","protected":false},"featured_media":7024,"comment_status":"open","ping_status":"closed","template":"","meta":[],"product_brand":[],"product_cat":[28,85,123],"product_tag":[],"class_list":{"0":"post-7057","1":"product","2":"type-product","3":"status-publish","4":"has-post-thumbnail","6":"product_cat-czesci-i-akcesoria-uzywane","7":"product_cat-outlet","8":"product_cat-sztyce-podsiodlowe","9":"product_shipping_class-mala-paczka","11":"first","12":"instock","13":"shipping-taxable","14":"purchasable","15":"product-type-simple"},"_links":{"self":[{"href":"https:\/\/bicycool.pl\/index.php?rest_route=\/wp\/v2\/product\/7057","targetHints":{"allow":["GET"]}}],"collection":[{"href":"https:\/\/bicycool.pl\/index.php?rest_route=\/wp\/v2\/product"}],"about":[{"href":"https:\/\/bicycool.pl\/index.php?rest_route=\/wp\/v2\/types\/product"}],"replies":[{"embeddable":true,"href":"https:\/\/bicycool.pl\/index.php?rest_route=%2Fwp%2Fv2%2Fcomments&post=7057"}],"wp:featuredmedia":[{"embeddable":true,"href":"https:\/\/bicycool.pl\/index.php?rest_route=\/wp\/v2\/media\/7024"}],"wp:attachment":[{"href":"https:\/\/bicycool.pl\/index.php?rest_route=%2Fwp%2Fv2%2Fmedia&parent=7057"}],"wp:term":[{"taxonomy":"product_brand","embeddable":true,"href":"https:\/\/bicycool.pl\/index.php?rest_route=%2Fwp%2Fv2%2Fproduct_brand&post=7057"},{"taxonomy":"product_cat","embeddable":true,"href":"https:\/\/bicycool.pl\/index.php?rest_route=%2Fwp%2Fv2%2Fproduct_cat&post=7057"},{"taxonomy":"product_tag","embeddable":true,"href":"https:\/\/bicycool.pl\/index.php?rest_route=%2Fwp%2Fv2%2Fproduct_tag&post=7057"}],"curies":[{"name":"wp","href":"https:\/\/api.w.org\/{rel}","templated":true}]}}