{"id":7073,"date":"2025-01-30T12:52:14","date_gmt":"2025-01-30T11:52:14","guid":{"rendered":"https:\/\/bicycool.pl\/?post_type=product&#038;p=7073"},"modified":"2025-01-30T12:53:44","modified_gmt":"2025-01-30T11:53:44","slug":"kierownica-mostek-rower-elektryczny-haibike","status":"publish","type":"product","link":"https:\/\/bicycool.pl\/?product=kierownica-mostek-rower-elektryczny-haibike","title":{"rendered":"Kierownica + Mostek Rower Elektryczny Haibike"},"content":{"rendered":"<h3 class=\"Product_product-title__BALAQ\">Kierownica z mostkiem i kapslem Haibike<\/h3>\n<ul>\n<li><b>Szeroko\u015b\u0107 kierownicy :<\/b> 780m<\/li>\n<li><strong>Monta\u017c<\/strong> 31,8mm<\/li>\n<li><b>Materia\u0142<\/b>\u00a0aluminium<\/li>\n<li><strong>Kierownica posiada otwory na przewody<\/strong><\/li>\n<li><strong>Stan:<\/strong> U\u017cywany<\/li>\n<\/ul>\n<p>&nbsp;<\/p>\n<p>&nbsp;<\/p>\n","protected":false},"excerpt":{"rendered":"<p>Kierownica z mostkiem i kapslem Haibike Szeroko\u015b\u0107 kierownicy : 780m Monta\u017c 31,8mm Materia\u0142\u00a0aluminium Kierownica posiada otwory na przewody Stan: U\u017cywany &nbsp; &nbsp;<\/p>\n","protected":false},"featured_media":6994,"comment_status":"open","ping_status":"closed","template":"","meta":[],"product_brand":[],"product_cat":[28],"product_tag":[],"class_list":{"0":"post-7073","1":"product","2":"type-product","3":"status-publish","4":"has-post-thumbnail","6":"product_cat-czesci-i-akcesoria-uzywane","7":"product_shipping_class-mala-paczka","9":"first","10":"instock","11":"shipping-taxable","12":"purchasable","13":"product-type-simple"},"_links":{"self":[{"href":"https:\/\/bicycool.pl\/index.php?rest_route=\/wp\/v2\/product\/7073","targetHints":{"allow":["GET"]}}],"collection":[{"href":"https:\/\/bicycool.pl\/index.php?rest_route=\/wp\/v2\/product"}],"about":[{"href":"https:\/\/bicycool.pl\/index.php?rest_route=\/wp\/v2\/types\/product"}],"replies":[{"embeddable":true,"href":"https:\/\/bicycool.pl\/index.php?rest_route=%2Fwp%2Fv2%2Fcomments&post=7073"}],"wp:featuredmedia":[{"embeddable":true,"href":"https:\/\/bicycool.pl\/index.php?rest_route=\/wp\/v2\/media\/6994"}],"wp:attachment":[{"href":"https:\/\/bicycool.pl\/index.php?rest_route=%2Fwp%2Fv2%2Fmedia&parent=7073"}],"wp:term":[{"taxonomy":"product_brand","embeddable":true,"href":"https:\/\/bicycool.pl\/index.php?rest_route=%2Fwp%2Fv2%2Fproduct_brand&post=7073"},{"taxonomy":"product_cat","embeddable":true,"href":"https:\/\/bicycool.pl\/index.php?rest_route=%2Fwp%2Fv2%2Fproduct_cat&post=7073"},{"taxonomy":"product_tag","embeddable":true,"href":"https:\/\/bicycool.pl\/index.php?rest_route=%2Fwp%2Fv2%2Fproduct_tag&post=7073"}],"curies":[{"name":"wp","href":"https:\/\/api.w.org\/{rel}","templated":true}]}}