{"id":7499,"date":"2025-12-01T16:25:18","date_gmt":"2025-12-01T15:25:18","guid":{"rendered":"https:\/\/bicycool.pl\/?post_type=product&#038;p=7499"},"modified":"2025-12-01T16:29:03","modified_gmt":"2025-12-01T15:29:03","slug":"cateye-of-200-uchwyt-do-licznika-i-lampy","status":"publish","type":"product","link":"https:\/\/bicycool.pl\/?product=cateye-of-200-uchwyt-do-licznika-i-lampy","title":{"rendered":"Cateye OF-200 \u2013 uchwyt do licznika i lampy"},"content":{"rendered":"<h2 data-start=\"83\" data-end=\"143\"><strong data-start=\"83\" data-end=\"141\">Cateye OF-200 \u2013 uchwyt do licznika i lampy (Out Front)<\/strong><\/h2>\n<p data-start=\"145\" data-end=\"492\">Cateye OF-200 to solidny i uniwersalny uchwyt typu <em data-start=\"196\" data-end=\"207\">out-front<\/em>, kt\u00f3ry umo\u017cliwia jednoczesny monta\u017c licznika oraz przedniej lampy. Dzi\u0119ki przesuni\u0119tej do przodu konstrukcji zapewnia lepsz\u0105 widoczno\u015b\u0107 ekranu licznika, stabilne mocowanie oraz czystszy, bardziej aerodynamiczny kokpit roweru. Dodatkowo uchwyt pozwala na monta\u017c <strong data-start=\"469\" data-end=\"480\">kamerki<\/strong> pod spodem.<\/p>\n<p data-start=\"494\" data-end=\"515\"><strong data-start=\"494\" data-end=\"513\">Cechy produktu:<\/strong><\/p>\n<ul data-start=\"516\" data-end=\"674\">\n<li data-start=\"516\" data-end=\"579\">\n<p data-start=\"518\" data-end=\"579\">kompatybilny z kierownicami <strong data-start=\"546\" data-end=\"557\">31.8 mm<\/strong> oraz <strong data-start=\"563\" data-end=\"577\">25\u201326.0 mm<\/strong><\/p>\n<\/li>\n<li data-start=\"626\" data-end=\"674\">\n<p data-start=\"628\" data-end=\"674\">wytrzyma\u0142a konstrukcja, niska waga: <strong data-start=\"664\" data-end=\"672\">71 g<\/strong><\/p>\n<\/li>\n<\/ul>\n<p>&nbsp;<\/p>\n<p data-start=\"676\" data-end=\"1009\"><strong data-start=\"676\" data-end=\"709\">Zgodno\u015b\u0107 z licznikami Cateye:<\/strong><br data-start=\"709\" data-end=\"712\" \/>Adventure CC-AT200W \u2022 Commuter CC-COM10W \u2022 Fit CC-PD100W \u2022 Micro Wireless CC-MC200W \u2022 Padrone (CC-PA100W, CC-PA110W, CC-PA400B, CC-SC100B, CC-PA500B) \u2022 Stealth (CC-GL10, CC-GL50, CC-GL11, CC-GL51) \u2022 Strada (CC-RD300W, RD310W, RD400DW, RD410DW, RD420DW, RD430DW, RD500B) i inne kompatybilne modele.<\/p>\n<p data-start=\"1011\" data-end=\"1139\"><strong data-start=\"1011\" data-end=\"1047\">Kompatybilno\u015b\u0107 z lampami Cateye:<\/strong><br data-start=\"1047\" data-end=\"1050\" \/>Volt 1700 \u2022 Volt 1200 \u2022 Volt 800 \u2022 Volt 700 \u2022 Volt 400 \u2022 Volt 300 \u2022 Volt 200 \u2022 Volt 100<\/p>\n<p data-start=\"1141\" data-end=\"1272\">Idealny wyb\u00f3r dla os\u00f3b, kt\u00f3re chc\u0105 uporz\u0105dkowa\u0107 kokpit roweru i korzysta\u0107 z licznika oraz o\u015bwietlenia w jednym, stabilnym uchwycie.<\/p>\n","protected":false},"excerpt":{"rendered":"<p>Cateye OF-200 \u2013 uchwyt do licznika i lampy (Out Front) Cateye OF-200 to solidny i uniwersalny uchwyt typu out-front, kt\u00f3ry umo\u017cliwia jednoczesny monta\u017c licznika oraz przedniej lampy. Dzi\u0119ki przesuni\u0119tej do przodu konstrukcji zapewnia lepsz\u0105 widoczno\u015b\u0107 ekranu licznika, stabilne mocowanie oraz czystszy, bardziej aerodynamiczny kokpit roweru. Dodatkowo uchwyt pozwala na monta\u017c kamerki pod spodem. Cechy produktu:&hellip;<\/p>\n","protected":false},"featured_media":7500,"comment_status":"open","ping_status":"closed","template":"","meta":[],"product_brand":[],"product_cat":[29,111],"product_tag":[],"class_list":{"0":"post-7499","1":"product","2":"type-product","3":"status-publish","4":"has-post-thumbnail","6":"product_cat-akcesoria","7":"product_cat-liczniki","8":"product_shipping_class-mala-paczka","10":"first","11":"instock","12":"shipping-taxable","13":"purchasable","14":"product-type-simple"},"_links":{"self":[{"href":"https:\/\/bicycool.pl\/index.php?rest_route=\/wp\/v2\/product\/7499","targetHints":{"allow":["GET"]}}],"collection":[{"href":"https:\/\/bicycool.pl\/index.php?rest_route=\/wp\/v2\/product"}],"about":[{"href":"https:\/\/bicycool.pl\/index.php?rest_route=\/wp\/v2\/types\/product"}],"replies":[{"embeddable":true,"href":"https:\/\/bicycool.pl\/index.php?rest_route=%2Fwp%2Fv2%2Fcomments&post=7499"}],"wp:featuredmedia":[{"embeddable":true,"href":"https:\/\/bicycool.pl\/index.php?rest_route=\/wp\/v2\/media\/7500"}],"wp:attachment":[{"href":"https:\/\/bicycool.pl\/index.php?rest_route=%2Fwp%2Fv2%2Fmedia&parent=7499"}],"wp:term":[{"taxonomy":"product_brand","embeddable":true,"href":"https:\/\/bicycool.pl\/index.php?rest_route=%2Fwp%2Fv2%2Fproduct_brand&post=7499"},{"taxonomy":"product_cat","embeddable":true,"href":"https:\/\/bicycool.pl\/index.php?rest_route=%2Fwp%2Fv2%2Fproduct_cat&post=7499"},{"taxonomy":"product_tag","embeddable":true,"href":"https:\/\/bicycool.pl\/index.php?rest_route=%2Fwp%2Fv2%2Fproduct_tag&post=7499"}],"curies":[{"name":"wp","href":"https:\/\/api.w.org\/{rel}","templated":true}]}}