{"id":7652,"date":"2025-12-05T15:39:13","date_gmt":"2025-12-05T14:39:13","guid":{"rendered":"https:\/\/bicycool.pl\/?post_type=product&#038;p=7652"},"modified":"2025-12-06T10:25:03","modified_gmt":"2025-12-06T09:25:03","slug":"piasta-batavus-sachs-super-hub-hamulec-bebnowy","status":"publish","type":"product","link":"https:\/\/bicycool.pl\/?product=piasta-batavus-sachs-super-hub-hamulec-bebnowy","title":{"rendered":"Piasta BATAVUS Sachs Super HUB Hamulec b\u0119bnowy"},"content":{"rendered":"<h1 class=\"Product_product-title__BALAQ\">Piasta BATAVUS Sachs Super HUB Hamulec b\u0119bnowy<\/h1>\n<p>&nbsp;<\/p>\n<ul>\n<li><strong>Prz\u00f3d<\/strong><\/li>\n<li><strong>Rodzaj hamulca<\/strong>:\u00a0 B\u0119bnowy<\/li>\n<li><strong>Liczba otwor\u00f3w: 36<\/strong><\/li>\n<li><strong>Kolor:<\/strong> Srebrny<\/li>\n<li><strong>Rozstaw:<\/strong> 100mm<\/li>\n<li><strong>Stan &#8211;<\/strong> Nieu\u017cywana \/ Zdemontowana z nowego ko\u0142a<\/li>\n<\/ul>\n","protected":false},"excerpt":{"rendered":"<p>Piasta BATAVUS Sachs Super HUB Hamulec b\u0119bnowy &nbsp; Prz\u00f3d Rodzaj hamulca:\u00a0 B\u0119bnowy Liczba otwor\u00f3w: 36 Kolor: Srebrny Rozstaw: 100mm Stan &#8211; Nieu\u017cywana \/ Zdemontowana z nowego ko\u0142a<\/p>\n","protected":false},"featured_media":7653,"comment_status":"open","ping_status":"closed","template":"","meta":[],"product_brand":[],"product_cat":[27,168],"product_tag":[],"class_list":{"0":"post-7652","1":"product","2":"type-product","3":"status-publish","4":"has-post-thumbnail","6":"product_cat-czesci-nowe","7":"product_cat-piasty","8":"product_shipping_class-mala-paczka","10":"first","11":"instock","12":"shipping-taxable","13":"purchasable","14":"product-type-simple"},"_links":{"self":[{"href":"https:\/\/bicycool.pl\/index.php?rest_route=\/wp\/v2\/product\/7652","targetHints":{"allow":["GET"]}}],"collection":[{"href":"https:\/\/bicycool.pl\/index.php?rest_route=\/wp\/v2\/product"}],"about":[{"href":"https:\/\/bicycool.pl\/index.php?rest_route=\/wp\/v2\/types\/product"}],"replies":[{"embeddable":true,"href":"https:\/\/bicycool.pl\/index.php?rest_route=%2Fwp%2Fv2%2Fcomments&post=7652"}],"wp:featuredmedia":[{"embeddable":true,"href":"https:\/\/bicycool.pl\/index.php?rest_route=\/wp\/v2\/media\/7653"}],"wp:attachment":[{"href":"https:\/\/bicycool.pl\/index.php?rest_route=%2Fwp%2Fv2%2Fmedia&parent=7652"}],"wp:term":[{"taxonomy":"product_brand","embeddable":true,"href":"https:\/\/bicycool.pl\/index.php?rest_route=%2Fwp%2Fv2%2Fproduct_brand&post=7652"},{"taxonomy":"product_cat","embeddable":true,"href":"https:\/\/bicycool.pl\/index.php?rest_route=%2Fwp%2Fv2%2Fproduct_cat&post=7652"},{"taxonomy":"product_tag","embeddable":true,"href":"https:\/\/bicycool.pl\/index.php?rest_route=%2Fwp%2Fv2%2Fproduct_tag&post=7652"}],"curies":[{"name":"wp","href":"https:\/\/api.w.org\/{rel}","templated":true}]}}