{"id":7723,"date":"2025-12-08T16:45:01","date_gmt":"2025-12-08T15:45:01","guid":{"rendered":"https:\/\/bicycool.pl\/?post_type=product&#038;p=7723"},"modified":"2025-12-08T17:10:04","modified_gmt":"2025-12-08T16:10:04","slug":"korby-shimano-105-fc-5502-53-39-1725mm-nos","status":"publish","type":"product","link":"https:\/\/bicycool.pl\/?product=korby-shimano-105-fc-5502-53-39-1725mm-nos","title":{"rendered":"Korby Shimano 105 FC-5502 53\/39 172,5mm NOS"},"content":{"rendered":"<h2 class=\"Product_product-title__BALAQ\">Komplet korb Shimano 105 FC-5502<\/h2>\n<ul>\n<li><strong>D\u0142ugo\u015b\u0107 ramienia<\/strong>\u00a0 172,5mm<\/li>\n<li><strong>Nap\u0119d<\/strong> 2x9s<\/li>\n<li><strong>Suport<\/strong> octalink<\/li>\n<li><strong>Rodzaj<\/strong> Szosa<\/li>\n<li><strong>Stan<\/strong> Nieu\u017cywana, NOS, posiada bardzo drobne ryski<\/li>\n<\/ul>\n","protected":false},"excerpt":{"rendered":"<p>Komplet korb Shimano 105 FC-5502 D\u0142ugo\u015b\u0107 ramienia\u00a0 172,5mm Nap\u0119d 2x9s Suport octalink Rodzaj Szosa Stan Nieu\u017cywana, NOS, posiada bardzo drobne ryski<\/p>\n","protected":false},"featured_media":7725,"comment_status":"open","ping_status":"closed","template":"","meta":[],"product_brand":[],"product_cat":[27,169,85],"product_tag":[],"class_list":{"0":"post-7723","1":"product","2":"type-product","3":"status-publish","4":"has-post-thumbnail","6":"product_cat-czesci-nowe","7":"product_cat-mechanizmy-korbowe","8":"product_cat-outlet","9":"product_shipping_class-mala-paczka","11":"first","12":"instock","13":"shipping-taxable","14":"purchasable","15":"product-type-simple"},"_links":{"self":[{"href":"https:\/\/bicycool.pl\/index.php?rest_route=\/wp\/v2\/product\/7723","targetHints":{"allow":["GET"]}}],"collection":[{"href":"https:\/\/bicycool.pl\/index.php?rest_route=\/wp\/v2\/product"}],"about":[{"href":"https:\/\/bicycool.pl\/index.php?rest_route=\/wp\/v2\/types\/product"}],"replies":[{"embeddable":true,"href":"https:\/\/bicycool.pl\/index.php?rest_route=%2Fwp%2Fv2%2Fcomments&post=7723"}],"wp:featuredmedia":[{"embeddable":true,"href":"https:\/\/bicycool.pl\/index.php?rest_route=\/wp\/v2\/media\/7725"}],"wp:attachment":[{"href":"https:\/\/bicycool.pl\/index.php?rest_route=%2Fwp%2Fv2%2Fmedia&parent=7723"}],"wp:term":[{"taxonomy":"product_brand","embeddable":true,"href":"https:\/\/bicycool.pl\/index.php?rest_route=%2Fwp%2Fv2%2Fproduct_brand&post=7723"},{"taxonomy":"product_cat","embeddable":true,"href":"https:\/\/bicycool.pl\/index.php?rest_route=%2Fwp%2Fv2%2Fproduct_cat&post=7723"},{"taxonomy":"product_tag","embeddable":true,"href":"https:\/\/bicycool.pl\/index.php?rest_route=%2Fwp%2Fv2%2Fproduct_tag&post=7723"}],"curies":[{"name":"wp","href":"https:\/\/api.w.org\/{rel}","templated":true}]}}