{"id":7780,"date":"2025-12-09T14:57:28","date_gmt":"2025-12-09T13:57:28","guid":{"rendered":"https:\/\/bicycool.pl\/?post_type=product&#038;p=7780"},"modified":"2025-12-22T16:31:46","modified_gmt":"2025-12-22T15:31:46","slug":"zebatka-specialites-ta-alize-k-42t-adapter-2s-na-3s","status":"publish","type":"product","link":"https:\/\/bicycool.pl\/?product=zebatka-specialites-ta-alize-k-42t-adapter-2s-na-3s","title":{"rendered":"Z\u0119batka SPECIALITES TA Alize-K 42T  Adapter 2s na 3s"},"content":{"rendered":"<h2 data-start=\"65\" data-end=\"171\"><strong data-start=\"68\" data-end=\"171\">SPECIALITES TA Aliz-K \u2013 adapter z\u0119batki po\u015bredniej do przekszta\u0142cenia podw\u00f3jnej korby w potr\u00f3jn\u0105 (9\/10-rz\u0119dowa)<\/strong><\/h2>\n<p data-start=\"173\" data-end=\"353\">Klasyczny element z oferty TA Specialty, <strong data-start=\"214\" data-end=\"224\">Aliz-K<\/strong> to adapter pozwalaj\u0105cy przekszta\u0142ci\u0107 <strong data-start=\"262\" data-end=\"291\">nap\u0119d podw\u00f3jny w potr\u00f3jny<\/strong>, kompatybilny ze wszystkimi nap\u0119dami <strong data-start=\"329\" data-end=\"350\">9- i 10-rz\u0119dowymi<\/strong>.<\/p>\n<h3 data-start=\"355\" data-end=\"375\"><strong data-start=\"359\" data-end=\"375\">Specyfikacja<\/strong><\/h3>\n<ul data-start=\"376\" data-end=\"846\">\n<li data-start=\"376\" data-end=\"446\">\n<p data-start=\"378\" data-end=\"446\"><strong data-start=\"378\" data-end=\"391\">Materia\u0142:<\/strong> aluminium 7075-T6, stop lotniczy \u2013 bardzo wytrzyma\u0142y<\/p>\n<\/li>\n<li data-start=\"447\" data-end=\"510\">\n<p data-start=\"449\" data-end=\"510\"><strong data-start=\"449\" data-end=\"466\">Rozstaw \u015brub:<\/strong> 130 mm, 5-ramienna klasyczna konfiguracja<\/p>\n<\/li>\n<li data-start=\"511\" data-end=\"583\">\n<p data-start=\"513\" data-end=\"583\"><strong data-start=\"513\" data-end=\"538\">Odleg\u0142o\u015b\u0107 wewn\u0119trzna:<\/strong> 74 mm \u2013 umo\u017cliwia monta\u017c dodatkowej tarczy<\/p>\n<\/li>\n<li data-start=\"584\" data-end=\"716\">\n<p data-start=\"586\" data-end=\"716\"><strong data-start=\"586\" data-end=\"605\">Kompatybilno\u015b\u0107:<\/strong> nale\u017cy stosowa\u0107 w po\u0142\u0105czeniu z z\u0119batk\u0105 zewn\u0119trzn\u0105 <strong data-start=\"656\" data-end=\"664\">Aliz<\/strong> oraz wewn\u0119trzn\u0105 <strong data-start=\"681\" data-end=\"691\">Z Lito<\/strong> o zakresie 12\u201316 z\u0119b\u00f3w<\/p>\n<\/li>\n<li data-start=\"717\" data-end=\"770\">\n<p data-start=\"719\" data-end=\"770\"><strong data-start=\"719\" data-end=\"733\">Produkcja:<\/strong> 100% projekt i produkcja francuska<\/p>\n<\/li>\n<li data-start=\"771\" data-end=\"846\">\n<p data-start=\"773\" data-end=\"846\"><strong data-start=\"773\" data-end=\"791\">Przeznaczenie:<\/strong> do przekszta\u0142cenia podw\u00f3jnych korb w zestaw potr\u00f3jny<\/p>\n<\/li>\n<li data-start=\"771\" data-end=\"846\"><strong>STAN: Nieu\u017cywany \/ Powystawowy \/ Posiada zarysowania\u00a0<\/strong><\/li>\n<\/ul>\n<h3 data-start=\"848\" data-end=\"861\"><strong data-start=\"852\" data-end=\"861\">Uwagi<\/strong><\/h3>\n<ul data-start=\"862\" data-end=\"1032\">\n<li data-start=\"862\" data-end=\"912\">\n<p data-start=\"864\" data-end=\"912\">Nie montowa\u0107 z osi\u0105 suportu o \u015brednicy 24 mm lub 30 mm<\/p>\n<\/li>\n<li data-start=\"913\" data-end=\"1032\">\n<p data-start=\"915\" data-end=\"1032\">Dla optymalnej jako\u015bci zmiany bieg\u00f3w zaleca si\u0119 stosowanie w zestawie z odpowiedni\u0105 z\u0119batk\u0105 wewn\u0119trzn\u0105 i zewn\u0119trzn\u0105<\/p>\n<\/li>\n<\/ul>\n<h3 data-start=\"1034\" data-end=\"1048\"><strong data-start=\"1038\" data-end=\"1048\">Zalety<\/strong><\/h3>\n<ul data-start=\"1049\" data-end=\"1228\">\n<li data-start=\"1049\" data-end=\"1110\">\n<p data-start=\"1051\" data-end=\"1110\">Wysoka trwa\u0142o\u015b\u0107 i sztywno\u015b\u0107<\/p>\n<\/li>\n<li data-start=\"1111\" data-end=\"1162\">\n<p data-start=\"1113\" data-end=\"1162\">Prosta konwersja nap\u0119du bez wymiany ca\u0142ej korby<\/p>\n<\/li>\n<li data-start=\"1163\" data-end=\"1228\">\n<p data-start=\"1165\" data-end=\"1228\">Zaprojektowane i wyprodukowane we Francji<\/p>\n<\/li>\n<\/ul>\n","protected":false},"excerpt":{"rendered":"<p>SPECIALITES TA Aliz-K \u2013 adapter z\u0119batki po\u015bredniej do przekszta\u0142cenia podw\u00f3jnej korby w potr\u00f3jn\u0105 (9\/10-rz\u0119dowa) Klasyczny element z oferty TA Specialty, Aliz-K to adapter pozwalaj\u0105cy przekszta\u0142ci\u0107 nap\u0119d podw\u00f3jny w potr\u00f3jny, kompatybilny ze wszystkimi nap\u0119dami 9- i 10-rz\u0119dowymi. Specyfikacja Materia\u0142: aluminium 7075-T6, stop lotniczy \u2013 bardzo wytrzyma\u0142y Rozstaw \u015brub: 130 mm, 5-ramienna klasyczna konfiguracja Odleg\u0142o\u015b\u0107 wewn\u0119trzna: 74&hellip;<\/p>\n","protected":false},"featured_media":7781,"comment_status":"open","ping_status":"closed","template":"","meta":[],"product_brand":[],"product_cat":[15,27,85,145],"product_tag":[],"class_list":{"0":"post-7780","1":"product","2":"type-product","3":"status-publish","4":"has-post-thumbnail","6":"product_cat-czesci","7":"product_cat-czesci-nowe","8":"product_cat-outlet","9":"product_cat-tarcze-mechanizmu-korbowego","10":"product_shipping_class-mala-paczka","12":"first","13":"instock","14":"shipping-taxable","15":"purchasable","16":"product-type-simple"},"_links":{"self":[{"href":"https:\/\/bicycool.pl\/index.php?rest_route=\/wp\/v2\/product\/7780","targetHints":{"allow":["GET"]}}],"collection":[{"href":"https:\/\/bicycool.pl\/index.php?rest_route=\/wp\/v2\/product"}],"about":[{"href":"https:\/\/bicycool.pl\/index.php?rest_route=\/wp\/v2\/types\/product"}],"replies":[{"embeddable":true,"href":"https:\/\/bicycool.pl\/index.php?rest_route=%2Fwp%2Fv2%2Fcomments&post=7780"}],"wp:featuredmedia":[{"embeddable":true,"href":"https:\/\/bicycool.pl\/index.php?rest_route=\/wp\/v2\/media\/7781"}],"wp:attachment":[{"href":"https:\/\/bicycool.pl\/index.php?rest_route=%2Fwp%2Fv2%2Fmedia&parent=7780"}],"wp:term":[{"taxonomy":"product_brand","embeddable":true,"href":"https:\/\/bicycool.pl\/index.php?rest_route=%2Fwp%2Fv2%2Fproduct_brand&post=7780"},{"taxonomy":"product_cat","embeddable":true,"href":"https:\/\/bicycool.pl\/index.php?rest_route=%2Fwp%2Fv2%2Fproduct_cat&post=7780"},{"taxonomy":"product_tag","embeddable":true,"href":"https:\/\/bicycool.pl\/index.php?rest_route=%2Fwp%2Fv2%2Fproduct_tag&post=7780"}],"curies":[{"name":"wp","href":"https:\/\/api.w.org\/{rel}","templated":true}]}}