{"id":7908,"date":"2025-12-12T13:03:40","date_gmt":"2025-12-12T12:03:40","guid":{"rendered":"https:\/\/bicycool.pl\/?post_type=product&#038;p=7908"},"modified":"2025-12-12T14:05:21","modified_gmt":"2025-12-12T13:05:21","slug":"klocki-hamulcowe-shimano-deore-xt-m03-metal","status":"publish","type":"product","link":"https:\/\/bicycool.pl\/?product=klocki-hamulcowe-shimano-deore-xt-m03-metal","title":{"rendered":"Klocki hamulcowe Shimano Deore XT M03 Metal"},"content":{"rendered":"<h2 data-start=\"47\" data-end=\"97\"><strong data-start=\"47\" data-end=\"97\">Klocki hamulcowe Shimano Deore XT M03 Metal \u2013 Y8B298060<\/strong><\/h2>\n<p data-start=\"99\" data-end=\"462\">Oryginalne metaliczne ok\u0142adziny hamulcowe Shimano M03 to wytrzyma\u0142e klocki stworzone z my\u015bl\u0105 o wymagaj\u0105cej je\u017adzie g\u00f3rskiej. Dzi\u0119ki twardej mieszance metalicznej oferuj\u0105 d\u0142ug\u0105 \u017cywotno\u015b\u0107, stabiln\u0105 si\u0142\u0119 hamowania oraz odporno\u015b\u0107 na wysok\u0105 temperatur\u0119 podczas d\u0142ugich zjazd\u00f3w. Idealne do rower\u00f3w MTB wyposa\u017conych w klasyczne hamulce tarczowe Shimano z serii Deore XT.<\/p>\n<p data-start=\"464\" data-end=\"483\"><strong data-start=\"464\" data-end=\"483\">Cechy produktu:<\/strong><\/p>\n<ul data-start=\"484\" data-end=\"667\">\n<li data-start=\"484\" data-end=\"510\">\n<p data-start=\"486\" data-end=\"510\"><strong data-start=\"486\" data-end=\"500\">Producent:<\/strong> Shimano<\/p>\n<\/li>\n<li data-start=\"511\" data-end=\"529\">\n<p data-start=\"513\" data-end=\"529\"><strong data-start=\"513\" data-end=\"523\">Model:<\/strong>\u00a0 Deore XT BR-M755<\/p>\n<\/li>\n<li data-start=\"530\" data-end=\"561\">\n<p data-start=\"532\" data-end=\"561\"><strong data-start=\"532\" data-end=\"549\">Kod produktu:<\/strong> Y8B298060<\/p>\n<\/li>\n<li data-start=\"562\" data-end=\"603\">\n<p data-start=\"564\" data-end=\"603\"><strong data-start=\"564\" data-end=\"582\">Typ mieszanki:<\/strong> M03 metaliczne (metal)<\/p>\n<\/li>\n<li data-start=\"604\" data-end=\"667\">\n<p data-start=\"606\" data-end=\"667\"><strong data-start=\"606\" data-end=\"617\">Zestaw:<\/strong> 1 para ok\u0142adzin + spr\u0119\u017cynka<\/p>\n<\/li>\n<\/ul>\n<p data-start=\"669\" data-end=\"688\"><strong data-start=\"669\" data-end=\"688\">Kompatybilno\u015b\u0107:<\/strong><\/p>\n<ul data-start=\"689\" data-end=\"752\">\n<li data-start=\"689\" data-end=\"721\">\n<p data-start=\"691\" data-end=\"721\"><strong data-start=\"691\" data-end=\"719\">Shimano Deore XT BR-M755<\/strong><\/p>\n<\/li>\n<\/ul>\n<p data-start=\"754\" data-end=\"881\">\n","protected":false},"excerpt":{"rendered":"<p>Klocki hamulcowe Shimano Deore XT M03 Metal \u2013 Y8B298060 Oryginalne metaliczne ok\u0142adziny hamulcowe Shimano M03 to wytrzyma\u0142e klocki stworzone z my\u015bl\u0105 o wymagaj\u0105cej je\u017adzie g\u00f3rskiej. Dzi\u0119ki twardej mieszance metalicznej oferuj\u0105 d\u0142ug\u0105 \u017cywotno\u015b\u0107, stabiln\u0105 si\u0142\u0119 hamowania oraz odporno\u015b\u0107 na wysok\u0105 temperatur\u0119 podczas d\u0142ugich zjazd\u00f3w. Idealne do rower\u00f3w MTB wyposa\u017conych w klasyczne hamulce tarczowe Shimano z serii&hellip;<\/p>\n","protected":false},"featured_media":7909,"comment_status":"open","ping_status":"closed","template":"","meta":[],"product_brand":[],"product_cat":[15,27,136],"product_tag":[247],"class_list":{"0":"post-7908","1":"product","2":"type-product","3":"status-publish","4":"has-post-thumbnail","6":"product_cat-czesci","7":"product_cat-czesci-nowe","8":"product_cat-hamulce","9":"product_tag-shimano-deore-xt","10":"product_shipping_class-mala-paczka","12":"first","13":"instock","14":"shipping-taxable","15":"purchasable","16":"product-type-simple"},"_links":{"self":[{"href":"https:\/\/bicycool.pl\/index.php?rest_route=\/wp\/v2\/product\/7908","targetHints":{"allow":["GET"]}}],"collection":[{"href":"https:\/\/bicycool.pl\/index.php?rest_route=\/wp\/v2\/product"}],"about":[{"href":"https:\/\/bicycool.pl\/index.php?rest_route=\/wp\/v2\/types\/product"}],"replies":[{"embeddable":true,"href":"https:\/\/bicycool.pl\/index.php?rest_route=%2Fwp%2Fv2%2Fcomments&post=7908"}],"wp:featuredmedia":[{"embeddable":true,"href":"https:\/\/bicycool.pl\/index.php?rest_route=\/wp\/v2\/media\/7909"}],"wp:attachment":[{"href":"https:\/\/bicycool.pl\/index.php?rest_route=%2Fwp%2Fv2%2Fmedia&parent=7908"}],"wp:term":[{"taxonomy":"product_brand","embeddable":true,"href":"https:\/\/bicycool.pl\/index.php?rest_route=%2Fwp%2Fv2%2Fproduct_brand&post=7908"},{"taxonomy":"product_cat","embeddable":true,"href":"https:\/\/bicycool.pl\/index.php?rest_route=%2Fwp%2Fv2%2Fproduct_cat&post=7908"},{"taxonomy":"product_tag","embeddable":true,"href":"https:\/\/bicycool.pl\/index.php?rest_route=%2Fwp%2Fv2%2Fproduct_tag&post=7908"}],"curies":[{"name":"wp","href":"https:\/\/api.w.org\/{rel}","templated":true}]}}