{"id":7985,"date":"2025-12-13T11:05:01","date_gmt":"2025-12-13T10:05:01","guid":{"rendered":"https:\/\/bicycool.pl\/?post_type=product&#038;p=7985"},"modified":"2025-12-13T11:09:31","modified_gmt":"2025-12-13T10:09:31","slug":"siodlo-selle-royal-zadel-rokky","status":"publish","type":"product","link":"https:\/\/bicycool.pl\/?product=siodlo-selle-royal-zadel-rokky","title":{"rendered":"Siod\u0142o Selle Royal Zadel Rokky"},"content":{"rendered":"<h2 data-start=\"61\" data-end=\"89\"><strong data-start=\"61\" data-end=\"89\">Siod\u0142o Selle Royal Zadel Rokky<\/strong><\/h2>\n<p>Selle Royal Rokky to wygodne i ergonomiczne siod\u0142o zaprojektowane z my\u015bl\u0105 o maksymalnym komforcie jazdy. Wyposa\u017cone w mi\u0119kkie, komfortowe wype\u0142nienie gelowe oraz bardzo dobre zawieszenie, skutecznie t\u0142umi nier\u00f3wno\u015bci i wibracje, sprawdzaj\u0105c si\u0119 zar\u00f3wno w codziennej je\u017adzie, jak i na d\u0142u\u017cszych trasach.<\/p>\n<p>Model zosta\u0142 <strong data-start=\"410\" data-end=\"467\">specjalnie zaprojektowany dla os\u00f3b nosz\u0105cych sp\u00f3dnice<\/strong>, co czyni go doskona\u0142ym wyborem do rower\u00f3w miejskich.<\/p>\n<p>&nbsp;<\/p>\n<p><strong data-start=\"626\" data-end=\"645\">Cechy produktu:<\/strong><\/p>\n<ul data-start=\"646\" data-end=\"946\">\n<li data-start=\"646\" data-end=\"681\">Komfortowe wype\u0142nienie<\/li>\n<li data-start=\"682\" data-end=\"721\">Bardzo dobra amortyzacja (spr\u0119\u017cyny)<\/li>\n<li data-start=\"722\" data-end=\"766\">Ergonomiczny kszta\u0142t zwi\u0119kszaj\u0105cy wygod\u0119<\/li>\n<li data-start=\"767\" data-end=\"823\">Specjalna konstrukcja dla os\u00f3b je\u017cd\u017c\u0105cych w sp\u00f3dnicy<\/li>\n<li data-start=\"845\" data-end=\"880\">Pasuje do niemal ka\u017cdego roweru<\/li>\n<li data-start=\"881\" data-end=\"907\">Prosty i szybki monta\u017c<\/li>\n<li data-start=\"908\" data-end=\"946\">Doskona\u0142y stosunek ceny do jako\u015bci<\/li>\n<li data-start=\"908\" data-end=\"946\"><strong>STAN:<\/strong> U\u017cywane<\/li>\n<\/ul>\n","protected":false},"excerpt":{"rendered":"<p>Siod\u0142o Selle Royal Zadel Rokky Selle Royal Rokky to wygodne i ergonomiczne siod\u0142o zaprojektowane z my\u015bl\u0105 o maksymalnym komforcie jazdy. Wyposa\u017cone w mi\u0119kkie, komfortowe wype\u0142nienie gelowe oraz bardzo dobre zawieszenie, skutecznie t\u0142umi nier\u00f3wno\u015bci i wibracje, sprawdzaj\u0105c si\u0119 zar\u00f3wno w codziennej je\u017adzie, jak i na d\u0142u\u017cszych trasach. Model zosta\u0142 specjalnie zaprojektowany dla os\u00f3b nosz\u0105cych sp\u00f3dnice, co&hellip;<\/p>\n","protected":false},"featured_media":7986,"comment_status":"open","ping_status":"closed","template":"","meta":[],"product_brand":[],"product_cat":[28],"product_tag":[],"class_list":{"0":"post-7985","1":"product","2":"type-product","3":"status-publish","4":"has-post-thumbnail","6":"product_cat-czesci-i-akcesoria-uzywane","7":"product_shipping_class-mala-paczka","9":"first","10":"instock","11":"shipping-taxable","12":"purchasable","13":"product-type-simple"},"_links":{"self":[{"href":"https:\/\/bicycool.pl\/index.php?rest_route=\/wp\/v2\/product\/7985","targetHints":{"allow":["GET"]}}],"collection":[{"href":"https:\/\/bicycool.pl\/index.php?rest_route=\/wp\/v2\/product"}],"about":[{"href":"https:\/\/bicycool.pl\/index.php?rest_route=\/wp\/v2\/types\/product"}],"replies":[{"embeddable":true,"href":"https:\/\/bicycool.pl\/index.php?rest_route=%2Fwp%2Fv2%2Fcomments&post=7985"}],"wp:featuredmedia":[{"embeddable":true,"href":"https:\/\/bicycool.pl\/index.php?rest_route=\/wp\/v2\/media\/7986"}],"wp:attachment":[{"href":"https:\/\/bicycool.pl\/index.php?rest_route=%2Fwp%2Fv2%2Fmedia&parent=7985"}],"wp:term":[{"taxonomy":"product_brand","embeddable":true,"href":"https:\/\/bicycool.pl\/index.php?rest_route=%2Fwp%2Fv2%2Fproduct_brand&post=7985"},{"taxonomy":"product_cat","embeddable":true,"href":"https:\/\/bicycool.pl\/index.php?rest_route=%2Fwp%2Fv2%2Fproduct_cat&post=7985"},{"taxonomy":"product_tag","embeddable":true,"href":"https:\/\/bicycool.pl\/index.php?rest_route=%2Fwp%2Fv2%2Fproduct_tag&post=7985"}],"curies":[{"name":"wp","href":"https:\/\/api.w.org\/{rel}","templated":true}]}}