{"id":819,"date":"2023-11-30T14:48:48","date_gmt":"2023-11-30T13:48:48","guid":{"rendered":"https:\/\/bicycool.pl\/?post_type=product&#038;p=819"},"modified":"2023-11-30T14:52:05","modified_gmt":"2023-11-30T13:52:05","slug":"kierownica-szosowa-retro-czarna-26mm-39cm","status":"publish","type":"product","link":"https:\/\/bicycool.pl\/?product=kierownica-szosowa-retro-czarna-26mm-39cm","title":{"rendered":"Kierownica szosowa RETRO czarna 26mm 39cm"},"content":{"rendered":"<h3 class=\"Product_product-title__BALAQ\">Kierownica szosowa<\/h3>\n<ul>\n<li><strong>Szeroko\u015b\u0107 mierzona w dolnym chwycie<\/strong> 39cm<\/li>\n<li><b>Monta\u017c<\/b>\u00a026mm<\/li>\n<li>Kierownica polakierowana proszkowo na czarno<\/li>\n<li><strong>Stan<\/strong> &#8211; u\u017cywana<\/li>\n<\/ul>\n","protected":false},"excerpt":{"rendered":"<p>Kierownica szosowa Szeroko\u015b\u0107 mierzona w dolnym chwycie 39cm Monta\u017c\u00a026mm Kierownica polakierowana proszkowo na czarno Stan &#8211; u\u017cywana<\/p>\n","protected":false},"featured_media":821,"comment_status":"open","ping_status":"closed","template":"","meta":[],"product_brand":[],"product_cat":[28],"product_tag":[],"class_list":{"0":"post-819","1":"product","2":"type-product","3":"status-publish","4":"has-post-thumbnail","6":"product_cat-czesci-i-akcesoria-uzywane","7":"product_shipping_class-mala-paczka","9":"first","10":"instock","11":"shipping-taxable","12":"purchasable","13":"product-type-simple"},"_links":{"self":[{"href":"https:\/\/bicycool.pl\/index.php?rest_route=\/wp\/v2\/product\/819","targetHints":{"allow":["GET"]}}],"collection":[{"href":"https:\/\/bicycool.pl\/index.php?rest_route=\/wp\/v2\/product"}],"about":[{"href":"https:\/\/bicycool.pl\/index.php?rest_route=\/wp\/v2\/types\/product"}],"replies":[{"embeddable":true,"href":"https:\/\/bicycool.pl\/index.php?rest_route=%2Fwp%2Fv2%2Fcomments&post=819"}],"wp:featuredmedia":[{"embeddable":true,"href":"https:\/\/bicycool.pl\/index.php?rest_route=\/wp\/v2\/media\/821"}],"wp:attachment":[{"href":"https:\/\/bicycool.pl\/index.php?rest_route=%2Fwp%2Fv2%2Fmedia&parent=819"}],"wp:term":[{"taxonomy":"product_brand","embeddable":true,"href":"https:\/\/bicycool.pl\/index.php?rest_route=%2Fwp%2Fv2%2Fproduct_brand&post=819"},{"taxonomy":"product_cat","embeddable":true,"href":"https:\/\/bicycool.pl\/index.php?rest_route=%2Fwp%2Fv2%2Fproduct_cat&post=819"},{"taxonomy":"product_tag","embeddable":true,"href":"https:\/\/bicycool.pl\/index.php?rest_route=%2Fwp%2Fv2%2Fproduct_tag&post=819"}],"curies":[{"name":"wp","href":"https:\/\/api.w.org\/{rel}","templated":true}]}}