{"id":8192,"date":"2025-12-17T14:35:37","date_gmt":"2025-12-17T13:35:37","guid":{"rendered":"https:\/\/bicycool.pl\/?post_type=product&#038;p=8192"},"modified":"2025-12-17T14:40:54","modified_gmt":"2025-12-17T13:40:54","slug":"shimano-bl-1051-slr-105-klamka-hamulcowa-lewa","status":"publish","type":"product","link":"https:\/\/bicycool.pl\/?product=shimano-bl-1051-slr-105-klamka-hamulcowa-lewa","title":{"rendered":"Shimano BL-1051 SLR 105 \u2013 klamka hamulcowa LEWA"},"content":{"rendered":"<h1>Shimano BL-1051 SLR 105 \u2013 klamka hamulcowa LEWA<\/h1>\n<p>&nbsp;<\/p>\n<p data-start=\"174\" data-end=\"414\"><strong data-start=\"174\" data-end=\"193\">Shimano BL-1051<\/strong> to klasyczne klamki hamulcowe z serii <strong data-start=\"232\" data-end=\"244\">105<\/strong>, produkowane w <strong data-start=\"260\" data-end=\"283\">1989 roku w Japonii<\/strong>. Model wykonany w wersji <strong data-start=\"309\" data-end=\"346\">ciemno-anodowanej (dark anodized)<\/strong>, co nadaje elegancki, subtelny wygl\u0105d i odporno\u015b\u0107 na zarysowania.<\/p>\n<h3 data-start=\"663\" data-end=\"680\"><\/h3>\n<h3 data-start=\"663\" data-end=\"680\">Specyfikacja:<\/h3>\n<ul data-start=\"681\" data-end=\"967\">\n<li data-start=\"681\" data-end=\"714\">\n<p data-start=\"683\" data-end=\"714\">Kategoria: <strong data-start=\"694\" data-end=\"714\">klamki hamulcowe<\/strong><\/p>\n<\/li>\n<li data-start=\"715\" data-end=\"739\">\n<p data-start=\"717\" data-end=\"739\">Producent: <strong data-start=\"728\" data-end=\"739\">Shimano<\/strong><\/p>\n<\/li>\n<li data-start=\"740\" data-end=\"768\">\n<p data-start=\"742\" data-end=\"768\">Grupa: <strong data-start=\"749\" data-end=\"768\">105<\/strong><\/p>\n<\/li>\n<li data-start=\"769\" data-end=\"797\">\n<p data-start=\"771\" data-end=\"797\">Model: <strong data-start=\"778\" data-end=\"797\">BL-1051 SLR 105<\/strong><\/p>\n<\/li>\n<li data-start=\"798\" data-end=\"824\">\n<p data-start=\"800\" data-end=\"824\">Lata produkcji: <strong data-start=\"816\" data-end=\"824\">1989<\/strong><\/p>\n<\/li>\n<li data-start=\"825\" data-end=\"854\">\n<p data-start=\"827\" data-end=\"854\">Kraj produkcji: <strong data-start=\"843\" data-end=\"854\">Japonia<\/strong><\/p>\n<\/li>\n<li data-start=\"855\" data-end=\"906\">\n<p data-start=\"857\" data-end=\"906\">Wyko\u0144czenie: <strong data-start=\"870\" data-end=\"906\">ciemno-anodowane (dark anodized)<\/strong><\/p>\n<\/li>\n<li data-start=\"907\" data-end=\"967\">\n<p data-start=\"909\" data-end=\"967\"><strong>STAN: U\u017bYWANA \/ Brak gumy<\/strong><\/p>\n<\/li>\n<\/ul>\n","protected":false},"excerpt":{"rendered":"<p>Shimano BL-1051 SLR 105 \u2013 klamka hamulcowa LEWA &nbsp; Shimano BL-1051 to klasyczne klamki hamulcowe z serii 105, produkowane w 1989 roku w Japonii. Model wykonany w wersji ciemno-anodowanej (dark anodized), co nadaje elegancki, subtelny wygl\u0105d i odporno\u015b\u0107 na zarysowania. Specyfikacja: Kategoria: klamki hamulcowe Producent: Shimano Grupa: 105 Model: BL-1051 SLR 105 Lata produkcji: 1989&hellip;<\/p>\n","protected":false},"featured_media":8193,"comment_status":"open","ping_status":"closed","template":"","meta":[],"product_brand":[],"product_cat":[15,28],"product_tag":[],"class_list":{"0":"post-8192","1":"product","2":"type-product","3":"status-publish","4":"has-post-thumbnail","6":"product_cat-czesci","7":"product_cat-czesci-i-akcesoria-uzywane","8":"product_shipping_class-mala-paczka","10":"first","11":"instock","12":"shipping-taxable","13":"purchasable","14":"product-type-simple"},"_links":{"self":[{"href":"https:\/\/bicycool.pl\/index.php?rest_route=\/wp\/v2\/product\/8192","targetHints":{"allow":["GET"]}}],"collection":[{"href":"https:\/\/bicycool.pl\/index.php?rest_route=\/wp\/v2\/product"}],"about":[{"href":"https:\/\/bicycool.pl\/index.php?rest_route=\/wp\/v2\/types\/product"}],"replies":[{"embeddable":true,"href":"https:\/\/bicycool.pl\/index.php?rest_route=%2Fwp%2Fv2%2Fcomments&post=8192"}],"wp:featuredmedia":[{"embeddable":true,"href":"https:\/\/bicycool.pl\/index.php?rest_route=\/wp\/v2\/media\/8193"}],"wp:attachment":[{"href":"https:\/\/bicycool.pl\/index.php?rest_route=%2Fwp%2Fv2%2Fmedia&parent=8192"}],"wp:term":[{"taxonomy":"product_brand","embeddable":true,"href":"https:\/\/bicycool.pl\/index.php?rest_route=%2Fwp%2Fv2%2Fproduct_brand&post=8192"},{"taxonomy":"product_cat","embeddable":true,"href":"https:\/\/bicycool.pl\/index.php?rest_route=%2Fwp%2Fv2%2Fproduct_cat&post=8192"},{"taxonomy":"product_tag","embeddable":true,"href":"https:\/\/bicycool.pl\/index.php?rest_route=%2Fwp%2Fv2%2Fproduct_tag&post=8192"}],"curies":[{"name":"wp","href":"https:\/\/api.w.org\/{rel}","templated":true}]}}