{"id":8299,"date":"2025-12-19T10:11:32","date_gmt":"2025-12-19T09:11:32","guid":{"rendered":"https:\/\/bicycool.pl\/?post_type=product&#038;p=8299"},"modified":"2025-12-19T10:23:04","modified_gmt":"2025-12-19T09:23:04","slug":"hamulec-rolkowy-shimano-br-im41-r-tylny","status":"publish","type":"product","link":"https:\/\/bicycool.pl\/?product=hamulec-rolkowy-shimano-br-im41-r-tylny","title":{"rendered":"Hamulec rolkowy Shimano BR-IM41-R TYLNY"},"content":{"rendered":"<h1 class=\"Product_product-title__BALAQ\">Hamulec rolkowy Shimano BR-IM41-R<\/h1>\n<p>&nbsp;<\/p>\n<p><strong data-start=\"154\" data-end=\"175\">Shimano BR-IM41-R<\/strong> to bezobs\u0142ugowy hamulec rolkowy przeznaczony do <strong data-start=\"224\" data-end=\"240\">tylnego ko\u0142a<\/strong>, idealny do rower\u00f3w <strong data-start=\"261\" data-end=\"290\">miejskich i turystycznych<\/strong>. Dzi\u0119ki zamkni\u0119tej konstrukcji b\u0119bnowej mechanizm jest praktycznie <strong data-start=\"358\" data-end=\"398\">niewra\u017cliwy na warunki atmosferyczne<\/strong>, co gwarantuje d\u0142ug\u0105 i bezproblemow\u0105 eksploatacj\u0119.<\/p>\n<hr data-start=\"701\" data-end=\"704\" \/>\n<h3 data-start=\"706\" data-end=\"730\">Najwa\u017cniejsze cechy:<\/h3>\n<p>&nbsp;<\/p>\n<ul data-start=\"731\" data-end=\"1146\">\n<li data-start=\"753\" data-end=\"817\"><strong>TY\u0141<\/strong><\/li>\n<li data-start=\"818\" data-end=\"881\"><strong>Szczelnie zamkni\u0119ty b\u0119ben \u2013 odporno\u015b\u0107 na deszcz, \u015bnieg i brud<\/strong><\/li>\n<li data-start=\"933\" data-end=\"968\"><strong>Bardzo trwa\u0142e ok\u0142adziny hamulcowe<\/strong><\/li>\n<li data-start=\"969\" data-end=\"1020\"><strong>Zewn\u0119trzny port do uzupe\u0142niania specjalnego smaru<\/strong><\/li>\n<li data-start=\"1021\" data-end=\"1067\"><strong>Idealny do rower\u00f3w miejskich i trekkingowych<\/strong><\/li>\n<li data-start=\"1112\" data-end=\"1146\"><strong>STAN: U\u017bYWANY<\/strong><\/li>\n<\/ul>\n<hr data-start=\"1148\" data-end=\"1151\" \/>\n<p>&nbsp;<\/p>\n","protected":false},"excerpt":{"rendered":"<p>Hamulec rolkowy Shimano BR-IM41-R &nbsp; Shimano BR-IM41-R to bezobs\u0142ugowy hamulec rolkowy przeznaczony do tylnego ko\u0142a, idealny do rower\u00f3w miejskich i turystycznych. Dzi\u0119ki zamkni\u0119tej konstrukcji b\u0119bnowej mechanizm jest praktycznie niewra\u017cliwy na warunki atmosferyczne, co gwarantuje d\u0142ug\u0105 i bezproblemow\u0105 eksploatacj\u0119. Najwa\u017cniejsze cechy: &nbsp; TY\u0141 Szczelnie zamkni\u0119ty b\u0119ben \u2013 odporno\u015b\u0107 na deszcz, \u015bnieg i brud Bardzo trwa\u0142e ok\u0142adziny&hellip;<\/p>\n","protected":false},"featured_media":8304,"comment_status":"open","ping_status":"closed","template":"","meta":[],"product_brand":[],"product_cat":[28],"product_tag":[],"class_list":{"0":"post-8299","1":"product","2":"type-product","3":"status-publish","4":"has-post-thumbnail","6":"product_cat-czesci-i-akcesoria-uzywane","7":"product_shipping_class-mala-paczka","9":"first","10":"instock","11":"shipping-taxable","12":"purchasable","13":"product-type-simple"},"_links":{"self":[{"href":"https:\/\/bicycool.pl\/index.php?rest_route=\/wp\/v2\/product\/8299","targetHints":{"allow":["GET"]}}],"collection":[{"href":"https:\/\/bicycool.pl\/index.php?rest_route=\/wp\/v2\/product"}],"about":[{"href":"https:\/\/bicycool.pl\/index.php?rest_route=\/wp\/v2\/types\/product"}],"replies":[{"embeddable":true,"href":"https:\/\/bicycool.pl\/index.php?rest_route=%2Fwp%2Fv2%2Fcomments&post=8299"}],"wp:featuredmedia":[{"embeddable":true,"href":"https:\/\/bicycool.pl\/index.php?rest_route=\/wp\/v2\/media\/8304"}],"wp:attachment":[{"href":"https:\/\/bicycool.pl\/index.php?rest_route=%2Fwp%2Fv2%2Fmedia&parent=8299"}],"wp:term":[{"taxonomy":"product_brand","embeddable":true,"href":"https:\/\/bicycool.pl\/index.php?rest_route=%2Fwp%2Fv2%2Fproduct_brand&post=8299"},{"taxonomy":"product_cat","embeddable":true,"href":"https:\/\/bicycool.pl\/index.php?rest_route=%2Fwp%2Fv2%2Fproduct_cat&post=8299"},{"taxonomy":"product_tag","embeddable":true,"href":"https:\/\/bicycool.pl\/index.php?rest_route=%2Fwp%2Fv2%2Fproduct_tag&post=8299"}],"curies":[{"name":"wp","href":"https:\/\/api.w.org\/{rel}","templated":true}]}}