{"id":8347,"date":"2025-12-19T12:02:09","date_gmt":"2025-12-19T11:02:09","guid":{"rendered":"https:\/\/bicycool.pl\/?post_type=product&#038;p=8347"},"modified":"2025-12-19T12:09:54","modified_gmt":"2025-12-19T11:09:54","slug":"shimano-korba-tiagra-fc-4700-50-34-175mm","status":"publish","type":"product","link":"https:\/\/bicycool.pl\/?product=shimano-korba-tiagra-fc-4700-50-34-175mm","title":{"rendered":"Shimano korba Tiagra FC-4700 50-34 175mm"},"content":{"rendered":"<h1 class=\"productCard__name header -h4\">Shimano korba Tiagra FC-4700 50-34 175mm<\/h1>\n<p data-start=\"239\" data-end=\"558\"><strong data-start=\"239\" data-end=\"265\">Shimano Tiagra FC-4700<\/strong> to nowoczesna, 2-rz\u0119dowa korba szosowa 10-biegowa, \u0142\u0105cz\u0105ca wysok\u0105 niezawodno\u015b\u0107, estetyk\u0119 i technologie znane z wy\u017cszych grup Shimano. Dzi\u0119ki konstrukcji <strong data-start=\"419\" data-end=\"430\">2-PIECE<\/strong> z zintegrowan\u0105 osi\u0105 oraz sztywnej, czteroramiennej budowie, zapewnia bardzo dobry transfer mocy przy zachowaniu rozs\u0105dnej masy.<\/p>\n<h3 data-start=\"1118\" data-end=\"1142\">Najwa\u017cniejsze cechy:<\/h3>\n<ul data-start=\"1143\" data-end=\"1383\">\n<li data-start=\"1143\" data-end=\"1199\">\n<p data-start=\"1145\" data-end=\"1199\">Nowoczesna konstrukcja <strong data-start=\"1168\" data-end=\"1179\">2-PIECE<\/strong> z osi\u0105 zintegrowan\u0105<\/p>\n<\/li>\n<li data-start=\"1200\" data-end=\"1244\">\n<p data-start=\"1202\" data-end=\"1244\">Wysoka sztywno\u015b\u0107 i efektywny transfer mocy<\/p>\n<\/li>\n<li data-start=\"1245\" data-end=\"1304\">\n<p data-start=\"1247\" data-end=\"1304\">Technologia i design inspirowane wy\u017cszymi grupami Shimano<\/p>\n<\/li>\n<li data-start=\"1305\" data-end=\"1343\">\n<p data-start=\"1307\" data-end=\"1343\">P\u0142ynna i precyzyjna zmiana prze\u0142o\u017ce\u0144<\/p>\n<\/li>\n<li data-start=\"1344\" data-end=\"1383\">\n<p data-start=\"1346\" data-end=\"1383\">Bardzo dobry stosunek jako\u015bci do ceny<\/p>\n<\/li>\n<\/ul>\n<h3 data-start=\"1390\" data-end=\"1418\">Specyfikacja techniczna:<\/h3>\n<ul data-start=\"1419\" data-end=\"2039\">\n<li data-start=\"1419\" data-end=\"1465\">\n<p data-start=\"1421\" data-end=\"1465\"><strong data-start=\"1421\" data-end=\"1438\">Zastosowanie:<\/strong> Szosa \/ Gravel \/ Prze\u0142aj<\/p>\n<\/li>\n<li data-start=\"1466\" data-end=\"1500\">\n<p data-start=\"1468\" data-end=\"1500\"><strong data-start=\"1468\" data-end=\"1478\">Grupa:<\/strong> Shimano Tiagra 4700<\/p>\n<\/li>\n<li data-start=\"1501\" data-end=\"1520\">\n<p data-start=\"1503\" data-end=\"1520\"><strong data-start=\"1503\" data-end=\"1513\">Nap\u0119d:<\/strong> 2&#215;10<\/p>\n<\/li>\n<li data-start=\"1521\" data-end=\"1549\">\n<p data-start=\"1523\" data-end=\"1549\"><strong data-start=\"1523\" data-end=\"1540\">Stopniowanie:<\/strong> 50\u201334T<\/p>\n<\/li>\n<li data-start=\"1550\" data-end=\"1601\">\n<p data-start=\"1552\" data-end=\"1601\"><strong data-start=\"1552\" data-end=\"1572\">D\u0142ugo\u015bci ramion:<\/strong>\u00a0 175 mm<\/p>\n<\/li>\n<li data-start=\"1602\" data-end=\"1647\">\n<p data-start=\"1604\" data-end=\"1647\"><strong data-start=\"1604\" data-end=\"1612\">BCD:<\/strong> 110 mm, 4-ramienny, asymetryczny<\/p>\n<\/li>\n<li data-start=\"1734\" data-end=\"1767\">\n<p data-start=\"1736\" data-end=\"1767\"><strong data-start=\"1736\" data-end=\"1743\">O\u015b:<\/strong> zintegrowana, stalowa<\/p>\n<\/li>\n<li data-start=\"1918\" data-end=\"1952\">\n<p data-start=\"1920\" data-end=\"1952\"><strong data-start=\"1920\" data-end=\"1940\">Waga (172,5 mm):<\/strong> ok. 890 g<\/p>\n<\/li>\n<li data-start=\"1953\" data-end=\"1987\">\n<p data-start=\"1955\" data-end=\"1987\"><strong data-start=\"1955\" data-end=\"1975\">Materia\u0142 ramion:<\/strong> aluminium<\/p>\n<\/li>\n<li data-start=\"1988\" data-end=\"2039\">\n<p data-start=\"1990\" data-end=\"2039\"><strong data-start=\"1990\" data-end=\"2011\">Materia\u0142 z\u0119batek:<\/strong> aluminium \/ kompozyt GFRP<\/p>\n<\/li>\n<li data-start=\"1988\" data-end=\"2039\"><strong>Stan: Nieu\u017cywana \/ Zdemontowana z nowego roweru<\/strong><\/li>\n<\/ul>\n","protected":false},"excerpt":{"rendered":"<p>Shimano korba Tiagra FC-4700 50-34 175mm Shimano Tiagra FC-4700 to nowoczesna, 2-rz\u0119dowa korba szosowa 10-biegowa, \u0142\u0105cz\u0105ca wysok\u0105 niezawodno\u015b\u0107, estetyk\u0119 i technologie znane z wy\u017cszych grup Shimano. Dzi\u0119ki konstrukcji 2-PIECE z zintegrowan\u0105 osi\u0105 oraz sztywnej, czteroramiennej budowie, zapewnia bardzo dobry transfer mocy przy zachowaniu rozs\u0105dnej masy. Najwa\u017cniejsze cechy: Nowoczesna konstrukcja 2-PIECE z osi\u0105 zintegrowan\u0105 Wysoka sztywno\u015b\u0107&hellip;<\/p>\n","protected":false},"featured_media":8348,"comment_status":"open","ping_status":"closed","template":"","meta":[],"product_brand":[],"product_cat":[28,85],"product_tag":[],"class_list":{"0":"post-8347","1":"product","2":"type-product","3":"status-publish","4":"has-post-thumbnail","6":"product_cat-czesci-i-akcesoria-uzywane","7":"product_cat-outlet","8":"product_shipping_class-mala-paczka","10":"first","11":"instock","12":"shipping-taxable","13":"purchasable","14":"product-type-simple"},"_links":{"self":[{"href":"https:\/\/bicycool.pl\/index.php?rest_route=\/wp\/v2\/product\/8347","targetHints":{"allow":["GET"]}}],"collection":[{"href":"https:\/\/bicycool.pl\/index.php?rest_route=\/wp\/v2\/product"}],"about":[{"href":"https:\/\/bicycool.pl\/index.php?rest_route=\/wp\/v2\/types\/product"}],"replies":[{"embeddable":true,"href":"https:\/\/bicycool.pl\/index.php?rest_route=%2Fwp%2Fv2%2Fcomments&post=8347"}],"wp:featuredmedia":[{"embeddable":true,"href":"https:\/\/bicycool.pl\/index.php?rest_route=\/wp\/v2\/media\/8348"}],"wp:attachment":[{"href":"https:\/\/bicycool.pl\/index.php?rest_route=%2Fwp%2Fv2%2Fmedia&parent=8347"}],"wp:term":[{"taxonomy":"product_brand","embeddable":true,"href":"https:\/\/bicycool.pl\/index.php?rest_route=%2Fwp%2Fv2%2Fproduct_brand&post=8347"},{"taxonomy":"product_cat","embeddable":true,"href":"https:\/\/bicycool.pl\/index.php?rest_route=%2Fwp%2Fv2%2Fproduct_cat&post=8347"},{"taxonomy":"product_tag","embeddable":true,"href":"https:\/\/bicycool.pl\/index.php?rest_route=%2Fwp%2Fv2%2Fproduct_tag&post=8347"}],"curies":[{"name":"wp","href":"https:\/\/api.w.org\/{rel}","templated":true}]}}