{"id":852,"date":"2023-11-30T16:02:09","date_gmt":"2023-11-30T15:02:09","guid":{"rendered":"https:\/\/bicycool.pl\/?post_type=product&#038;p=852"},"modified":"2023-11-30T16:13:07","modified_gmt":"2023-11-30T15:13:07","slug":"piasta-tyl-shimano-105-fh-r7070-32h-12x142","status":"publish","type":"product","link":"https:\/\/bicycool.pl\/?product=piasta-tyl-shimano-105-fh-r7070-32h-12x142","title":{"rendered":"Piasta ty\u0142 SHIMANO 105 FH-R7070 32H 12&#215;142"},"content":{"rendered":"<h3 class=\"Product_product-title__BALAQ\">Piasta SHIMANO 105 FH-R7070<\/h3>\n<ul>\n<li><strong>Ty\u0142<\/strong><\/li>\n<li><strong>Rodzaj hamulca<\/strong> &#8211; Tarcza Center-Lock<\/li>\n<li><strong>Liczba otwor\u00f3w<\/strong> &#8211; 32<\/li>\n<li><strong>Kolor<\/strong> &#8211; czarny<\/li>\n<li><strong>O\u015a<\/strong> E-THRU 142&#215;12 mm<\/li>\n<li><strong>10\/11-rz\u0119dowa<\/strong><\/li>\n<li><strong>Piasta nie u\u017cywana, zdemontowana z nowego ko\u0142a uszkodzonego w transporcie.\u00a0<\/strong><\/li>\n<\/ul>\n","protected":false},"excerpt":{"rendered":"<p>Piasta SHIMANO 105 FH-R7070 Ty\u0142 Rodzaj hamulca &#8211; Tarcza Center-Lock Liczba otwor\u00f3w &#8211; 32 Kolor &#8211; czarny O\u015a E-THRU 142&#215;12 mm 10\/11-rz\u0119dowa Piasta nie u\u017cywana, zdemontowana z nowego ko\u0142a uszkodzonego w transporcie.\u00a0<\/p>\n","protected":false},"featured_media":848,"comment_status":"open","ping_status":"closed","template":"","meta":[],"product_brand":[],"product_cat":[27,85,168],"product_tag":[],"class_list":{"0":"post-852","1":"product","2":"type-product","3":"status-publish","4":"has-post-thumbnail","6":"product_cat-czesci-nowe","7":"product_cat-outlet","8":"product_cat-piasty","9":"product_shipping_class-mala-paczka","11":"first","12":"instock","13":"sale","14":"shipping-taxable","15":"purchasable","16":"product-type-simple"},"_links":{"self":[{"href":"https:\/\/bicycool.pl\/index.php?rest_route=\/wp\/v2\/product\/852","targetHints":{"allow":["GET"]}}],"collection":[{"href":"https:\/\/bicycool.pl\/index.php?rest_route=\/wp\/v2\/product"}],"about":[{"href":"https:\/\/bicycool.pl\/index.php?rest_route=\/wp\/v2\/types\/product"}],"replies":[{"embeddable":true,"href":"https:\/\/bicycool.pl\/index.php?rest_route=%2Fwp%2Fv2%2Fcomments&post=852"}],"wp:featuredmedia":[{"embeddable":true,"href":"https:\/\/bicycool.pl\/index.php?rest_route=\/wp\/v2\/media\/848"}],"wp:attachment":[{"href":"https:\/\/bicycool.pl\/index.php?rest_route=%2Fwp%2Fv2%2Fmedia&parent=852"}],"wp:term":[{"taxonomy":"product_brand","embeddable":true,"href":"https:\/\/bicycool.pl\/index.php?rest_route=%2Fwp%2Fv2%2Fproduct_brand&post=852"},{"taxonomy":"product_cat","embeddable":true,"href":"https:\/\/bicycool.pl\/index.php?rest_route=%2Fwp%2Fv2%2Fproduct_cat&post=852"},{"taxonomy":"product_tag","embeddable":true,"href":"https:\/\/bicycool.pl\/index.php?rest_route=%2Fwp%2Fv2%2Fproduct_tag&post=852"}],"curies":[{"name":"wp","href":"https:\/\/api.w.org\/{rel}","templated":true}]}}