{"id":855,"date":"2023-11-30T16:53:28","date_gmt":"2023-11-30T15:53:28","guid":{"rendered":"https:\/\/bicycool.pl\/?post_type=product&#038;p=855"},"modified":"2025-12-22T17:31:32","modified_gmt":"2025-12-22T16:31:32","slug":"bloki-pedalow-cannondale-coda-cleat-900-m-nos","status":"publish","type":"product","link":"https:\/\/bicycool.pl\/?product=bloki-pedalow-cannondale-coda-cleat-900-m-nos","title":{"rendered":"Bloki peda\u0142\u00f3w Cannondale CODA Cleat 900 M NOS"},"content":{"rendered":"<h3>Bloki peda\u0142\u00f3w Cannondale CODA<\/h3>\n<ul>\n<li>Coda 900M<\/li>\n<\/ul>\n","protected":false},"excerpt":{"rendered":"<p>Bloki peda\u0142\u00f3w Cannondale CODA Coda 900M<\/p>\n","protected":false},"featured_media":856,"comment_status":"open","ping_status":"closed","template":"","meta":[],"product_brand":[],"product_cat":[15,27,85,127],"product_tag":[255,130],"class_list":{"0":"post-855","1":"product","2":"type-product","3":"status-publish","4":"has-post-thumbnail","6":"product_cat-czesci","7":"product_cat-czesci-nowe","8":"product_cat-outlet","9":"product_cat-pedaly","10":"product_tag-cannondale","11":"product_tag-pedaly","12":"product_shipping_class-mala-paczka","14":"first","15":"instock","16":"shipping-taxable","17":"purchasable","18":"product-type-simple"},"_links":{"self":[{"href":"https:\/\/bicycool.pl\/index.php?rest_route=\/wp\/v2\/product\/855","targetHints":{"allow":["GET"]}}],"collection":[{"href":"https:\/\/bicycool.pl\/index.php?rest_route=\/wp\/v2\/product"}],"about":[{"href":"https:\/\/bicycool.pl\/index.php?rest_route=\/wp\/v2\/types\/product"}],"replies":[{"embeddable":true,"href":"https:\/\/bicycool.pl\/index.php?rest_route=%2Fwp%2Fv2%2Fcomments&post=855"}],"wp:featuredmedia":[{"embeddable":true,"href":"https:\/\/bicycool.pl\/index.php?rest_route=\/wp\/v2\/media\/856"}],"wp:attachment":[{"href":"https:\/\/bicycool.pl\/index.php?rest_route=%2Fwp%2Fv2%2Fmedia&parent=855"}],"wp:term":[{"taxonomy":"product_brand","embeddable":true,"href":"https:\/\/bicycool.pl\/index.php?rest_route=%2Fwp%2Fv2%2Fproduct_brand&post=855"},{"taxonomy":"product_cat","embeddable":true,"href":"https:\/\/bicycool.pl\/index.php?rest_route=%2Fwp%2Fv2%2Fproduct_cat&post=855"},{"taxonomy":"product_tag","embeddable":true,"href":"https:\/\/bicycool.pl\/index.php?rest_route=%2Fwp%2Fv2%2Fproduct_tag&post=855"}],"curies":[{"name":"wp","href":"https:\/\/api.w.org\/{rel}","templated":true}]}}