{"id":929,"date":"2023-12-01T15:26:46","date_gmt":"2023-12-01T14:26:46","guid":{"rendered":"https:\/\/bicycool.pl\/?post_type=product&#038;p=929"},"modified":"2023-12-01T15:29:57","modified_gmt":"2023-12-01T14:29:57","slug":"sakwa-podsiodlowa-torebka-giant-retro-nos","status":"publish","type":"product","link":"https:\/\/bicycool.pl\/?product=sakwa-podsiodlowa-torebka-giant-retro-nos","title":{"rendered":"Sakwa podsiod\u0142owa, torebka GIANT, RETRO NOS"},"content":{"rendered":"<h3>Sakwa podsiod\u0142owa GIANT<\/h3>\n<ul>\n<li><strong>Ma\u0142a sakwa podsiod\u0142owa\u00a0<\/strong><\/li>\n<li><strong>Monta\u017c na rzep<\/strong><\/li>\n<li><strong>Kolor<\/strong> &#8211; Czarny z r\u00f3\u017cowymi dodatkami<\/li>\n<\/ul>\n<p>Ciekawe uzupe\u0142nienie Retro MTB<\/p>\n","protected":false},"excerpt":{"rendered":"<p>Sakwa podsiod\u0142owa GIANT Ma\u0142a sakwa podsiod\u0142owa\u00a0 Monta\u017c na rzep Kolor &#8211; Czarny z r\u00f3\u017cowymi dodatkami Ciekawe uzupe\u0142nienie Retro MTB<\/p>\n","protected":false},"featured_media":931,"comment_status":"open","ping_status":"closed","template":"","meta":[],"product_brand":[],"product_cat":[85,177],"product_tag":[],"class_list":{"0":"post-929","1":"product","2":"type-product","3":"status-publish","4":"has-post-thumbnail","6":"product_cat-outlet","7":"product_cat-sakwy","8":"product_shipping_class-mala-paczka","10":"first","11":"instock","12":"shipping-taxable","13":"purchasable","14":"product-type-simple"},"_links":{"self":[{"href":"https:\/\/bicycool.pl\/index.php?rest_route=\/wp\/v2\/product\/929","targetHints":{"allow":["GET"]}}],"collection":[{"href":"https:\/\/bicycool.pl\/index.php?rest_route=\/wp\/v2\/product"}],"about":[{"href":"https:\/\/bicycool.pl\/index.php?rest_route=\/wp\/v2\/types\/product"}],"replies":[{"embeddable":true,"href":"https:\/\/bicycool.pl\/index.php?rest_route=%2Fwp%2Fv2%2Fcomments&post=929"}],"wp:featuredmedia":[{"embeddable":true,"href":"https:\/\/bicycool.pl\/index.php?rest_route=\/wp\/v2\/media\/931"}],"wp:attachment":[{"href":"https:\/\/bicycool.pl\/index.php?rest_route=%2Fwp%2Fv2%2Fmedia&parent=929"}],"wp:term":[{"taxonomy":"product_brand","embeddable":true,"href":"https:\/\/bicycool.pl\/index.php?rest_route=%2Fwp%2Fv2%2Fproduct_brand&post=929"},{"taxonomy":"product_cat","embeddable":true,"href":"https:\/\/bicycool.pl\/index.php?rest_route=%2Fwp%2Fv2%2Fproduct_cat&post=929"},{"taxonomy":"product_tag","embeddable":true,"href":"https:\/\/bicycool.pl\/index.php?rest_route=%2Fwp%2Fv2%2Fproduct_tag&post=929"}],"curies":[{"name":"wp","href":"https:\/\/api.w.org\/{rel}","templated":true}]}}