{"id":939,"date":"2023-12-01T15:59:23","date_gmt":"2023-12-01T14:59:23","guid":{"rendered":"https:\/\/bicycool.pl\/?post_type=product&#038;p=939"},"modified":"2025-12-22T17:24:05","modified_gmt":"2025-12-22T16:24:05","slug":"pedaly-shimano-pd-d100-retro-mtb","status":"publish","type":"product","link":"https:\/\/bicycool.pl\/?product=pedaly-shimano-pd-d100-retro-mtb","title":{"rendered":"Peda\u0142y SHIMANO PD-D100 Retro MTB"},"content":{"rendered":"<h3>Peda\u0142y SHIMANO PD-D100<\/h3>\n<ul>\n<li>Rodzaj &#8211; MTB \/ ATB<\/li>\n<li>Peda\u0142y same ustawiaj\u0105 si\u0119 pod stop\u0119<\/li>\n<li>Made in Japan<\/li>\n<\/ul>\n<p>Peda\u0142ki ju\u017c nie spotykane, tym bardziej nieu\u017cywane.\u00a0 Retro MTB<\/p>\n","protected":false},"excerpt":{"rendered":"<p>FORCE CLICK MTB Uszczelnione \u0142o\u017cyska<\/p>\n<p>SPD<\/p>\n","protected":false},"featured_media":941,"comment_status":"open","ping_status":"closed","template":"","meta":[],"product_brand":[],"product_cat":[27,85,127],"product_tag":[130],"class_list":{"0":"post-939","1":"product","2":"type-product","3":"status-publish","4":"has-post-thumbnail","6":"product_cat-czesci-nowe","7":"product_cat-outlet","8":"product_cat-pedaly","9":"product_tag-pedaly","10":"product_shipping_class-mala-paczka","12":"first","13":"instock","14":"shipping-taxable","15":"purchasable","16":"product-type-simple"},"_links":{"self":[{"href":"https:\/\/bicycool.pl\/index.php?rest_route=\/wp\/v2\/product\/939","targetHints":{"allow":["GET"]}}],"collection":[{"href":"https:\/\/bicycool.pl\/index.php?rest_route=\/wp\/v2\/product"}],"about":[{"href":"https:\/\/bicycool.pl\/index.php?rest_route=\/wp\/v2\/types\/product"}],"replies":[{"embeddable":true,"href":"https:\/\/bicycool.pl\/index.php?rest_route=%2Fwp%2Fv2%2Fcomments&post=939"}],"wp:featuredmedia":[{"embeddable":true,"href":"https:\/\/bicycool.pl\/index.php?rest_route=\/wp\/v2\/media\/941"}],"wp:attachment":[{"href":"https:\/\/bicycool.pl\/index.php?rest_route=%2Fwp%2Fv2%2Fmedia&parent=939"}],"wp:term":[{"taxonomy":"product_brand","embeddable":true,"href":"https:\/\/bicycool.pl\/index.php?rest_route=%2Fwp%2Fv2%2Fproduct_brand&post=939"},{"taxonomy":"product_cat","embeddable":true,"href":"https:\/\/bicycool.pl\/index.php?rest_route=%2Fwp%2Fv2%2Fproduct_cat&post=939"},{"taxonomy":"product_tag","embeddable":true,"href":"https:\/\/bicycool.pl\/index.php?rest_route=%2Fwp%2Fv2%2Fproduct_tag&post=939"}],"curies":[{"name":"wp","href":"https:\/\/api.w.org\/{rel}","templated":true}]}}