{"id":960,"date":"2023-12-01T16:43:40","date_gmt":"2023-12-01T15:43:40","guid":{"rendered":"https:\/\/bicycool.pl\/?post_type=product&#038;p=960"},"modified":"2023-12-01T16:46:54","modified_gmt":"2023-12-01T15:46:54","slug":"sztyca-carbon-296mm-390mm","status":"publish","type":"product","link":"https:\/\/bicycool.pl\/?product=sztyca-carbon-296mm-390mm","title":{"rendered":"Sztyca Carbon 29,6mm 390mm"},"content":{"rendered":"<h3>Sztyca Karbonowa<\/h3>\n<p>&nbsp;<\/p>\n<ul>\n<li><strong>Materia\u0142<\/strong> &#8211; Karbon \/ Aluminiowe jarzemko<\/li>\n<li><strong>Rozmiar<\/strong> &#8211; 29,6mm<\/li>\n<li><strong>D\u0142ugo\u015b\u0107<\/strong> &#8211; 390mm<\/li>\n<li><strong>Bez offsetu<\/strong><\/li>\n<li><strong>Kolor<\/strong> &#8211; Carbon \/ aluminiowe jarzemko<\/li>\n<\/ul>\n","protected":false},"excerpt":{"rendered":"<p>Sztyca Karbonowa &nbsp; Materia\u0142 &#8211; Karbon \/ Aluminiowe jarzemko Rozmiar &#8211; 29,6mm D\u0142ugo\u015b\u0107 &#8211; 390mm Bez offsetu Kolor &#8211; Carbon \/ aluminiowe jarzemko<\/p>\n","protected":false},"featured_media":961,"comment_status":"open","ping_status":"closed","template":"","meta":[],"product_brand":[],"product_cat":[28],"product_tag":[],"class_list":{"0":"post-960","1":"product","2":"type-product","3":"status-publish","4":"has-post-thumbnail","6":"product_cat-czesci-i-akcesoria-uzywane","7":"product_shipping_class-mala-paczka","9":"first","10":"instock","11":"shipping-taxable","12":"purchasable","13":"product-type-simple"},"_links":{"self":[{"href":"https:\/\/bicycool.pl\/index.php?rest_route=\/wp\/v2\/product\/960","targetHints":{"allow":["GET"]}}],"collection":[{"href":"https:\/\/bicycool.pl\/index.php?rest_route=\/wp\/v2\/product"}],"about":[{"href":"https:\/\/bicycool.pl\/index.php?rest_route=\/wp\/v2\/types\/product"}],"replies":[{"embeddable":true,"href":"https:\/\/bicycool.pl\/index.php?rest_route=%2Fwp%2Fv2%2Fcomments&post=960"}],"wp:featuredmedia":[{"embeddable":true,"href":"https:\/\/bicycool.pl\/index.php?rest_route=\/wp\/v2\/media\/961"}],"wp:attachment":[{"href":"https:\/\/bicycool.pl\/index.php?rest_route=%2Fwp%2Fv2%2Fmedia&parent=960"}],"wp:term":[{"taxonomy":"product_brand","embeddable":true,"href":"https:\/\/bicycool.pl\/index.php?rest_route=%2Fwp%2Fv2%2Fproduct_brand&post=960"},{"taxonomy":"product_cat","embeddable":true,"href":"https:\/\/bicycool.pl\/index.php?rest_route=%2Fwp%2Fv2%2Fproduct_cat&post=960"},{"taxonomy":"product_tag","embeddable":true,"href":"https:\/\/bicycool.pl\/index.php?rest_route=%2Fwp%2Fv2%2Fproduct_tag&post=960"}],"curies":[{"name":"wp","href":"https:\/\/api.w.org\/{rel}","templated":true}]}}