{"id":983,"date":"2023-12-04T12:29:14","date_gmt":"2023-12-04T11:29:14","guid":{"rendered":"https:\/\/bicycool.pl\/?post_type=product&#038;p=983"},"modified":"2023-12-04T12:39:54","modified_gmt":"2023-12-04T11:39:54","slug":"przerzutka-przednia-shimano-lx-fd-m571-3x9s","status":"publish","type":"product","link":"https:\/\/bicycool.pl\/?product=przerzutka-przednia-shimano-lx-fd-m571-3x9s","title":{"rendered":"Przerzutka przednia SHIMANO LX FD-M571 3x9s"},"content":{"rendered":"<h3>Przerzutka przednia Shimano LX FD-M571<\/h3>\n<p>&nbsp;<\/p>\n<ul>\n<li><strong>Mocowanie<\/strong> Obejma &#8211; 34,9cm<\/li>\n<li><strong>Ci\u0105g<\/strong> &#8211; g\u00f3rny<\/li>\n<li><strong>Liczba bieg\u00f3w &#8211; <\/strong>3x9s<\/li>\n<li><strong>U\u017cywana<\/strong><\/li>\n<\/ul>\n","protected":false},"excerpt":{"rendered":"<p>Przerzutka przednia Shimano LX FD-M571 &nbsp; Mocowanie Obejma &#8211; 34,9cm Ci\u0105g &#8211; g\u00f3rny Liczba bieg\u00f3w &#8211; 3x9s U\u017cywana<\/p>\n","protected":false},"featured_media":984,"comment_status":"open","ping_status":"closed","template":"","meta":[],"product_brand":[],"product_cat":[28],"product_tag":[],"class_list":{"0":"post-983","1":"product","2":"type-product","3":"status-publish","4":"has-post-thumbnail","6":"product_cat-czesci-i-akcesoria-uzywane","7":"product_shipping_class-mala-paczka","9":"first","10":"instock","11":"shipping-taxable","12":"purchasable","13":"product-type-simple"},"_links":{"self":[{"href":"https:\/\/bicycool.pl\/index.php?rest_route=\/wp\/v2\/product\/983","targetHints":{"allow":["GET"]}}],"collection":[{"href":"https:\/\/bicycool.pl\/index.php?rest_route=\/wp\/v2\/product"}],"about":[{"href":"https:\/\/bicycool.pl\/index.php?rest_route=\/wp\/v2\/types\/product"}],"replies":[{"embeddable":true,"href":"https:\/\/bicycool.pl\/index.php?rest_route=%2Fwp%2Fv2%2Fcomments&post=983"}],"wp:featuredmedia":[{"embeddable":true,"href":"https:\/\/bicycool.pl\/index.php?rest_route=\/wp\/v2\/media\/984"}],"wp:attachment":[{"href":"https:\/\/bicycool.pl\/index.php?rest_route=%2Fwp%2Fv2%2Fmedia&parent=983"}],"wp:term":[{"taxonomy":"product_brand","embeddable":true,"href":"https:\/\/bicycool.pl\/index.php?rest_route=%2Fwp%2Fv2%2Fproduct_brand&post=983"},{"taxonomy":"product_cat","embeddable":true,"href":"https:\/\/bicycool.pl\/index.php?rest_route=%2Fwp%2Fv2%2Fproduct_cat&post=983"},{"taxonomy":"product_tag","embeddable":true,"href":"https:\/\/bicycool.pl\/index.php?rest_route=%2Fwp%2Fv2%2Fproduct_tag&post=983"}],"curies":[{"name":"wp","href":"https:\/\/api.w.org\/{rel}","templated":true}]}}